-- Table structure for table `wp_wc_admin_notes`
--

CREATE TABLE `wp_wc_admin_notes` (
  `note_id` bigint(20) UNSIGNED NOT NULL,
  `name` varchar(255) COLLATE utf8mb4_unicode_ci NOT NULL,
  `type` varchar(20) COLLATE utf8mb4_unicode_ci NOT NULL,
  `locale` varchar(20) COLLATE utf8mb4_unicode_ci NOT NULL,
  `title` longtext COLLATE utf8mb4_unicode_ci NOT NULL,
  `content` longtext COLLATE utf8mb4_unicode_ci NOT NULL,
  `content_data` longtext COLLATE utf8mb4_unicode_ci,
  `status` varchar(200) COLLATE utf8mb4_unicode_ci NOT NULL,
  `source` varchar(200) COLLATE utf8mb4_unicode_ci NOT NULL,
  `date_created` datetime NOT NULL DEFAULT '0000-00-00 00:00:00',
  `date_reminder` datetime DEFAULT NULL,
  `is_snoozable` tinyint(1) NOT NULL DEFAULT '0',
  `layout` varchar(20) COLLATE utf8mb4_unicode_ci NOT NULL DEFAULT '',
  `image` varchar(200) COLLATE utf8mb4_unicode_ci DEFAULT NULL,
  `is_deleted` tinyint(1) NOT NULL DEFAULT '0',
  `icon` varchar(200) COLLATE utf8mb4_unicode_ci NOT NULL DEFAULT 'info',
  `is_read` tinyint(1) NOT NULL DEFAULT '0'
) ENGINE=MyISAM DEFAULT CHARSET=utf8mb4 COLLATE=utf8mb4_unicode_ci;

--
-- Dumping data for table `wp_wc_admin_notes`
--

INSERT INTO `wp_wc_admin_notes` (`note_id`, `name`, `type`, `locale`, `title`, `content`, `content_data`, `status`, `source`, `date_created`, `date_reminder`, `is_snoozable`, `layout`, `image`, `is_deleted`, `icon`, `is_read`) VALUES
(86, 'wc-admin-coupon-page-moved', 'update', 'en_US', 'Coupon management has moved!', 'Coupons can now be managed from Marketing &gt; Coupons. Click the button below to remove the legacy WooCommerce &gt; Coupons menu item.', '{}', 'unactioned', 'woocommerce-admin', '2022-10-20 00:57:13', NULL, 0, 'plain', '', 0, 'info', 0),
(79, 'wc-admin-orders-milestone', 'info', 'en_US', 'Congratulations on processing 10 orders!', 'You\'ve hit the 10 orders milestone! Look at you go. Browse some WooCommerce success stories for inspiration.', '{}', 'unactioned', 'woocommerce-admin', '2022-09-06 00:26:14', NULL, 0, 'plain', '', 0, 'info', 0),
(4, 'wc-admin-onboarding-email-marketing', 'info', 'en_US', 'Tips, product updates, and inspiration', 'We\'re here for you - get tips, product updates and inspiration straight to your email box', '{}', 'unactioned', 'woocommerce-admin', '2020-10-28 04:21:50', NULL, 0, 'plain', '', 0, 'info', 1),
(6, 'ecomm-need-help-setting-up-your-store', 'info', 'en_US', 'Need help setting up your Store?', 'Schedule a free 30-min <a href=\"https://wordpress.com/support/concierge-support/\">quick start session</a> and get help from our specialists. We’re happy to walk through setup steps, show you around the WordPress.com dashboard, troubleshoot any issues you may have, and help you the find the features you need to accomplish your goals for your site.', '{}', 'pending', 'woocommerce.com', '2020-10-28 04:21:50', NULL, 0, 'plain', '', 0, 'info', 1),
(7, 'woocommerce-services', 'info', 'en_US', 'WooCommerce Shipping & Tax', 'WooCommerce Shipping &amp; Tax helps get your store \"ready to sell\" as quickly as possible. You create your products. We take care of tax calculation, payment processing, and shipping label printing! Learn more about the extension that you just installed.', '{}', 'pending', 'woocommerce.com', '2020-10-28 04:21:50', NULL, 0, 'plain', '', 0, 'info', 1),
(8, 'ecomm-unique-shopping-experience', 'info', 'en_US', 'For a shopping experience as unique as your customers', 'Product Add-Ons allow your customers to personalize products while they\'re shopping on your online store. No more follow-up email requests—customers get what they want, before they\'re done checking out. Learn more about this extension that comes included in your plan.', '{}', 'pending', 'woocommerce.com', '2020-10-28 04:21:50', NULL, 0, 'plain', '', 0, 'info', 1),
(9, 'wc-update-db-reminder', 'update', 'en_US', 'WooCommerce database update required', 'WooCommerce has been updated! To keep things running smoothly, we have to update your database to the newest version. The database update process runs in the background and may take a little while, so please be patient. Advanced users can alternatively update via <a href=\"https://github.com/woocommerce/woocommerce/wiki/Upgrading-the-database-using-WP-CLI\">WP CLI</a>.', '{}', 'unactioned', 'woocommerce-core', '2020-10-28 04:25:04', NULL, 0, 'plain', '', 0, 'info', 1),
(10, 'wc-admin-mobile-app', 'info', 'en_US', 'Install Woo mobile app', 'Install the WooCommerce mobile app to manage orders, receive sales notifications, and view key metrics — wherever you are.', '{}', 'unactioned', 'woocommerce-admin', '2020-10-30 04:22:02', NULL, 0, 'plain', '', 0, 'info', 1),
(11, 'wc-admin-woocommerce-payments', 'marketing', 'en_US', 'Try the new way to get paid', 'Securely accept credit and debit cards on your site. Manage transactions without leaving your WordPress dashboard. Only with <strong>WooPayments</strong>.<br><br>By clicking \"Get started\", you agree to our <a href=\"https://wordpress.com/tos/\" target=\"_blank\">Terms of Service</a>', '{}', 'actioned', 'woocommerce-admin', '2020-11-04 04:25:59', NULL, 0, 'plain', '', 0, 'info', 1),
(12, 'wc-admin-store-notice-giving-feedback-2', 'info', 'en_US', 'Give feedback', 'Now that you’ve chosen us as a partner, our goal is to make sure we\'re providing the right tools to meet your needs. We\'re looking forward to having your feedback on the store setup experience so we can improve it in the future.', '{}', 'unactioned', 'woocommerce-admin', '2020-11-05 04:31:36', NULL, 0, 'plain', '', 0, 'info', 1),
(15, 'wcpay-promo-2020-11', 'marketing', 'en_US', 'wcpay-promo-2020-11', 'wcpay-promo-2020-11', '{}', 'pending', 'woocommerce.com', '2020-11-20 04:23:29', NULL, 0, 'plain', '', 0, 'info', 1),
(16, 'wcpay-subscriptions-2020-11', 'marketing', 'en_US', 'Manage subscriber payments from your store\'s dashboard', 'Securely accept cards and manage transactions right from your dashboard with <a href=\"https://woocommerce.com/payments/?utm_medium=notification&amp;utm_source=product&amp;utm_campaign=wcpay_ctrl20\" target=\"_blank\">WooCommerce Payments</a>  – now supporting <a href=\"https://woocommerce.com/products/woocommerce-subscriptions/?utm_medium=notification&amp;utm_source=product&amp;utm_campaign=wcpay_ctrl20\" target=\"_blank\">WooCommerce Subscriptions</a>! <br /><br /><em>By clicking \"Install now,\" you agree to our <a href=\"https://wordpress.com/tos/?utm_medium=notification&amp;utm_source=product&amp;utm_campaign=wcpay_ctrl20\" target=\"_blank\">Terms of Service</a>.</em>', '{}', 'pending', 'woocommerce.com', '2020-11-20 04:23:29', NULL, 0, 'plain', '', 0, 'info', 1),
(17, 'wcpay-promo-2020-12', 'marketing', 'en_US', 'wcpay-promo-2020-12', 'wcpay-promo-2020-12', '{}', 'pending', 'woocommerce.com', '2020-12-10 04:22:30', NULL, 0, 'plain', '', 0, 'info', 1),
(18, 'wcpay-subscriptions-2020-12', 'marketing', 'en_US', 'Manage payments from your store\'s dashboard', 'Securely accept cards and manage transactions right from your dashboard with <a href=\"https://woocommerce.com/payments/?utm_medium=notification&amp;utm_source=product&amp;utm_campaign=wcpay_ctrl20\" target=\"_blank\">WooCommerce Payments</a>! Zero setup fees or monthly fees. Just pay-as-you-go, starting at just 2.9% + $0.30 per transaction for U.S.-issued cards. <br /><br /><em>By clicking \"Install now,\" you agree to our <a href=\"https://wordpress.com/tos/?utm_medium=notification&amp;utm_source=product&amp;utm_campaign=wcpay_ctrl20\" target=\"_blank\">Terms of Service</a>.</em>', '{}', 'pending', 'woocommerce.com', '2020-12-10 04:22:30', NULL, 0, 'plain', '', 0, 'info', 1),
(19, 'wc-admin-new-sales-record', 'info', 'en_US', 'New sales record!', 'Woohoo, December 10th was your record day for sales! Net sales was $72.42 beating the previous record of $55.47 set on November 24th.', '{\"old_record_date\":\"2020-11-24\",\"old_record_amt\":55.469999999999998863131622783839702606201171875,\"new_record_date\":\"2020-12-10\",\"new_record_amt\":72.4200000000000017053025658242404460906982421875}', 'actioned', 'woocommerce-admin', '2020-12-11 04:43:48', NULL, 0, 'plain', '', 0, 'info', 1),
(175, 'wc_com_in_person_payments_card_sale_US_inbox_note_q4_23', 'marketing', 'en_US', 'Save 35% on a WooPayments card reader', 'Have you been thinking about selling your products or services in person? Now’s the perfect time to do so, as we’re discounting our M2 card readers by 35%! Securely process payments wherever your business takes you, with full store and inventory sync. Don’t miss out — this offer ends October 29, 2023.', '{}', 'pending', 'woocommerce.com', '2023-10-13 04:25:29', NULL, 0, 'plain', '', 0, 'info', 0),
(21, 'wc-payments-notes-set-up-refund-policy', 'info', 'en_US', 'Set up refund policy', 'Protect your merchant account from fraudulent disputes by defining the policy and making it accessible to customers.', '{}', 'unactioned', 'woocommerce-payments', '2020-12-14 01:15:51', NULL, 0, 'plain', '', 0, 'info', 1),
(22, 'your-first-product', 'info', 'en_US', 'Your first product', 'That’s huge! You’re well on your way to building a successful online store — now it’s time to think about how you’ll fulfill your orders.<br /><br />Read our shipping guide to learn best practices and options for putting together your shipping strategy. And for WooCommerce stores in the United States, you can print discounted shipping labels via USPS with <a href=\"https://href.li/?https://woo.com/shipping\" target=\"_blank\">WooCommerce Shipping</a>.', '{}', 'pending', 'woocommerce.com', '2021-01-21 05:39:59', NULL, 0, 'plain', '', 0, 'info', 0),
(23, 'wc-admin-real-time-order-alerts', 'info', 'en_US', 'Get real-time order alerts anywhere', 'Get notifications about store activity, including new orders and product reviews directly on your mobile devices with the Woo app.', '{}', 'unactioned', 'woocommerce-admin', '2021-01-26 04:45:10', NULL, 0, 'plain', '', 0, 'info', 0),
(24, 'wc-admin-getting-started-in-ecommerce', 'info', 'en_US', 'Getting Started in eCommerce - webinar', 'We want to make eCommerce and this process of getting started as easy as possible for you. Watch this webinar to get tips on how to have our store up and running in a breeze.', '{}', 'pending', 'woocommerce.com', '2021-01-27 04:27:47', NULL, 0, 'plain', '', 0, 'info', 0),
(25, 'new_in_app_marketplace_2021', 'info', 'en_US', 'Customize your store with extensions', 'Check out our NEW Extensions tab to see our favorite extensions for customizing your store, and discover the most popular extensions in the WooCommerce Marketplace.', '{}', 'unactioned', 'woocommerce.com', '2022-03-29 08:40:51', NULL, 0, 'plain', '', 0, 'info', 0),
(26, 'wayflyer_bnpl_q4_2021', 'marketing', 'en_US', 'Grow your business with funding through Wayflyer', 'Fast, flexible financing to boost cash flow and help your business grow – one fee, no interest rates, penalties, equity, or personal guarantees. Based on your store’s performance, Wayflyer provides funding and analytical insights to invest in your business.', '{}', 'pending', 'woocommerce.com', '2022-03-29 08:40:51', NULL, 0, 'plain', '', 0, 'info', 0),
(27, 'wc_shipping_mobile_app_usps_q4_2021', 'marketing', 'en_US', 'Print and manage your shipping labels with WooCommerce Shipping and the WooCommerce Mobile App', 'Save time by printing, purchasing, refunding, and tracking shipping labels generated by <a href=\"https://woo.com/woocommerce-shipping/\">WooCommerce Shipping</a> – all directly from your mobile device!', '{}', 'pending', 'woocommerce.com', '2022-03-29 08:40:51', NULL, 0, 'plain', '', 0, 'info', 0),
(28, 'wc_shipping_mobile_app_q4_2021', 'marketing', 'en_US', 'Print and manage your shipping labels with the WooCommerce Mobile App', 'Save time by printing, purchasing, refunding, and tracking shipping labels generated by <a href=\"https://woocommerce.com/woocommerce-shipping/\">WooCommerce Shipping</a> – all directly from your mobile device!', '{}', 'pending', 'woocommerce.com', '2022-03-29 08:40:51', NULL, 0, 'plain', '', 0, 'info', 0),
(29, 'wc-admin-optimizing-the-checkout-flow', 'info', 'en_US', 'Optimizing the checkout flow', 'It’s crucial to get your store’s checkout as smooth as possible to avoid losing sales. Let’s take a look at how you can optimize the checkout experience for your shoppers.', '{}', 'unactioned', 'woocommerce.com', '2022-03-29 11:42:44', NULL, 0, 'plain', '', 0, 'info', 0),
(30, 'wc-admin-first-five-things-to-customize', 'info', 'en_US', 'The first 5 things to customize in your store', 'Deciding what to start with first is tricky. To help you properly prioritize, we’ve put together this short list of the first few things you should customize in WooCommerce.', '{}', 'unactioned', 'woocommerce.com', '2022-03-29 11:42:44', NULL, 0, 'plain', '', 0, 'info', 0),
(31, 'wc-payments-qualitative-feedback', 'info', 'en_US', 'WooCommerce Payments setup - let us know what you think', 'Congrats on enabling WooCommerce Payments for your store. Please share your feedback in this 2 minute survey to help us improve the setup process.', '{}', 'unactioned', 'woocommerce.com', '2023-10-05 15:07:47', NULL, 0, 'plain', '', 0, 'info', 1),
(32, 'share-your-feedback-on-paypal', 'info', 'en_US', 'Share your feedback on PayPal', 'Share your feedback in this 2 minute survey about how we can make the process of accepting payments more useful for your store.', '{}', 'pending', 'woocommerce.com', '2022-03-29 08:40:51', NULL, 0, 'plain', '', 0, 'info', 0),
(33, 'google_listings_and_ads_install', 'marketing', 'en_US', 'Drive traffic and sales with Google', 'Reach online shoppers to drive traffic and sales for your store by showcasing products across Google, for free or with ads.', '{}', 'unactioned', 'woocommerce.com', '2022-10-13 04:23:53', NULL, 0, 'plain', '', 0, 'info', 0),
(34, 'wc-subscriptions-security-update-3-0-15', 'info', 'en_US', 'WooCommerce Subscriptions security update!', 'We recently released an important security update to WooCommerce Subscriptions. To ensure your site’s data is protected, please upgrade <strong>WooCommerce Subscriptions to version 3.0.15</strong> or later.<br /><br />Click the button below to view and update to the latest Subscriptions version, or log in to <a href=\"https://woo.com/my-dashboard\">WooCommerce.com Dashboard</a> and navigate to your <strong>Downloads</strong> page.<br /><br />We recommend always using the latest version of WooCommerce Subscriptions, and other software running on your site, to ensure maximum security.<br /><br />If you have any questions we are here to help — just <a href=\"https://woo.com/my-account/create-a-ticket/\">open a ticket</a>.', '{}', 'pending', 'woocommerce.com', '2022-03-29 08:40:51', NULL, 0, 'plain', '', 0, 'info', 0),
(35, 'woocommerce-core-update-5-4-0', 'info', 'en_US', 'Update to WooCommerce 5.4.1 now', 'WooCommerce 5.4.1 addresses a checkout issue discovered in WooCommerce 5.4. We recommend upgrading to WooCommerce 5.4.1 as soon as possible.', '{}', 'pending', 'woocommerce.com', '2022-03-29 08:40:51', NULL, 0, 'plain', '', 0, 'info', 0),
(36, 'ppxo-pps-upgrade-paypal-payments-1', 'info', 'en_US', 'Get the latest PayPal extension for WooCommerce', 'Heads up! There’s a new PayPal on the block!<br /><br />Now is a great time to upgrade to our latest <a href=\"https://woo.com/products/woocommerce-paypal-payments/\" target=\"_blank\">PayPal extension</a> to continue to receive support and updates with PayPal.<br /><br />Get access to a full suite of PayPal payment methods, extensive currency and country coverage, and pay later options with the all-new PayPal extension for WooCommerce.', '{}', 'pending', 'woocommerce.com', '2022-03-29 08:40:51', NULL, 0, 'plain', '', 0, 'info', 0),
(37, 'ppxo-pps-upgrade-paypal-payments-2', 'info', 'en_US', 'Upgrade your PayPal experience!', 'Get access to a full suite of PayPal payment methods, extensive currency and country coverage, offer subscription and recurring payments, and the new PayPal pay later options.<br /><br />Start using our <a href=\"https://woo.com/products/woocommerce-paypal-payments/\" target=\"_blank\">latest PayPal today</a> to continue to receive support and updates.', '{}', 'unactioned', 'woocommerce.com', '2022-03-29 08:40:51', NULL, 0, 'plain', '', 0, 'info', 0),
(38, 'woocommerce-core-sqli-july-2021-need-to-update', 'update', 'en_US', 'Action required: Critical vulnerabilities in WooCommerce', 'In response to a critical vulnerability identified on July 13, 2021, we are working with the WordPress Plugins Team to deploy software updates to stores running WooCommerce (versions 3.3 to 5.5) and the WooCommerce Blocks feature plugin (versions 2.5 to 5.5).<br /><br />Our investigation into this vulnerability is ongoing, but <strong>we wanted to let you know now about the importance of updating immediately</strong>.<br /><br />For more information on which actions you should take, as well as answers to FAQs, please urgently review our blog post detailing this issue.', '{}', 'pending', 'woocommerce.com', '2022-03-29 08:40:51', NULL, 0, 'plain', '', 0, 'info', 0),
(39, 'woocommerce-blocks-sqli-july-2021-need-to-update', 'update', 'en_US', 'Action required: Critical vulnerabilities in WooCommerce Blocks', 'In response to a critical vulnerability identified on July 13, 2021, we are working with the WordPress Plugins Team to deploy software updates to stores running WooCommerce (versions 3.3 to 5.5) and the WooCommerce Blocks feature plugin (versions 2.5 to 5.5).<br /><br />Our investigation into this vulnerability is ongoing, but <strong>we wanted to let you know now about the importance of updating immediately</strong>.<br /><br />For more information on which actions you should take, as well as answers to FAQs, please urgently review our blog post detailing this issue.', '{}', 'pending', 'woocommerce.com', '2022-03-29 08:40:51', NULL, 0, 'plain', '', 0, 'info', 0),
(40, 'woocommerce-core-sqli-july-2021-store-patched', 'update', 'en_US', 'Solved: Critical vulnerabilities patched in WooCommerce', 'In response to a critical vulnerability identified on July 13, 2021, we worked with the WordPress Plugins Team to deploy software updates to stores running WooCommerce (versions 3.3 to 5.5) and the WooCommerce Blocks feature plugin (versions 2.5 to 5.5).<br /><br /><strong>Your store has been updated to the latest secure version(s)</strong>. For more information and answers to FAQs, please review our blog post detailing this issue.', '{}', 'pending', 'woocommerce.com', '2022-03-29 08:40:51', NULL, 0, 'plain', '', 0, 'info', 0),
(41, 'woocommerce-blocks-sqli-july-2021-store-patched', 'update', 'en_US', 'Solved: Critical vulnerabilities patched in WooCommerce Blocks', 'In response to a critical vulnerability identified on July 13, 2021, we worked with the WordPress Plugins Team to deploy software updates to stores running WooCommerce (versions 3.3 to 5.5) and the WooCommerce Blocks feature plugin (versions 2.5 to 5.5).<br /><br /><strong>Your store has been updated to the latest secure version(s)</strong>. For more information and answers to FAQs, please review our blog post detailing this issue.', '{}', 'pending', 'woocommerce.com', '2022-03-29 08:40:51', NULL, 0, 'plain', '', 0, 'info', 0),
(42, 'habit-moment-survey', 'marketing', 'en_US', 'We’re all ears! Share your experience so far with WooCommerce', 'We’d love your input to shape the future of WooCommerce together. Feel free to share any feedback, ideas or suggestions that you have.', '{}', 'pending', 'woocommerce.com', '2022-03-29 08:40:51', NULL, 0, 'plain', '', 0, 'info', 0),
(43, 'ecomm-wc-navigation-survey', 'info', 'en_US', 'We’d like your feedback on the WooCommerce navigation', 'We’re making improvements to the WooCommerce navigation and would love your feedback. Share your experience in this 2 minute survey.', '{}', 'pending', 'woocommerce.com', '2022-03-29 08:40:51', NULL, 0, 'plain', '', 0, 'info', 0),
(44, 'wcpay_applepay_q1_2022', 'marketing', 'en_US', 'Increase conversions with Apple Pay – just like Diane does', 'See how Diane from <a href=\"https://woocommerce.com/posts/lady-dye-yarns-from-crafts-to-activism-with-woocommerce/?utm_source=product&amp;utm_medium=inboxnotification&amp;utm_campaign=apple-pay\" target=\"_blank\">Lady Dye Yarns</a> uses Apple Pay to provide customers with the fast, secure checkout experience they love. You can, too – Apple Pay is included in WooCommerce Payments. Here\'s how you can increase conversions by encouraging shoppers to pay with a single tap.', '{}', 'unactioned', 'woocommerce.com', '2022-03-29 08:40:51', NULL, 0, 'plain', '', 0, 'info', 0),
(45, 'stripe_applepay_q1_2022', 'marketing', 'en_US', 'Increase conversions with Apple Pay – just like Thomas does', 'Read the inspirational story of <a href=\"https://woocommerce.com/posts/incredible-story-of-thomas-trendy-socks-down-syndrome-entrepreneur/?utm_source=product&amp;utm_medium=inboxnotification&amp;utm_campaign=apple-pay\" target=\"_blank\">Thomas\'s Trendy Socks</a> and see how he’s using Apple Pay to provide customers with the fast, secure checkout experience they love. You can, too – ready to turn more visitors into buyers? Accept Apple Pay by selecting Enable express checkouts in Settings &gt; Payments &gt; Stripe.', '{}', 'pending', 'woocommerce.com', '2022-03-29 08:40:51', NULL, 0, 'plain', '', 0, 'info', 0),
(46, 'square_applepay_q1_2022', 'marketing', 'en_US', 'Increase conversions with a faster checkout experience', 'By enabling Apple Pay in Square, your customers can complete purchases quickly and securely with a single touch or a glance – no lengthy checkout forms necessary. Accept Apple Pay by enabling Digital Wallets within Settings &gt; Payments &gt; Square.', '{}', 'pending', 'woocommerce.com', '2022-03-29 08:40:51', NULL, 0, 'plain', '', 0, 'info', 0),
(47, 'woocommerce-core-paypal-march-2022-updated', 'update', 'en_US', 'Security auto-update of WooCommerce', '<strong>Your store has been updated to the latest secure version of WooCommerce</strong>. We worked with WordPress to deploy PayPal Standard security updates for stores running WooCommerce (version 3.5 to 6.3). It’s recommended to disable PayPal Standard, and use <a href=\"https://woo.com/products/woocommerce-paypal-payments/\" target=\"_blank\">PayPal Payments</a> to accept PayPal.', '{}', 'pending', 'woocommerce.com', '2022-03-29 08:40:51', NULL, 0, 'plain', '', 0, 'info', 0),
(48, 'woocommerce-core-paypal-march-2022-updated-nopp', 'update', 'en_US', 'Security auto-update of WooCommerce', '<strong>Your store has been updated to the latest secure version of WooCommerce</strong>. We worked with WordPress to deploy security updates related to PayPal Standard payment gateway for stores running WooCommerce (version 3.5 to 6.3).', '{}', 'pending', 'woocommerce.com', '2022-03-29 08:40:51', NULL, 0, 'plain', '', 0, 'info', 0),
(49, 'pinterest_03_2022_update', 'marketing', 'en_US', 'Your Pinterest for WooCommerce plugin is out of date!', 'Update to the latest version of Pinterest for WooCommerce to continue using this plugin and keep your store connected with Pinterest. To update, visit <strong>Plugins &gt; Installed Plugins</strong>, and click on “update now” under Pinterest for WooCommerce.', '{}', 'pending', 'woocommerce.com', '2022-03-29 08:40:51', NULL, 0, 'plain', '', 0, 'info', 0),
(50, 'wc-refund-returns-page', 'info', 'en_US', 'Setup a Refund and Returns Policy page to boost your store\'s credibility.', 'We have created a sample draft Refund and Returns Policy page for you. Please have a look and update it to fit your store.', '{}', 'unactioned', 'woocommerce-core', '2022-03-29 09:56:44', NULL, 0, 'plain', '', 0, 'info', 0),
(51, 'wc-admin-launch-checklist', 'info', 'en_US', 'Ready to launch your store?', 'To make sure you never get that sinking \"what did I forget\" feeling, we\'ve put together the essential pre-launch checklist.', '{}', 'unactioned', 'woocommerce-admin', '2022-03-30 04:42:14', NULL, 0, 'plain', '', 0, 'info', 0),
(52, 'wc-admin-edit-products-on-the-move', 'info', 'en_US', 'Edit products on the move', 'Edit and create new products from your mobile devices with the Woo app', '{}', 'unactioned', 'woocommerce-admin', '2022-03-30 04:42:14', NULL, 0, 'plain', '', 0, 'info', 0),
(53, 'wc-admin-performance-on-mobile', 'info', 'en_US', 'Track your store performance on mobile', 'Monitor your sales and high performing products with the Woo app.', '{}', 'unactioned', 'woocommerce-admin', '2022-03-30 04:42:14', NULL, 0, 'plain', '', 0, 'info', 0),
(54, 'wc-admin-manage-orders-on-the-go', 'info', 'en_US', 'Manage your orders on the go', 'Look for orders, customer info, and process refunds in one click with the Woo app.', '{}', 'unactioned', 'woocommerce-admin', '2022-03-30 04:42:14', NULL, 0, 'plain', '', 0, 'info', 0),
(174, 'Klarna_10OCT23', 'marketing', 'en_US', 'Klarna is now available', 'This is a test. Klarna is now available.', '{}', 'pending', 'woocommerce.com', '2023-10-11 04:21:49', NULL, 0, 'plain', '', 0, 'info', 0),
(56, 'lead_gen_existing_customers_1', 'marketing', 'en_US', 'Talk to a consultant', 'As your business grows, you want to optimize costs, streamline operations, and sell more. We can help. Talk to us about how you can get the most out of WooCommerce.', '{}', 'unactioned', 'woocommerce.com', '2022-03-30 04:42:14', NULL, 0, 'plain', '', 0, 'info', 0),
(57, 'wc-payments-notes-additional-payment-methods', 'info', 'en_US', 'Boost your sales by accepting new payment methods', 'Get early access to additional payment methods and an improved checkout experience, coming soon to WooCommerce Payments. <a href=\"https://woocommerce.com/document/payments/additional-payment-methods/\" target=\"wcpay_upe_learn_more\">Learn more</a>', '{}', 'unactioned', 'woocommerce-payments', '2022-04-10 23:00:39', NULL, 0, 'plain', '', 0, 'info', 0),
(58, 'wc-payments-notes-multi-currency-available', 'info', 'en_US', 'Sell worldwide in multiple currencies', 'Boost your international sales by allowing your customers to shop and pay in their local currency.', '{}', 'unactioned', 'woocommerce-payments', '2022-04-10 23:00:39', NULL, 0, 'plain', '', 0, 'info', 0),
(59, 'pinterest_gtm_q2_2021', 'marketing', 'en_US', 'Get your products in front of a large, engaged audience', 'Did you know that shoppers on Pinterest spend twice as much as people on other social platforms? With the new, official Pinterest for WooCommerce, you can turn your product catalog into shoppable Pins and showcase them to 400+ million monthly users looking to buy.', '{}', 'unactioned', 'woocommerce.com', '2022-04-24 05:17:40', NULL, 0, 'plain', '', 0, 'info', 1),
(60, 'setup_task_initiative_survey_q2_2022', 'survey', 'en_US', 'We want to know what matters most to you', 'Take 2 minutes to give us your input on what is important for you while setting up your store and help shape the future of WooCommerce together.', '{}', 'pending', 'woocommerce.com', '2022-04-27 04:25:00', NULL, 0, 'plain', '', 0, 'info', 0),
(61, 'woocommerce_payments_subscriptions_nopayments_q2_2022', 'marketing', 'en_US', 'Sell subscriptions online – without a paid extension', 'Say hello to WooCommerce Payments – now with built-in subscriptions functionality. Get free access to the features you need to start earning recurring revenue online. Pay as you go, with no setup costs or monthly fees.', '{}', 'pending', 'woocommerce.com', '2022-04-27 04:25:00', NULL, 0, 'plain', '', 0, 'info', 0),
(62, 'woocommerce_payments_subscriptions_yespayments_q2_2022', 'marketing', 'en_US', 'Sell subscriptions online – no extra extension required', 'It\'s here! WooCommerce Payments now features built-in subscriptions functionality. No need to install an extra, paid extension – we\'ve made it simpler than ever to start earning recurring revenue. Ready to grow your business?', '{}', 'unactioned', 'woocommerce.com', '2022-04-27 04:25:00', NULL, 0, 'plain', '', 0, 'info', 0),
(63, 'setup_task_second_survey_q2_2022', 'survey', 'en_US', 'We want to know what matters most to you', 'Take 2 minutes to give us your input on what is important for you while setting up your store and help shape the future of WooCommerce together.', '{}', 'pending', 'woocommerce.com', '2022-05-10 04:24:41', NULL, 0, 'plain', '', 0, 'info', 0),
(64, 'store_setup_survey_survey_q2_2022', 'survey', 'en_US', 'How is your store setup going?', 'Our goal is to make sure you have all the right tools to start setting up your store in the smoothest way possible.\r\nWe’d love to know if we hit our mark and how we can improve. To collect your thoughts, we made a 2-minute survey.', '{}', 'pending', 'woocommerce.com', '2022-05-10 04:24:41', NULL, 0, 'plain', '', 0, 'info', 0),
(65, 'affirm_q2_2022', 'marketing', 'en_US', 'Boost your business with flexible payments', 'Expand your customer base with smarter payment options for more shoppers. With Affirm,  you can offer the most relevant payment options at every price point – from four interest-free payments every two weeks to longer installments up to 36 months. Fast-track your revenue goals today!', '{}', 'unactioned', 'woocommerce.com', '2022-05-15 04:26:16', NULL, 0, 'plain', '', 0, 'info', 0),
(66, 'wc-admin-EU-consumer-protection', 'marketing', 'en_US', 'Important changes to EU consumer protection laws', 'New regulations to help modernize and strengthen consumer protection laws in the European Union (EU) take effect on May 28, 2022. These rules impact all merchants selling to the EU, regardless of where their business is located. Further detailed information is available on the European Commission\'s official website.', '{}', 'unactioned', 'woocommerce.com', '2022-05-15 04:26:16', NULL, 0, 'plain', '', 0, 'info', 0),
(67, 'googlelistings_multicountrygtm_q22022', 'marketing', 'en_US', 'Expand your audience with Multi-Country Advertising', 'It\'s time to expand your audience with Multi-Country Advertising, an exciting new feature in Google Listings &amp; Ads. Reach more potential customers in as many regions as you like within a single campaign, all from the convenience of your WooCommerce dashboard.', '{}', 'unactioned', 'woocommerce.com', '2022-05-16 04:26:30', NULL, 0, 'plain', '', 0, 'info', 0),
(68, 'wc_ipp_order_creation_GTM_launch_q2_2022', 'marketing', 'en_US', 'Grow your business on the go with WooCommerce In-Person Payments', 'Quickly create new orders, manage transactions, and take secure payments no matter where your business takes you. With automatic inventory sync, WooCommerce In-Person Payments is the only fully integrated solution for taking your WooCommerce store offline.', '{}', 'unactioned', 'woocommerce.com', '2022-05-26 04:27:41', NULL, 0, 'plain', '', 0, 'info', 0),
(69, 'wc-admin-wisepad3', 'marketing', 'en_US', 'Take your business on the go in Canada with WooCommerce In-Person Payments', 'Quickly create new orders, accept payment in person for orders placed online, and automatically sync your inventory – no matter where your business takes you. With WooCommerce In-Person Payments and the WisePad 3 card reader, you can bring the power of your store anywhere.', '{}', 'pending', 'woocommerce.com', '2022-06-16 04:25:36', NULL, 0, 'plain', '', 0, 'info', 0),
(70, 'TikTok q2_2022', 'marketing', 'en_US', 'Give your store a stage on the world’s fastest-growing advertising channel', 'With TikTok for WooCommerce, you can sync your catalog, create videos, and track performance in front of TikTok’s one billion global users. Try the Smart Video Generator to make ads using your existing product images – no camera needed. Get $200 in ad credit from TikTok after a $20 spend (terms &amp; conditions apply).', '{}', 'unactioned', 'woocommerce.com', '2022-06-22 04:26:54', NULL, 0, 'plain', '', 0, 'info', 0),
(71, 'tiktok-webinar-promo-july2022', 'marketing', 'en_US', 'Free webinar: TikTok for WooCommerce', 'Join WooCommerce and TikTok live on July 14 to learn about ad types, trends, and the best ways to connect with an audience of one billion active users on the world’s fastest-growing social platform. Participants have a chance to score a free month of Vimeo Pro, and two winners will get a $5,000 ad credit and more.', '{}', 'pending', 'woocommerce.com', '2022-07-09 04:37:57', NULL, 0, 'plain', '', 0, 'info', 0),
(72, 'klarna_q3_2022', 'marketing', 'en_US', 'Meet Klarna – your ultimate growth partner', 'Increase conversions by offering secure, flexible payment solutions – including buy now, pay later – all through a one-click checkout experience. Plus, you’ll tap into a whole new market of the world’s most engaged shoppers.', '{}', 'unactioned', 'woocommerce.com', '2022-08-08 04:25:15', NULL, 0, 'plain', '', 0, 'info', 0),
(73, 'mercado_pago_q3_2022', 'marketing', 'en_US', 'Get paid with Mercado Pago Checkout', 'Give your customers a checkout they can trust with Latin America\'s leading payment processor. Securely accept debit and credit cards, cash, bank transfers, and installment payments – backed by exclusive fraud prevention tools.', '{}', 'pending', 'woocommerce.com', '2022-08-09 04:26:17', NULL, 0, 'plain', '', 0, 'info', 0),
(74, 'woocommerce-payments-august-2022-need-to-update', 'update', 'en_US', 'Action required: Please update WooCommerce Payments', 'An updated secure version of WooCommerce Payments is available – please ensure that you’re using the latest patch version. For more information on what action you need to take, please review the article below.', '{}', 'pending', 'woocommerce.com', '2022-08-10 04:21:39', NULL, 0, 'plain', '', 0, 'info', 0),
(75, 'woocommerce-payments-august-2022-store-patched', 'update', 'en_US', 'WooCommerce Payments has been automatically updated', 'You’re now running the latest secure version of WooCommerce Payments. We’ve worked with the WordPress Plugins team to deploy a security update to stores running WooCommerce Payments (version 3.9 to 4.5). For further information, please review the article below.', '{}', 'unactioned', 'woocommerce.com', '2022-08-10 04:21:39', NULL, 0, 'plain', '', 0, 'info', 0),
(76, 'mobile_app_order_management_q3_2022', 'marketing', 'en_US', 'Take order management on the go', 'The WooCommerce Mobile App continues to get better with added order management functionality! Add or remove products, edit fees, or change the shipping options in any existing order – all from within the app.', '{}', 'unactioned', 'woocommerce.com', '2022-08-17 04:21:56', NULL, 0, 'plain', '', 0, 'info', 0),
(77, 'product_creation_usability_test_3_months', 'survey', 'en_US', 'Have a say in the future of WooCommerce', 'Take an early look at the future of editing products in WooCommerce. Share your thoughts (~5 minutes) and help shape the experience for yourself and other merchants.', '{}', 'pending', 'woocommerce.com', '2022-08-26 05:36:39', NULL, 0, 'plain', '', 0, 'info', 0),
(78, 'product_creation_usability_test_6_months', 'survey', 'en_US', 'Try the new product edit form prototype', 'Take an early look at the future of editing products in WooCommerce. Share your thoughts (~5 minutes) and help shape the experience for yourself and other merchants.', '{}', 'pending', 'woocommerce.com', '2022-08-30 04:28:46', NULL, 0, 'plain', '', 0, 'info', 0),
(80, 'product_creation_usability_test_12_months', 'survey', 'en_US', 'Try the new product edit form prototype', 'Take an early look at the future of editing products in WooCommerce. Share your thoughts (~5 minutes) and help shape the experience for yourself and other merchants.', '{}', 'pending', 'woocommerce.com', '2022-09-07 04:23:43', NULL, 0, 'plain', '', 0, 'info', 0),
(81, 'custom_deposit_schedules_inbox', 'marketing', 'en_US', 'Customize your deposit schedule', 'Receive your funds according to your own business needs with custom deposit schedules from WooCommerce Payments. You’ll have the flexibility to deposit funds into your bank account daily, weekly, monthly, or even on-demand – you’ve done the work, now get paid on your terms.', '{}', 'unactioned', 'woocommerce.com', '2022-09-15 04:33:23', NULL, 0, 'plain', '', 0, 'info', 0),
(82, 'googlelistings_signals2022_hasGLA', 'marketing', 'en_US', 'Show off your products with Ads on Google', 'You’re ready to grow with ads. Google optimizes for performance across your products; you only pay for results. If you’re new to Google, you can earn up to $500 in ad credits (T&amp;Cs apply). <a href=\"https://woocommerce.com/my-account/create-a-ticket/\">Contact support</a> if you need guidance with Google Listings &amp; Ads.', '{}', 'pending', 'woocommerce.com', '2022-09-23 04:31:56', NULL, 0, 'plain', '', 0, 'info', 0),
(83, 'googlelistings_signals2022_noGLA', 'marketing', 'en_US', 'Show off your products with Ads on Google', 'You’re ready to grow with ads. Google optimizes for performance across your products; you only pay for results. If you’re new to Google, you can earn up to $500 in ad credits (T&amp;Cs apply). <a href=\"https://woocommerce.com/my-account/create-a-ticket/\">Contact support</a> if you need guidance with Google Listings &amp; Ads.', '{}', 'pending', 'woocommerce.com', '2022-09-23 04:31:56', NULL, 0, 'plain', '', 0, 'info', 0),
(84, 'pre-black-friday-sale-2022-announcement', 'marketing', 'en_US', 'Surprise! We’re offering 40% off everything at WooCommerce.com', 'Just in time to get your store Black Friday ready. Sale ends 7 October, 2pm UTC.', '{}', 'unactioned', 'woocommerce.com', '2022-10-04 04:24:55', NULL, 0, 'plain', '', 0, 'info', 0),
(85, 'shipping_category_q4_2022', 'marketing', 'en_US', 'Save time on shipping', 'Is your store all set to ship? Save valuable time (and money!) by automating your fulfillment process for the busiest shopping season. Explore our range of trusted shipping partners to get started.', '{}', 'unactioned', 'woocommerce.com', '2022-10-14 06:20:02', NULL, 0, 'plain', '', 0, 'info', 0),
(87, 'facebook_q4-2022_hasFB', 'marketing', 'en_US', 'Drive more demand this holiday season with Facebook for WooCommerce', 'Deliver a personalized and seamless shopping experience this holiday season with Facebook for WooCommerce. With more ad formats than ever, you can create engaging ads that meet customers across Facebook, Instagram, Messenger, and WhatsApp throughout the busy shopping season.', '{}', 'unactioned', 'woocommerce.com', '2022-10-21 04:54:37', NULL, 0, 'plain', '', 0, 'info', 0),
(88, 'facebook_q4-2022_noFB', 'marketing', 'en_US', 'Meet your customers where they are with Facebook for WooCommerce', 'Don’t wait for your customers to come to you – meet them where they’re browsing! Use the Facebook for WooCommerce extension to promote your products on Facebook, Instagram, Messenger, and WhatsApp. Create seamless shopping experiences – straight from your WooCommerce dashboard.', '{}', 'pending', 'woocommerce.com', '2022-10-22 04:22:51', NULL, 0, 'plain', '', 0, 'info', 0),
(89, 'tiktok-targeted-q4-2022', 'marketing', 'en_US', 'Get $200 in ad credit from TikTok after you spend $20 on your first campaign', 'Reach one billion shoppers with TikTok for WooCommerce this holiday season! Sync your product catalog, capture insights, and create ad campaigns right from your dashboard. Connect your store today to unlock this limited time offer! <a href=\"https://ads.tiktok.com/help/article?aid=10011326\">Terms &amp; conditions apply</a>.', '{}', 'pending', 'woocommerce.com', '2022-10-25 04:21:49', NULL, 0, 'plain', '', 0, 'info', 0),
(90, 'paypal_paylater_g3_q4_22', 'marketing', 'en_US', 'Turn browsers into buyers with Pay Later', 'Add PayPal at checkout, plus give customers a buy now, pay later option from the name they trust. With Pay in 4 &amp; Pay Monthly, available in PayPal Payments, you get paid up front while letting customers spread their payments over time. Boost your average order value and convert more sales – at no extra cost to you.', '{}', 'unactioned', 'woocommerce.com', '2022-11-02 07:03:43', NULL, 0, 'plain', '', 0, 'info', 1),
(91, 'paypal_paylater_g2_q4_22', 'marketing', 'en_US', 'Upgrade to PayPal Payments to offer Pay Later at checkout', 'PayPal Pay Later is included in PayPal Payments at no additional cost to you. Customers can spread their payments over time while you get paid up front. \r\nThere’s never been a better time to upgrade your PayPal plugin. Simply download it and connect with a PayPal Business account.', '{}', 'pending', 'woocommerce.com', '2022-11-04 04:22:43', NULL, 0, 'plain', '', 0, 'info', 0),
(92, 'woocommerce_admin_deprecation_q4_2022', 'info', 'en_US', 'WooCommerce Admin is part of WooCommerce!', 'To make sure your store continues to run smoothly, check that WooCommerce is up-to-date – at least version 6.5 – and then disable the WooCommerce Admin plugin.', '{}', 'pending', 'woocommerce.com', '2022-11-05 04:46:03', NULL, 0, 'plain', '', 0, 'info', 0),
(93, 'google_listings_ads_custom_attribute_mapping_q4_2022', 'marketing', 'en_US', 'Our latest improvement to the Google Listings & Ads extension: Attribute Mapping', 'You spoke, we listened. This new feature enables you to easily upload your products, customize your product attributes in one place, and target shoppers with more relevant ads. Extend how far your ad dollars go with each campaign.', '{}', 'pending', 'woocommerce.com', '2022-12-01 04:26:48', NULL, 0, 'plain', '', 0, 'info', 0),
(94, 'wc-admin-manualauthcapture', 'marketing', 'en_US', 'Miss fewer manual payments in WooCommerce Payments', 'Using WooCommerce Payments to manually authorize and capture payments? We’ve introduced a simplified and more efficient process, so you can miss fewer payments and continue to grow your revenue.', '{}', 'unactioned', 'woocommerce.com', '2022-12-01 04:26:48', NULL, 0, 'plain', '', 0, 'info', 0),
(95, 'apple_pay_square_q422', 'marketing', 'en_US', 'Grow your business with Apple Pay', 'Start boosting your online conversions today with Apple Pay – shoppers can safely complete a purchase with a touch or a glance and are more likely to come back. Enable Apple Pay with Square by selecting  Settings &gt; Payments &gt; Square.', '{}', 'pending', 'woocommerce.com', '2022-12-08 04:25:16', NULL, 0, 'plain', '', 0, 'info', 0),
(96, 'apple_pay_wcpay_q422', 'marketing', 'en_US', 'Grow your business with Apple Pay', 'Start boosting your online conversions today with Apple Pay – shoppers can safely complete a purchase with a touch or a glance and are more likely to come back. Confirm Apple Pay is enabled by selecting Payments &gt; Settings and making sure Enable express checkouts is checked.', '{}', 'unactioned', 'woocommerce.com', '2022-12-08 04:25:16', NULL, 0, 'plain', '', 0, 'info', 0),
(97, 'meta-hasFB-dec-q4-2022', 'marketing', 'en_US', 'Power up your Facebook ad strategy', 'Did you know that new privacy policies may be decreasing the effectiveness of your Facebook ads? Get back on track with Meta’s Conversion API. It creates a direct connection between the marketing data from your store and Meta, helping you more accurately track, attribute and improve your Facebook marketing performance.', '{}', 'unactioned', 'woocommerce.com', '2022-12-10 04:21:56', NULL, 0, 'plain', '', 0, 'info', 0),
(98, 'meta-noFB-dec-q4-2022', 'marketing', 'en_US', 'Create highly targeted Facebook ads with Facebook for WooCommerce', 'Sync your product catalog to create Facebook ads and track their performance – all from within your WooCommerce dashboard. With improved tracking signals and speed, plus more accurate tracking with the introduction of Meta’s Conversion API, you’ll have all the tools you need to run effective ad campaigns.', '{}', 'unactioned', 'woocommerce.com', '2022-12-12 04:25:16', NULL, 0, 'plain', '', 0, 'info', 0),
(99, 'needs-update-eway-payment-gateway-rin-2022-12-20', 'update', 'en_US', 'Security vulnerability patched in WooCommerce Eway Gateway', 'In response to a potential vulnerability identified in WooCommerce Eway Gateway versions 3.1.0 to 3.5.0, we’ve worked to deploy security fixes and have released an updated version.\r\nNo external exploits have been detected, but we recommend you update to your latest supported version 3.1.26, 3.2.3, 3.3.1, 3.4.6, or 3.5.1', '{}', 'pending', 'woocommerce.com', '2023-01-05 04:22:24', NULL, 0, 'plain', '', 0, 'info', 0),
(100, 'updated-eway-payment-gateway-rin-2022-12-20', 'update', 'en_US', 'WooCommerce Eway Gateway has been automatically updated', 'Your store is now running the latest secure version of WooCommerce Eway Gateway. We worked with the WordPress Plugins team to deploy a software update to stores running WooCommerce Eway Gateway (versions 3.1.0 to 3.5.0) in response to a security vulnerability that was discovered.', '{}', 'pending', 'woocommerce.com', '2023-01-05 04:22:24', NULL, 0, 'plain', '', 0, 'info', 0),
(101, 'storeediting_feedback_jan_2023', 'marketing', 'en_US', 'Tell us what you need to customize your store!', 'We need your feedback. Please spare a few minutes to share your input on what is most important to you when designing and customizing your storefront to help us build the features you need.', '{}', 'unactioned', 'woocommerce.com', '2023-01-13 05:01:50', NULL, 0, 'plain', '', 0, 'info', 0),
(102, 'ecomm-wc-navigation-survey-2023', 'info', 'en_US', 'Navigating WooCommerce on WordPress.com', 'We are improving the WooCommerce navigation on WordPress.com and would love your help to make it better! Please share your experience with us in this 2-minute survey.', '{}', 'pending', 'woocommerce.com', '2023-01-17 04:34:08', NULL, 0, 'plain', '', 0, 'info', 0),
(103, 'affirm_q1_2023', 'marketing', 'en_US', 'Turn more browsers into buyers with flexible payments', 'When you offer flexible payment options to shoppers, they\'re more likely to convert. It’s why businesses offering Affirm see an average order value lift of 63%. Affirm tailors your store\'s payment options with terms proven to reach new customers, boost conversions, and grow sales.', '{}', 'unactioned', 'woocommerce.com', '2023-03-13 04:33:54', NULL, 0, 'plain', '', 0, 'info', 0),
(104, 'google_listings_ads_pmax_i1_q1_2023_no_gla', 'marketing', 'en_US', 'Create more engaging ads – without the hard work', 'Get in front of millions of shoppers searching for products like yours with Google Listings &amp; Ads. With new customization features, Google automatically tests multiple combinations of text and images to create the most engaging ad to boost your business. Plus, get up to $500 in ad credit – terms and conditions apply.', '{}', 'unactioned', 'woocommerce.com', '2023-03-16 04:42:39', NULL, 0, 'plain', '', 0, 'info', 0),
(105, 'google_listings_ads_pmax_i1_q1_2023_with_gla', 'marketing', 'en_US', 'New customization features to boost your business', 'You can now add custom images, messaging, and URLs to campaigns in Google Listings &amp; Ads. Google then automatically tests multiple combinations to create the most engaging version to help boost your business. Get more sales with dynamic content – edit an existing campaign or create a new ad now.', '{}', 'pending', 'woocommerce.com', '2023-03-16 04:42:39', NULL, 0, 'plain', '', 0, 'info', 0),
(106, 'woocommerce-wcpay-march-2023-update-needed', 'update', 'en_US', 'Action required: Security update for WooCommerce Payments', '<strong>Your store requires a security update for WooCommerce Payments</strong>. Please update to the latest version of WooCommerce Payments immediately to address a potential vulnerability discovered on March 22. For more information on how to update, visit this WooCommerce Developer Blog Post.', '{}', 'pending', 'woocommerce.com', '2023-03-24 04:33:48', NULL, 0, 'plain', '', 0, 'info', 0),
(107, 'tap_to_pay_iphone_q2_2023_no_wcpay', 'marketing', 'en_US', 'Accept in-person contactless payments on your iPhone', 'Tap to Pay on iPhone and WooCommerce Payments is quick, secure, and simple to set up — no extra terminals or card readers are needed. Accept contactless debit and credit cards, Apple Pay, and other NFC digital wallets in person.', '{}', 'pending', 'woocommerce.com', '2023-04-04 04:28:37', NULL, 0, 'plain', '', 0, 'info', 0),
(108, 'tap_to_pay_iphone_q2_2023_with_wcpay', 'marketing', 'en_US', 'New: accept in-person contactless payments on your iPhone', 'Tap to Pay on iPhone is quick, secure, and simple to set up in WooCommerce Payments — no extra terminals or card readers are needed. Accept contactless debit and credit cards, Apple Pay, and other NFC digital wallets in person in a few short steps!', '{}', 'unactioned', 'woocommerce.com', '2023-04-04 04:28:37', NULL, 0, 'plain', '', 0, 'info', 0),
(109, 'woocommerce-WCPreOrders-april-2023-update-needed', 'update', 'en_US', 'Action required: Security update of WooCommerce Pre-Orders extension', '<strong>Your store requires a security update for the WooCommerce Pre-Orders extension</strong>. Please update the WooCommerce Pre-Orders extension immediately to address a potential vulnerability discovered on April 11.', '{}', 'pending', 'woocommerce.com', '2023-04-15 05:48:44', NULL, 0, 'plain', '', 0, 'info', 0),
(110, 'wc-admin-wcpay-denmark-Q2-2023', 'marketing', 'en_US', 'WooCommerce Payments is now available in Denmark!', 'We’ve recently released WooCommerce Payments in Denmark. You can view and manage transactions right in your WordPress dashboard while securely accepting major cards, Apple Pay, and payments in over 100 currencies.', '{}', 'pending', 'woocommerce.com', '2023-04-15 05:48:44', NULL, 0, 'plain', '', 0, 'info', 0),
(111, 'wc-admin-wcpay-greece-Q2-2023', 'marketing', 'en_US', 'WooCommerce Payments is now available in Greece!', 'We’ve recently released WooCommerce Payments in Greece. You can view and manage transactions right in your WordPress dashboard while securely accepting major cards, Apple Pay, and payments in over 100 currencies.', '{}', 'pending', 'woocommerce.com', '2023-04-15 05:48:44', NULL, 0, 'plain', '', 0, 'info', 0),
(112, 'wc-admin-wcpay-norway-Q2-2023', 'marketing', 'en_US', 'WooCommerce Payments is now available in Norway!', 'We’ve recently released WooCommerce Payments in Norway. You can view and manage transactions right in your WordPress dashboard while securely accepting major cards, Apple Pay, and payments in over 100 currencies.', '{}', 'pending', 'woocommerce.com', '2023-04-15 05:48:44', NULL, 0, 'plain', '', 0, 'info', 0),
(113, 'wc-admin-wcpay-slovakia-Q2-2023', 'marketing', 'en_US', 'WooCommerce Payments is now available in Slovakia!', 'We’ve recently released WooCommerce Payments in Slovakia. You can view and manage transactions right in your WordPress dashboard while securely accepting major cards, Apple Pay, and payments in over 100 currencies.', '{}', 'pending', 'woocommerce.com', '2023-04-15 05:48:44', NULL, 0, 'plain', '', 0, 'info', 0),
(114, 'wc-admin-wcpay-finland-Q2-2023', 'marketing', 'en_US', 'WooCommerce Payments is now available in Finland!', 'We’ve recently released WooCommerce Payments in Finland. You can view and manage transactions right in your WordPress dashboard while securely accepting major cards, Apple Pay, and payments in over 100 currencies.', '{}', 'pending', 'woocommerce.com', '2023-04-15 05:48:44', NULL, 0, 'plain', '', 0, 'info', 0);
INSERT INTO `wp_wc_admin_notes` (`note_id`, `name`, `type`, `locale`, `title`, `content`, `content_data`, `status`, `source`, `date_created`, `date_reminder`, `is_snoozable`, `layout`, `image`, `is_deleted`, `icon`, `is_read`) VALUES
(115, 'wc-admin-wcpay-estonia-Q2-2023', 'marketing', 'en_US', 'WooCommerce Payments is now available in Estonia!', 'We’ve recently released WooCommerce Payments in Estonia. You can view and manage transactions right in your WordPress dashboard while securely accepting major cards, Apple Pay, and payments in over 100 currencies.', '{}', 'pending', 'woocommerce.com', '2023-04-15 05:48:44', NULL, 0, 'plain', '', 0, 'info', 0),
(116, 'wc-admin-wcpay-lithuania-Q2-2023', 'marketing', 'en_US', 'WooCommerce Payments is now available in Lithuania!', 'We’ve recently released WooCommerce Payments in Lithuania. You can view and manage transactions right in your WordPress dashboard while securely accepting major cards, Apple Pay, and payments in over 100 currencies.', '{}', 'pending', 'woocommerce.com', '2023-04-15 05:48:44', NULL, 0, 'plain', '', 0, 'info', 0),
(117, 'wc-admin-wcpay-slovenia-Q2-2023', 'marketing', 'en_US', 'WooCommerce Payments is now available in Slovenia!', 'We’ve recently released WooCommerce Payments in Slovenia. You can view and manage transactions right in your WordPress dashboard while securely accepting major cards, Apple Pay, and payments in over 100 currencies.', '{}', 'pending', 'woocommerce.com', '2023-04-15 05:48:44', NULL, 0, 'plain', '', 0, 'info', 0),
(118, 'wc-admin-wcpay-latvia-Q2-2023', 'marketing', 'en_US', 'WooCommerce Payments is now available in Latvia!', 'We’ve recently released WooCommerce Payments in Latvia. You can view and manage transactions right in your WordPress dashboard while securely accepting major cards, Apple Pay, and payments in over 100 currencies.', '{}', 'pending', 'woocommerce.com', '2023-04-15 05:48:44', NULL, 0, 'plain', '', 0, 'info', 0),
(119, 'wc-admin-wcpay-cyprus-Q2-2023', 'marketing', 'en_US', 'WooCommerce Payments is now available in Cyprus!', 'We’ve recently released WooCommerce Payments in Cyprus. You can view and manage transactions right in your WordPress dashboard while securely accepting major cards, Apple Pay, and payments in over 100 currencies.', '{}', 'pending', 'woocommerce.com', '2023-04-15 05:48:44', NULL, 0, 'plain', '', 0, 'info', 0),
(120, 'wc-admin-wcpay-malta-Q2-2023', 'marketing', 'en_US', 'WooCommerce Payments is now available in Malta!', 'We’ve recently released WooCommerce Payments in Malta. You can view and manage transactions right in your WordPress dashboard while securely accepting major cards, Apple Pay, and payments in over 100 currencies.', '{}', 'pending', 'woocommerce.com', '2023-04-15 05:48:44', NULL, 0, 'plain', '', 0, 'info', 0),
(121, 'wc-admin-wcpay-luxembourg-Q2-2023', 'marketing', 'en_US', 'WooCommerce Payments is now available in Luxembourg!', 'We’ve recently released WooCommerce Payments in Luxembourg. You can view and manage transactions right in your WordPress dashboard while securely accepting major cards, Apple Pay, and payments in over 100 currencies.', '{}', 'pending', 'woocommerce.com', '2023-04-15 05:48:44', NULL, 0, 'plain', '', 0, 'info', 0),
(122, 'wc_admin_BNPL_WCPay_coming-soon_Q1_2023', 'marketing', 'en_US', 'Buy now, pay later is heading to WooCommerce Payments', 'Great news: full integration with Afterpay and Affirm is on its way to WooCommerce Payments! You’ll soon be able to increase your order values, sell more, and offer customers a payment option they’ll love — with no extra downloads or extensions required.', '{}', 'unactioned', 'woocommerce.com', '2023-04-27 04:39:04', NULL, 0, 'plain', '', 0, 'info', 0),
(123, 'woopay-beta-existingmerchants-noaction-27APR23', 'info', 'en_US', 'WooPay is back!', 'Thanks for previously trying WooPay, the express checkout feature built into WooCommerce Payments. We’re excited to announce that WooPay availability has resumed. No action is required on your part.\r\n<br /><br />\r\nYou can now continue boosting conversions by offering your customers a simple, secure way to pay with a single click.', '{}', 'pending', 'woocommerce.com', '2023-04-28 04:31:11', NULL, 0, 'plain', '', 0, 'info', 0),
(124, 'woopay-beta-existingmerchants-update-27APR23', 'info', 'en_US', 'WooPay is back!', 'Thanks for previously trying WooPay, the express checkout feature built into WooCommerce Payments. We’re excited to announce that WooPay availability has resumed.\r\n<br /><br />\r\n\r\nUpdate to the latest WooCommerce Payments version to continue boosting conversions by offering your customers a simple, secure way to pay with a single click.', '{}', 'pending', 'woocommerce.com', '2023-04-28 04:31:11', NULL, 0, 'plain', '', 0, 'info', 0),
(125, 'woopay-beta-existingmerchants-noaction-27APR23-test2', 'info', 'en_US', 'WooPay is back!', 'Thanks for previously trying WooPay, the express checkout feature built into WooCommerce Payments. We’re excited to announce that WooPay availability has resumed. No action is required on your part.\r\n<br /><br />\r\nYou can now continue boosting conversions by offering your customers a simple, secure way to pay with a single click.', '{}', 'pending', 'woocommerce.com', '2023-04-28 04:31:11', NULL, 0, 'plain', '', 0, 'info', 0),
(126, 'woopay-beta-existingmerchants-update-27APR23-test', 'info', 'en_US', 'WooPay is back!', 'Thanks for previously trying WooPay, the express checkout feature built into WooCommerce Payments. We’re excited to announce that WooPay availability has resumed.\r\n<br /><br />\r\n\r\nUpdate to the latest WooCommerce Payments version to continue boosting conversions by offering your customers a simple, secure way to pay with a single click.', '{}', 'pending', 'woocommerce.com', '2023-04-28 04:31:11', NULL, 0, 'plain', '', 0, 'info', 0),
(127, 'woopay-beta-merchantrecruitment-04MAY23', 'info', 'en_US', 'Increase conversions with WooPay — our fastest checkout yet', 'WooPay, a new express checkout feature built into WooCommerce Payments, is now available —and we’re inviting you to be one of the first to try it. \r\n<br><br>\r\nBoost conversions by offering your customers a simple, secure way to pay with a single click.\r\n<br><br>\r\nGet started in seconds.', '{}', 'pending', 'woocommerce.com', '2023-05-05 04:21:44', NULL, 0, 'plain', '', 0, 'info', 0),
(128, 'woopay-beta-merchantrecruitment-update-04MAY23', 'info', 'en_US', 'Increase conversions with WooPay — our fastest checkout yet', 'WooPay, a new express checkout feature built into WooCommerce Payments, is now available — and you’re invited to try it. \r\n<br /><br />\r\nBoost conversions by offering your customers a simple, secure way to pay with a single click.\r\n<br /><br />\r\nUpdate WooCommerce Payments to get started.', '{}', 'pending', 'woocommerce.com', '2023-05-05 04:21:44', NULL, 0, 'plain', '', 0, 'info', 0),
(129, 'woopay-beta-merchantrecruitment-short-04MAY23', 'info', 'en_US', 'Increase conversions with WooPay — our fastest checkout yet', 'Be one of the first to try WooPay, a new express checkout feature for WooCommerce Payments. \r\n<br><br>\r\nBoost conversions by letting customers pay with a single click.', '{}', 'pending', 'woocommerce.com', '2023-05-05 04:21:44', NULL, 0, 'plain', '', 0, 'info', 0),
(130, 'woopay-beta-merchantrecruitment-short-update-04MAY23', 'info', 'en_US', 'Increase conversions with WooPay — our fastest checkout yet', 'Be one of the first to try WooPay, our new express checkout feature. <br>Boost conversions by letting customers pay with a single click. <br><br>Update to the latest version of WooCommerce Payments to get started.', '{}', 'pending', 'woocommerce.com', '2023-05-05 04:21:44', NULL, 0, 'plain', '', 0, 'info', 0),
(131, 'woopay-beta-merchantrecruitment-short-06MAY23-TESTA', 'info', 'en_US', 'Increase conversions with WooPay — our fastest checkout yet', 'Be one of the first to try WooPay, a new express checkout feature for WooCommerce Payments. \r\n<br><br>\r\nBoost conversions by letting customers pay with a single click.', '{}', 'pending', 'woocommerce.com', '2023-05-07 06:06:32', NULL, 0, 'plain', '', 0, 'info', 0),
(132, 'woopay-beta-merchantrecruitment-short-06MAY23-TESTB', 'info', 'en_US', 'Increase conversions with WooPay — our fastest checkout yet', 'Be one of the first to try WooPay, a new express checkout feature for WooCommerce Payments. \r\n<br><br>\r\nBoost conversions by letting customers pay with a single click.', '{}', 'pending', 'woocommerce.com', '2023-05-07 06:06:32', NULL, 0, 'plain', '', 0, 'info', 0),
(133, 'woopay-beta-merchantrecruitment-short-06MAY23-TESTC', 'info', 'en_US', 'Increase conversions with WooPay — our fastest checkout yet', 'Be one of the first to try WooPay, a new express checkout feature for WooCommerce Payments. \r\n<br><br>\r\nBoost conversions by letting customers pay with a single click.', '{}', 'pending', 'woocommerce.com', '2023-05-07 06:06:32', NULL, 0, 'plain', '', 0, 'info', 0),
(134, 'woopay-beta-merchantrecruitment-short-06MAY23-TESTD', 'info', 'en_US', 'Increase conversions with WooPay — our fastest checkout yet', 'Be one of the first to try WooPay, a new express checkout feature for WooCommerce Payments. \r\n<br><br>\r\nBoost conversions by letting customers pay with a single click.', '{}', 'pending', 'woocommerce.com', '2023-05-07 06:06:32', NULL, 0, 'plain', '', 0, 'info', 0),
(135, 'woopay-beta-merchantrecruitment-short-09MAY23', 'info', 'en_US', 'Increase conversions with WooPay — our fastest checkout yet', 'Be one of the first to try WooPay, a new express checkout feature for WooCommerce Payments. \r\n<br><br>\r\nBoost conversions by letting customers pay with a single click.', '{}', 'unactioned', 'woocommerce.com', '2023-10-05 15:07:47', NULL, 0, 'plain', '', 0, 'info', 1),
(136, 'woopay-beta-merchantrecruitment-short-update-09MAY23', 'info', 'en_US', 'Increase conversions with WooPay — our fastest checkout yet', 'Be one of the first to try WooPay, our new express checkout feature. <br>Boost conversions by letting customers pay with a single click. <br><br>Update to the latest version of WooCommerce Payments to get started.', '{}', 'pending', 'woocommerce.com', '2023-05-10 04:23:44', NULL, 0, 'plain', '', 0, 'info', 0),
(137, 'payoneer_q2_2023', 'marketing', 'en_US', 'Grow with the next generation of payment processing', 'Ready to stand out in the new global economy? Payoneer Checkout gives you the power to securely accept payments worldwide, build a checkout that customers love, and manage your store’s transactions and finances – all from the same place.', '{}', 'pending', 'woocommerce.com', '2023-05-14 04:26:45', NULL, 0, 'plain', '', 0, 'info', 0),
(138, 'ipp_refresh_q2_2023_us_inbox_notification', 'marketing', 'en_US', 'Grow on the go with in-person payments', 'Sell your products or services on the go with the M2 card reader – a quick, synchronized, and secure way to take payments, no matter where you are. Create an order using the WooCommerce mobile app and connect your card reader to accept payments.', '{}', 'unactioned', 'woocommerce.com', '2023-05-18 05:54:17', NULL, 0, 'plain', '', 0, 'info', 0),
(139, 'ipp_refresh_q2_2023_ca_inbox_notification', 'marketing', 'en_US', 'Grow on the go with in-person payments', 'Sell your products or services on the go with the WisePad 3 card reader – a quick, synchronized, and secure way to take payments, no matter where you are. Create an order using the WooCommerce mobile app and connect your card reader to accept payments.', '{}', 'pending', 'woocommerce.com', '2023-05-18 05:54:17', NULL, 0, 'plain', '', 0, 'info', 0),
(140, 'product_management_card_sorting', 'survey', 'en_US', 'How do you create and edit products?', 'Have a say in the future of WooCommerce. Take part in a brief exercise and help us understand what information is important to you while editing products.', '{}', 'unactioned', 'woocommerce.com', '2023-05-19 04:22:30', NULL, 0, 'plain', '', 0, 'info', 0),
(141, 'woocommerce-WCstripe-May-2023-updated-needed', 'update', 'en_US', 'Action required: Security update of WooCommerce Stripe plugin', '<strong>Your store requires a security update for the WooCommerce Stripe plugin</strong>. Please update the WooCommerce Stripe plugin immediately to address a potential vulnerability.', '{}', 'pending', 'woocommerce.com', '2023-06-02 04:23:17', NULL, 0, 'plain', '', 0, 'info', 0),
(142, 'woocommerce-WCReturnsWarranty-June-2023-updated-needed', 'update', 'en_US', 'Action required: Security update of WooCommerce Returns and Warranty Requests extension', '<strong>Your store requires a security update for the Returns and Warranty Requests extension</strong>.  Please update to the latest version of the WooCommerce Returns and Warranty Requests extension immediately to address a potential vulnerability discovered on May 31.', '{}', 'pending', 'woocommerce.com', '2023-06-03 04:37:49', NULL, 0, 'plain', '', 0, 'info', 0),
(143, 'woocommerce-WCPayments-June-2023-updated-needed', 'update', 'en_US', 'Action required: Security update of WooCommerce Payments', '<strong>Your store requires a security update for the WooCommerce Payments plugin</strong>. Please update the WooCommerce Payments plugin immediately to address a potential vulnerability.', '{}', 'unactioned', 'woocommerce.com', '2023-06-07 04:26:36', NULL, 0, 'plain', '', 0, 'info', 1),
(144, 'woocommerce-WCSubscriptions-June-2023-updated-needed', 'marketing', 'en_US', 'Action required: Security update of WooCommerce Subscriptions', '<strong>Your store requires a security update for the WooCommerce Subscriptions plugin</strong>. Please update the WooCommerce Subscriptions plugin immediately to address a potential vulnerability.', '{}', 'pending', 'woocommerce.com', '2023-06-07 04:26:36', NULL, 0, 'plain', '', 0, 'info', 0),
(145, 'woocommerce_hpos_1st_notification_q2_2023', 'marketing', 'en_US', 'High-Performance Order Storage (HPOS) is on its way', 'Our team is targeting August 2023 to roll out a major database upgrade that can unlock faster checkout and order creation for your customers — and lightning-quick order lookup for you. Enablement is optional and you won’t be forced to update, but read on to see why this was our most requested new feature.', '{}', 'unactioned', 'woocommerce.com', '2023-06-07 04:26:36', NULL, 0, 'plain', '', 0, 'info', 0),
(146, 'woocommerce-WCOPC-June-2023-updated-needed', 'update', 'en_US', 'Action required: Security update of WooCommerce One Page Checkout', '<strong>Your shop requires a security update to address a vulnerability in the WooCommerce One Page Checkout extension</strong>. The fix for this vulnerability was released for this extension on June 13th. Please update immediately.', '{}', 'pending', 'woocommerce.com', '2023-06-22 04:40:16', NULL, 0, 'plain', '', 0, 'info', 0),
(147, 'wc-admin-wcpay-bulgaria-Q2-2023', 'marketing', 'en_US', 'WooCommerce Payments is now available in Bulgaria!', 'We’ve recently released WooCommerce Payments in Bulgaria. You can view and manage transactions right in your WordPress dashboard while securely accepting major cards, Apple Pay, and payments in over 100 currencies.', '{}', 'pending', 'woocommerce.com', '2023-06-30 04:25:17', NULL, 0, 'plain', '', 0, 'info', 0),
(148, 'wc-admin-wcpay-czechia-Q2-2023', 'marketing', 'en_US', 'WooCommerce Payments is now available in Czechia!', 'We’ve recently released WooCommerce Payments in Czechia. You can view and manage transactions right in your WordPress dashboard while securely accepting major cards, Apple Pay, and payments in over 100 currencies.', '{}', 'pending', 'woocommerce.com', '2023-06-30 04:25:17', NULL, 0, 'plain', '', 0, 'info', 0),
(149, 'wc-admin-wcpay-croatia-Q2-2023', 'marketing', 'en_US', 'WooCommerce Payments is now available in Croatia!', 'We’ve recently released WooCommerce Payments in Croatia. You can view and manage transactions right in your WordPress dashboard while securely accepting major cards, Apple Pay, and payments in over 100 currencies.', '{}', 'pending', 'woocommerce.com', '2023-06-30 04:25:17', NULL, 0, 'plain', '', 0, 'info', 0),
(150, 'wc-admin-wcpay-hungary-Q2-2023', 'marketing', 'en_US', 'WooCommerce Payments is now available in Hungary!', 'We’ve recently released WooCommerce Payments in Hungary. You can view and manage transactions right in your WordPress dashboard while securely accepting major cards, Apple Pay, and payments in over 100 currencies.', '{}', 'pending', 'woocommerce.com', '2023-06-30 04:25:17', NULL, 0, 'plain', '', 0, 'info', 0),
(151, 'wc-admin-wcpay-romania-Q2-2023', 'marketing', 'en_US', 'WooCommerce Payments is now available in Romania!', 'We’ve recently released WooCommerce Payments in Romania. You can view and manage transactions right in your WordPress dashboard while securely accepting major cards, Apple Pay, and payments in over 100 currencies.', '{}', 'pending', 'woocommerce.com', '2023-06-30 04:25:17', NULL, 0, 'plain', '', 0, 'info', 0),
(152, 'wc-admin-wcpay-sweden-Q2-2023', 'marketing', 'en_US', 'WooCommerce Payments is now available in Sweden!', 'We’ve recently released WooCommerce Payments in Sweden. You can view and manage transactions right in your WordPress dashboard while securely accepting major cards, Apple Pay, and payments in over 100 currencies.', '{}', 'pending', 'woocommerce.com', '2023-06-30 04:25:17', NULL, 0, 'plain', '', 0, 'info', 0),
(153, 'tiktok-spc_june-2023', 'marketing', 'en_US', 'Take the guesswork out of TikTok advertising', 'Save time and create smarter ads using new automated campaign management from TikTok for WooCommerce. Simplify your campaign creation and watch TikTok’s machine learning build, target, and optimize ads that support your advertising goals — and grow your audience.', '{}', 'unactioned', 'woocommerce.com', '2023-06-30 04:25:17', NULL, 0, 'plain', '', 0, 'info', 0),
(154, 'woocommerce-WCGC-July-2023-update-needed', 'update', 'en_US', 'Action required: Security update of WooCommerce GoCardless Extension', '<strong>Your shop requires a security update to address a vulnerability in the WooCommerce GoCardless extension</strong>. The fix for this vulnerability was released on July 4th. Please update immediately.', '{}', 'pending', 'woocommerce.com', '2023-07-05 04:33:57', NULL, 0, 'plain', '', 0, 'info', 0),
(155, 'woocommerce-shipping-fedex-api-outage-2023-07-16', 'warning', 'en_US', 'Scheduled FedEx API outage — July 2023', 'On July 16 there will be a full outage of the FedEx API from 04:00 to 08:00 AM UTC. Due to planned maintenance by FedEx, you\'ll be unable to provide FedEx shipping rates during this time. Follow the link below for more information and recommendations on how to minimize impact.', '{}', 'pending', 'woocommerce.com', '2023-07-06 04:25:06', NULL, 0, 'plain', '', 0, 'info', 0),
(156, 'wcship-2023-07-hazmat-update-needed', 'update', 'en_US', 'Action required: USPS HAZMAT compliance update for WooCommerce Shipping & Tax extension', '<strong>Your store requires an update for the WooCommerce Shipping extension</strong>. Please update to the latest version of the WooCommerce Shipping &amp; Tax extension immediately to ensure compliance with new USPS HAZMAT rules currently in effect.', '{}', 'pending', 'woocommerce.com', '2023-07-12 04:32:05', NULL, 0, 'plain', '', 0, 'info', 0),
(157, 'square_payments_q3_2023', 'marketing', 'en_US', 'Square for WooCommerce', 'Connect your Square account with WooCommerce to accept online and in-person payments (including contactless payments and cross-channel gift cards) quickly and securely. Save time by syncing sales, customers, and items and inventory — and manage everything through one centralized platform.', '{}', 'unactioned', 'woocommerce.com', '2023-07-20 04:27:12', NULL, 0, 'plain', '', 0, 'info', 0),
(158, 'wc-admin-woopayments-rebrand', 'marketing', 'en_US', 'WooCommerce Payments is now WooPayments', 'We’ve changed the name as part of recent updates to the Woo brand. You’ll still enjoy the same seamless payments experience — just look for WooPayments in your WordPress admin.', '{}', 'unactioned', 'woocommerce.com', '2023-07-29 04:38:25', NULL, 0, 'plain', '', 0, 'info', 1),
(159, 'woocommerce-WCStripe-Aug-2023-update-needed', 'update', 'en_US', 'Action required: Security update for WooCommerce Stripe plugin', '<strong>Your shop requires an important security update for the  WooCommerce Stripe plugin</strong>. The fix for this vulnerability was released on July 31. Please update immediately.', '{}', 'pending', 'woocommerce.com', '2023-08-03 04:28:39', NULL, 0, 'plain', '', 0, 'info', 0),
(160, 'woocommerce-WCStripe-Aug-2023-security-updated', 'update', 'en_US', 'Security update of WooCommerce Stripe plugin', '<strong>Your store has been updated to the latest secure version of the WooCommerce Stripe plugin</strong>. This update was released on July 31.', '{}', 'pending', 'woocommerce.com', '2023-08-03 04:28:39', NULL, 0, 'plain', '', 0, 'info', 0),
(161, 'woocommerce-WooPayments-Aug-2023-update-needed', 'update', 'en_US', 'Action required: Security update for WooPayments (WooCommerce Payments) plugin', '<strong>Your shop requires an important security update for the WooPayments (WooCommerce Payments) extension</strong>. The fix for this vulnerability was released on July 31. Please update immediately.', '{}', 'unactioned', 'woocommerce.com', '2023-08-04 04:42:24', NULL, 0, 'plain', '', 0, 'info', 1),
(162, 'woocommerce-WooPayments-Aug-2023-security-updated', 'update', 'en_US', 'Security update of WooPayments (WooCommerce Payments) plugin', '<strong>Your store has been updated to the more secure version of WooPayments (WooCommerce Payments)</strong>. This update was released on July 31.', '{}', 'pending', 'woocommerce.com', '2023-08-03 04:28:39', NULL, 0, 'plain', '', 0, 'info', 0),
(163, 'tiktok-apac-webinar-2023', 'marketing', 'en_US', 'Unlocking TikTok: Live Webinar August 9', 'Join us on August 9 for a free online masterclass with our partners at TikTok, tailored to Woo merchants in the APAC region (11 am AEST). You’ll learn how to connect your store to TikTok, unlock expert advertising tools, and reach its one billion active global users — all from the comfort of your own home.', '{}', 'pending', 'woocommerce.com', '2023-08-05 04:36:02', NULL, 0, 'plain', '', 0, 'info', 0),
(164, 'avalara_q3-2023_noAvaTax', 'marketing', 'en_US', 'Automatically calculate VAT in real time', 'Take the effort out of determining tax rates and sell confidently across borders with automated tax management from Avalara AvaTax— including built-in VAT calculation when you sell into or across the EU and UK. Save time and stay compliant when you let Avalara do the heavy lifting.', '{}', 'pending', 'woocommerce.com', '2023-08-09 05:24:43', NULL, 0, 'plain', '', 0, 'info', 0),
(165, 'avalara_q3-2023_withAvaTax', 'marketing', 'en_US', 'New in AvaTax: Calculate VAT in real time', 'Take the effort out of determining tax rates and sell confidently across borders with automated tax management from Avalara AvaTax— including built-in VAT calculation when you sell into or across the EU and UK. Save time and stay compliant when you let Avalara do the heavy lifting.', '{}', 'pending', 'woocommerce.com', '2023-08-09 05:24:43', NULL, 0, 'plain', '', 0, 'info', 0),
(166, 'google_uxstudy_recruitment_q3-2023', 'marketing', 'en_US', 'Share your feedback in exchange for $150', 'Woo has teamed up with Google to collect feedback on advertising products and services available to you. If selected, you’ll receive an incentive equal to $150 USD for a 60-minute interview that can help improve the products you use to advertise. If interested, please take 2 minutes to complete the screening survey.', '{}', 'pending', 'woocommerce.com', '2023-08-10 04:47:28', NULL, 0, 'plain', '', 0, 'info', 0),
(167, 'woo-activation-survey-blockers-22AUG23', 'info', 'en_US', 'How can we help you get that first sale?', 'Your feedback is vital. Please take a minute to share your experience of setting up your new store and whether anything is preventing you from making those first few sales. Together, we can make Woo even better!', '{}', 'pending', 'woocommerce.com', '2023-08-23 04:38:55', NULL, 0, 'plain', '', 0, 'info', 0),
(168, 'tiktok_shopGTM_q3-2023_hasTikTok', 'marketing', 'en_US', 'You can now sell your products on TikTok Shop', 'TikTok is changing the way shoppers find and connect with brands. With TikTok Shop, you can sync your entire catalog from within Woo and sell directly to TikTok users through in-feed videos, livestreams, and your product showcase tab.', '{}', 'pending', 'woocommerce.com', '2023-09-07 04:32:59', NULL, 0, 'plain', '', 0, 'info', 0),
(169, 'tiktok_shopGTM_q3-2023_noTikTok', 'marketing', 'en_US', 'You can now sell your products on TikTok Shop', 'TikTok is changing the way shoppers find and connect with brands. With TikTok Shop, you can sync your entire catalog from within Woo and sell directly to TikTok users through in-feed videos, livestreams, and your product showcase tab.', '{}', 'pending', 'woocommerce.com', '2023-09-08 04:23:26', NULL, 0, 'plain', '', 0, 'info', 0),
(170, 'klaviyo_q3_2023', 'marketing', 'en_US', 'Build long lasting relationships with Klaviyo for WooCommerce', 'Increase customer engagement and boost conversions with powerful email and SMS automation from Klaviyo. Fully integrated with your Woo store, Klaviyo enables you to send personalized communications to your customers — ensuring that the right message is delivered at the right time for maximum impact.', '{}', 'unactioned', 'woocommerce.com', '2023-09-12 04:42:42', NULL, 0, 'plain', '', 0, 'info', 1),
(171, 'wc_admin_BNPL_WCPay_Q3_2023', 'marketing', 'en_US', 'Afterpay and Affirm have arrived in WooCommerce Payments!', 'Give your customers more power with buy now, pay later from Afterpay and Affirm — now included as part of WooCommerce Payments! With this new integration, you can quickly offer a checkout option that converts sales and boosts average order value, all from within the same payments dashboard you already know.', '{}', 'unactioned', 'woocommerce.com', '2023-09-19 04:57:21', NULL, 0, 'plain', '', 0, 'info', 1),
(172, 'wc_admin_afterpay_WCPay_Q3_2023', 'marketing', 'en_US', 'Afterpay has arrived in WooCommerce Payments!', 'Give your customers more power with buy now, pay later from Afterpay — now included as part of WooCommerce Payments! With this new integration, you can quickly offer a checkout option that converts sales and boosts average order value, all from within the same payments dashboard you already know.', '{}', 'pending', 'woocommerce.com', '2023-09-19 04:57:21', NULL, 0, 'plain', '', 0, 'info', 0),
(173, 'woocommerce-usermeta-Sept2023-productvendors', 'update', 'en_US', 'Your store requires a security update', '<strong>Your shop needs an update to address a vulnerability in WooCommerce.</strong> The fix was released on Sept 15. Please update WooCommerce to the latest version immediately. <a href=\"https://developer.woocommerce.com/2023/09/16/woocommerce-vulnerability-reintroduced-from-7-0-1/\" />Read our developer update</a> for more information.', '{}', 'pending', 'woocommerce.com', '2023-09-20 04:21:42', NULL, 0, 'plain', '', 0, 'info', 0),
(176, 'wc_com_in_person_payments_card_sale_UK_inbox_note_q4_23', 'marketing', 'en_US', 'Save 35% on a WooPayments card reader', 'Have you been thinking about selling your products or services in person? Now’s the perfect time to do so, as we’re discounting our WisePad 3 card readers by 35%! Securely process payments wherever your business takes you, with full store and inventory sync. Don’t miss out — this offer ends 29th October 2023.', '{}', 'pending', 'woocommerce.com', '2023-10-13 04:25:29', NULL, 0, 'plain', '', 0, 'info', 0),
(177, 'wc_com_in_person_payments_card_sale_CA_inbox_note_q4_23', 'marketing', 'en_US', 'Save 35% on a WooPayments card reader', 'Have you been thinking about selling your products or services in person? Now’s the perfect time to do so, as we’re discounting our WisePad 3 card readers by 35%! Securely process payments wherever your business takes you, with full store and inventory sync. Don’t miss out — this offer ends October 29, 2023.', '{}', 'pending', 'woocommerce.com', '2023-10-13 04:25:29', NULL, 0, 'plain', '', 0, 'info', 0),
(178, 'woocommerce-STRIPE-Oct-2023-update-needed', 'update', 'en_US', 'Action required: Security update for WooCommerce Stripe Gateway', '<strong>Your shop requires a security update to address a vulnerability in the WooCommerce Stripe Gateway</strong>. The fix for this vulnerability was released on October 17. Please update immediately.', '{}', 'pending', 'woocommerce.com', '2023-10-18 04:28:19', NULL, 0, 'plain', '', 0, 'info', 0),
(179, 'wc_admin_WooPay_Q4_2023', 'marketing', 'en_US', 'Convert more sales with our fastest checkout yet', 'Enable WooPay and offer the only single-click checkout experience built by Woo, for Woo. Give shoppers the power to pay instantly and securely speed through checkout, even if it\'s their first visit. Add it for free with one tap in your WooPayments dashboard.', '{}', 'pending', 'woocommerce.com', '2023-10-28 04:21:42', NULL, 0, 'plain', '', 0, 'info', 0),
(180, 'wc_admin_WooPay_Oct30_2023', 'marketing', 'en_US', 'Convert more sales with our fastest checkout yet', 'Enable WooPay and offer the only single-click checkout experience built by Woo, for Woo. Give shoppers the power to pay instantly and securely speed through checkout, even if it\'s their first visit. Add it for free with one tap in your WooPayments dashboard.', '{}', 'pending', 'woocommerce.com', '2023-11-03 04:22:34', NULL, 0, 'plain', '', 0, 'info', 0),
(181, 'paypal_paylater_q4_23', 'marketing', 'en_US', 'Boost your sales this holiday season with PayPal', 'Set yourself up for success this holiday season by allowing customers to pay the way they prefer. With the latest version of PayPal Payments, you can accept PayPal, Venmo (US), Pay Later*, credit and debit cards, and popular alternative payment methods in one secure solution.', '{}', 'pending', 'woocommerce.com', '2023-11-07 04:55:22', NULL, 0, 'plain', '', 0, 'info', 0),
(182, 'tap_to_pay_iphone_q4_2023_no_woopayments', 'marketing', 'en_US', 'Accept in-person contactless payments on your iPhone', 'Tap to Pay on iPhone and WooPayments is quick, secure, and simple to set up — no extra terminals or card readers are needed. Accept contactless debit and credit cards, Apple Pay, and other NFC digital wallets in person.', '{}', 'pending', 'woocommerce.com', '2023-12-06 04:21:40', NULL, 0, 'plain', '', 0, 'info', 0),
(183, 'tap_to_pay_iphone_q4_2023_with_woopayments', 'marketing', 'en_US', 'New: accept in-person contactless payments on your iPhone', 'Tap to Pay on iPhone is quick, secure, and simple to set up in WooPayments — no extra terminals or card readers are needed. Accept contactless debit and credit cards, Apple Pay, and other NFC digital wallets in person in a few short steps!', '{}', 'pending', 'woocommerce.com', '2023-12-06 04:21:40', NULL, 0, 'plain', '', 0, 'info', 0),
(184, 'amazon-mcf-reviews-2023-12-07', 'marketing', 'en_US', 'Enjoying Amazon MCF for WooCommerce?', 'We\'re Never Settle, the developers behind Amazon MCF for WooCommerce, and would be deeply honored to have your review. Reviews help immensely as other users can learn how MCF can solve their needs too! Not happy or need help? Please reach out for support and we’d love to make things right!', '{}', 'pending', 'woocommerce.com', '2023-12-07 04:21:39', NULL, 0, 'plain', '', 0, 'info', 0);

-- --------------------------------------------------------

--
-- Table structure for table `wp_wc_admin_note_actions`
--

CREATE TABLE `wp_wc_admin_note_actions` (
  `action_id` bigint(20) UNSIGNED NOT NULL,
  `note_id` bigint(20) UNSIGNED NOT NULL,
  `name` varchar(255) COLLATE utf8mb4_unicode_ci NOT NULL,
  `label` varchar(255) COLLATE utf8mb4_unicode_ci NOT NULL,
  `query` longtext COLLATE utf8mb4_unicode_ci NOT NULL,
  `status` varchar(255) COLLATE utf8mb4_unicode_ci NOT NULL,
  `is_primary` tinyint(1) NOT NULL DEFAULT '0',
  `actioned_text` varchar(255) COLLATE utf8mb4_unicode_ci NOT NULL,
  `nonce_action` varchar(255) COLLATE utf8mb4_unicode_ci DEFAULT NULL,
  `nonce_name` varchar(255) COLLATE utf8mb4_unicode_ci DEFAULT NULL
) ENGINE=MyISAM DEFAULT CHARSET=utf8mb4 COLLATE=utf8mb4_unicode_ci;

--
-- Dumping data for table `wp_wc_admin_note_actions`
--

INSERT INTO `wp_wc_admin_note_actions` (`action_id`, `note_id`, `name`, `label`, `query`, `status`, `is_primary`, `actioned_text`, `nonce_action`, `nonce_name`) VALUES
(14590, 86, 'remove-legacy-coupon-menu', 'Remove legacy coupon menu', 'https://auraartisansoap.com/wp-admin/admin.php?page=wc-admin&action=remove-coupon-menu', 'actioned', 1, '', NULL, NULL),
(14671, 87, 'facebook_q4-2022_hasFB-click', 'Drive more demand', 'http://auraartisansoap.com/wp-admin/admin.php?page=wc-adminadmin.php?page=wc-facebook', 'unactioned', 1, '', NULL, NULL),
(12792, 79, 'browse', 'Browse', 'https://woocommerce.com/success-stories/?utm_source=inbox&utm_medium=product', 'actioned', 0, '', NULL, NULL),
(4, 4, 'yes-please', 'Yes please!', 'https://woocommerce.us8.list-manage.com/subscribe/post?u=2c1434dc56f9506bf3c3ecd21&amp;id=13860df971&amp;SIGNUPPAGE=plugin', 'actioned', 0, '', NULL, NULL),
(232, 10, 'learn-more', 'Learn more', 'https://woocommerce.com/mobile/', 'actioned', 0, '', NULL, NULL),
(43034, 11, 'learn-more', 'Learn more', 'https://woo.com/payments/?utm_medium=product', 'unactioned', 0, '', NULL, NULL),
(43035, 11, 'get-started', 'Get started', 'https://auraartisansoap.com/wp-admin/admin.php?page=wc-admin&action=setup-woocommerce-payments', 'actioned', 0, '', 'setup-woocommerce-payments', ''),
(1413, 12, 'share-feedback', 'Share feedback', 'https://automattic.survey.fm/new-onboarding-survey', 'actioned', 0, '', NULL, NULL),
(38609, 175, 'wc_com_in_person_payments_card_sale_US_inbox_note_q4_23', 'Save 35%', 'https://woocommerce.com/products/m2-card-reader/?utm_source=inbox_note&utm_medium=product&utm_campaign=wc_com_in_person_payments_card_sale_US_inbox_note_q4_23', 'actioned', 0, '', NULL, NULL),
(3088, 19, 'view-report', 'View report', '?page=wc-admin&path=/analytics/revenue&period=custom&compare=previous_year&after=2020-12-10&before=2020-12-10', 'actioned', 0, '', NULL, NULL),
(3130, 21, 'wc-payments-notes-set-up-refund-policy', 'Read more', 'https://docs.woocommerce.com/document/woocommerce-refunds#refund-policy-howto', 'unactioned', 1, '', NULL, NULL),
(3609, 23, 'learn-more', 'Learn more', 'https://woocommerce.com/mobile/?utm_source=inbox', 'actioned', 0, '', NULL, NULL),
(3784, 16, 'install-now', 'Install now', 'admin.php?page=wc-admin&action=setup-woocommerce-payments', 'actioned', 1, '', NULL, NULL),
(3786, 18, 'install-now', 'Install now', 'admin.php?page=wc-admin&action=setup-woocommerce-payments', 'actioned', 1, '', NULL, NULL),
(5980, 50, 'notify-refund-returns-page', 'Edit page', 'https://auraartisansoap.com/wp-admin/post.php?post=1332&action=edit', 'actioned', 0, '', NULL, NULL),
(42189, 9, 'update-db_learn-more', 'Learn more about updates', 'https://docs.woocommerce.com/document/how-to-update-woocommerce/', 'unactioned', 0, '', NULL, NULL),
(43031, 51, 'learn-more', 'Learn more', 'https://woo.com/posts/pre-launch-checklist-the-essentials/?utm_source=inbox&utm_medium=product', 'actioned', 0, '', NULL, NULL),
(43030, 52, 'learn-more', 'Learn more', 'https://woo.com/mobile/?utm_source=inbox&utm_medium=product', 'actioned', 0, '', NULL, NULL),
(43033, 53, 'learn-more', 'Learn more', 'https://woo.com/mobile/?utm_source=inbox&utm_medium=product', 'actioned', 0, '', NULL, NULL),
(43032, 54, 'learn-more', 'Learn more', 'https://woo.com/mobile/?utm_source=inbox&utm_medium=product', 'actioned', 0, '', NULL, NULL),
(43067, 99, 'needs-update-eway-payment-gateway-rin-action-button-2022-12-20', 'See available updates', 'https://auraartisansoap.com/wp-admin/update-core.php', 'unactioned', 0, '', NULL, NULL),
(6488, 44, 'wcpay_applepay_q1_2022', 'Let your customers know about Apple Pay', 'https://developer.apple.com/apple-pay/marketing/', 'actioned', 0, '', NULL, NULL),
(6489, 45, 'stripe_applepay_q1_2022', 'Add Apple Pay', 'https://auraartisansoap.com/wp-admin/admin.php?page=wc-admin&page=wc-settings&tab=checkout&section=stripe', 'actioned', 0, '', NULL, NULL),
(6490, 46, 'square_applepay_q1_2022', 'Add Apple Pay', 'https://auraartisansoap.com/wp-admin/admin.php?page=wc-admin&page=wc-settings&tab=square', 'actioned', 0, '', NULL, NULL),
(28310, 25, 'browse_extensions', 'Browse extensions', 'https://auraartisansoap.com/wp-admin/admin.php?page=wc-adminadmin.php?page=wc-addons', 'unactioned', 1, '', NULL, NULL),
(43036, 26, 'wayflyer_bnpl_q4_2021', 'Level up with funding', 'https://woo.com/products/wayflyer/?utm_source=inbox_note&utm_medium=product&utm_campaign=wayflyer_bnpl_q4_2021', 'actioned', 0, '', NULL, NULL),
(43037, 27, 'wc_shipping_mobile_app_usps_q4_2021', 'Get WooCommerce Shipping', 'https://woo.com/woocommerce-shipping/?utm_source=inbox_note&utm_medium=product&utm_campaign=wc_shipping_mobile_app_usps_q4_2021', 'actioned', 0, '', NULL, NULL),
(14879, 28, 'wc_shipping_mobile_app_q4_2021', 'Get the WooCommerce Mobile App', 'https://woocommerce.com/mobile/?utm_source=inbox_note&utm_medium=product&utm_campaign=wc_shipping_mobile_app_q4_2021', 'actioned', 1, '', NULL, NULL),
(14880, 6, 'set-up-concierge', 'Schedule free session', 'https://wordpress.com/me/concierge', 'actioned', 1, '', NULL, NULL),
(43038, 7, 'learn-more', 'Learn more', 'https://docs.woocommerce.com/document/woocommerce-shipping-and-tax/?utm_source=inbox', 'unactioned', 0, '', NULL, NULL),
(14882, 8, 'learn-more-ecomm-unique-shopping-experience', 'Learn more', 'https://docs.woocommerce.com/document/product-add-ons/?utm_source=inbox', 'actioned', 1, '', NULL, NULL),
(14883, 24, 'watch-the-webinar', 'Watch the webinar', 'https://youtu.be/V_2XtCOyZ7o', 'actioned', 1, '', NULL, NULL),
(43039, 22, 'learn-more', 'Learn more', 'https://woo.com/posts/ecommerce-shipping-solutions-guide/?utm_source=inbox_note&utm_medium=product&utm_campaign=learn-more', 'actioned', 0, '', NULL, NULL),
(43040, 29, 'optimizing-the-checkout-flow', 'Learn more', 'https://woo.com/posts/optimizing-woocommerce-checkout?utm_source=inbox_note&utm_medium=product&utm_campaign=optimizing-the-checkout-flow', 'actioned', 0, '', NULL, NULL),
(14886, 30, 'learn-more', 'Learn more', 'https://woocommerce.com/posts/first-things-customize-woocommerce/?utm_source=inbox_note&utm_medium=product&utm_campaign=learn-more', 'unactioned', 1, '', NULL, NULL),
(43041, 31, 'qualitative-feedback-from-new-users', 'Share feedback', 'https://automattic.survey.fm/wc-pay-new', 'actioned', 0, '', NULL, NULL),
(43042, 32, 'share-feedback', 'Share feedback', 'http://automattic.survey.fm/paypal-feedback', 'unactioned', 0, '', NULL, NULL),
(43043, 33, 'get-started', 'Get started', 'https://woo.com/products/google-listings-and-ads?utm_source=inbox_note&utm_medium=product&utm_campaign=get-started', 'actioned', 0, '', NULL, NULL),
(43044, 34, 'update-wc-subscriptions-3-0-15', 'View latest version', 'https://auraartisansoap.com/wp-admin/&page=wc-addons&section=helper', 'actioned', 0, '', NULL, NULL),
(43045, 35, 'update-wc-core-5-4-0', 'How to update WooCommerce', 'https://docs.woocommerce.com/document/how-to-update-woocommerce/', 'actioned', 0, '', NULL, NULL),
(43046, 36, 'ppxo-pps-install-paypal-payments-1', 'View upgrade guide', 'https://docs.woocommerce.com/document/woocommerce-paypal-payments/paypal-payments-upgrade-guide/', 'actioned', 0, '', NULL, NULL),
(43047, 37, 'ppxo-pps-install-paypal-payments-2', 'View upgrade guide', 'https://docs.woocommerce.com/document/woocommerce-paypal-payments/paypal-payments-upgrade-guide/', 'actioned', 0, '', NULL, NULL),
(43049, 38, 'dismiss', 'Dismiss', '', 'actioned', 0, '', NULL, NULL),
(43051, 39, 'dismiss', 'Dismiss', '', 'actioned', 0, '', NULL, NULL),
(43053, 40, 'dismiss', 'Dismiss', '', 'actioned', 0, '', NULL, NULL),
(43055, 41, 'dismiss', 'Dismiss', '', 'actioned', 0, '', NULL, NULL),
(43056, 42, 'share-feedback', 'Share feedback', 'https://automattic.survey.fm/store-management', 'unactioned', 0, '', NULL, NULL),
(17730, 43, 'share-navigation-survey-feedback', 'Share feedback', 'https://automattic.survey.fm/feedback-on-woocommerce-navigation', 'actioned', 1, '', NULL, NULL),
(7936, 56, 'lead_gen_existing_customers_1', 'Yes, please', 'https://woocommerce.com/take-your-business-to-the-next-level/?utm_source=inbox_note&utm_medium=product&utm_campaign=lead_gen_existing_customers_1', 'actioned', 0, '', NULL, NULL),
(43057, 47, 'learn-more', 'Learn more', 'https://developer.woocommerce.com/2022/03/10/woocommerce-3-5-10-6-3-1-security-releases/', 'unactioned', 0, '', NULL, NULL),
(43058, 47, 'woocommerce-core-paypal-march-2022-dismiss', 'Dismiss', '', 'actioned', 0, '', NULL, NULL),
(43060, 48, 'dismiss', 'Dismiss', '', 'actioned', 0, '', NULL, NULL),
(43061, 49, 'pinterest_03_2022_update', 'Update Instructions', 'https://woo.com/document/pinterest-for-woocommerce/?utm_source=inbox_note&utm_medium=product&utm_campaign=pinterest_03_2022_update#section-3', 'actioned', 0, '', NULL, NULL),
(43048, 38, 'learn-more', 'Learn more', 'https://woo.com/posts/critical-vulnerability-detected-july-2021/?utm_source=inbox_note&utm_medium=product&utm_campaign=learn-more', 'unactioned', 0, '', NULL, NULL),
(43050, 39, 'learn-more', 'Learn more', 'https://woo.com/posts/critical-vulnerability-detected-july-2021/?utm_source=inbox_note&utm_medium=product&utm_campaign=learn-more', 'unactioned', 0, '', NULL, NULL),
(43052, 40, 'learn-more', 'Learn more', 'https://woo.com/posts/critical-vulnerability-detected-july-2021/?utm_source=inbox_note&utm_medium=product&utm_campaign=learn-more', 'unactioned', 0, '', NULL, NULL),
(43054, 41, 'learn-more', 'Learn more', 'https://woo.com/posts/critical-vulnerability-detected-july-2021/?utm_source=inbox_note&utm_medium=product&utm_campaign=learn-more', 'unactioned', 0, '', NULL, NULL),
(11525, 60, 'setup_task_initiative_survey_q2_2022_share_your_input', 'Share your input', 'https://t.maze.co/87390007', 'actioned', 0, '', NULL, NULL),
(43059, 48, 'learn-more', 'Learn more', 'https://developer.woocommerce.com/2022/03/10/woocommerce-3-5-10-6-3-1-security-releases/', 'unactioned', 0, '', NULL, NULL),
(7245, 57, 'wc-payments-notes-additional-payment-methods', 'Enable on your store', 'https://auraartisansoap.com/wp-admin/admin.php?page=wc-settings&tab=checkout&section=woocommerce_payments&action=enable-upe', 'unactioned', 1, '', NULL, NULL),
(7246, 58, 'wc-payments-notes-multi-currency-available', 'Set up now', 'admin.php?page=wc-admin&path=/payments/multi-currency-setup', 'unactioned', 1, '', NULL, NULL),
(8311, 61, 'woocommerce_payments_subscriptions_nopayments_q2_2022', 'Start selling subscriptions', 'https://woocommerce.com/products/woocommerce-payments/?utm_source=inbox_note&utm_medium=product&utm_campaign=woocommerce_payments_subscriptions_nopayments_q2_2022', 'actioned', 0, '', NULL, NULL),
(8312, 62, 'woocommerce_payments_subscriptions_yespayments_q2_2022', 'Get started', 'https://woocommerce.com/document/payments/subscriptions/?utm_source=inbox_note&utm_medium=product&utm_campaign=woocommerce_payments_subscriptions_yespayments_q2_2022#section-2', 'actioned', 0, '', NULL, NULL),
(8201, 59, 'pinterest_gtm_q2_2021', 'Get started for free', 'https://woocommerce.com/products/pinterest-for-woocommerce/?utm_source=inbox_note&utm_medium=product&utm_campaign=pinterest_gtm_q2_2021', 'unactioned', 1, '', NULL, NULL),
(8957, 63, 'setup_task_second_survey_q2_2022_share_your_input', 'Share your input', 'https://t.maze.co/87390007', 'actioned', 0, '', NULL, NULL),
(43062, 64, 'store_setup_survey_survey_q2_2022_share_your_thoughts', 'Tell us how it’s going', 'https://automattic.survey.fm/store-setup-survey-2022', 'actioned', 0, '', NULL, NULL),
(8995, 65, 'affirm_q2_2022', 'Get started for free', 'https://woocommerce.com/products/woocommerce-gateway-affirm/?utm_source=inbox_note&utm_medium=product&utm_campaign=affirm_q2_2022', 'unactioned', 1, '', NULL, NULL),
(10256, 66, 'wc-admin-EU-consumer-protection', 'Learn more about these changes', 'https://ec.europa.eu/info/law/law-topic/consumer-protection-law/review-eu-consumer-law_en#guidance', 'actioned', 1, '', NULL, NULL),
(8730, 67, 'googlelistings_multicountrygtm_q22022', 'Get Google Listings & Ads – free', 'https://woocommerce.com/products/google-listings-and-ads/?utm_source=inbox_note&utm_medium=product&utm_campaign=googlelistings_multicountrygtm_q22022', 'actioned', 1, '', NULL, NULL),
(9368, 68, 'wc_ipp_order_creation_GTM_launch_q2_2022', 'Grow my business on the go', 'https://woocommerce.com/in-person-payments/?utm_source=inbox_note&utm_medium=product&utm_campaign=wc_ipp_order_creation_GTM_launch_q2_2022', 'actioned', 0, '', NULL, NULL),
(28428, 69, 'wc-admin-wisepad3', 'Grow my business offline', 'https://woocommerce.com/products/wisepad3-card-reader/?utm_source=inbox_note&utm_medium=product&utm_campaign=wc-admin-wisepad3', 'actioned', 0, '', NULL, NULL),
(10406, 70, 'TikTok q2_2022', 'Promote my products on TikTok', 'https://woocommerce.com/products/tiktok-for-woocommerce/?utm_source=inbox_note&utm_medium=product&utm_campaign=TikTok%20q2_2022', 'unactioned', 1, '', NULL, NULL),
(12579, 73, 'mercado_pago_q3_2022', 'Free download', 'https://woocommerce.com/products/mercado-pago-checkout/?utm_source=inbox_note&utm_medium=product&utm_campaign=mercado_pago_q3_2022', 'unactioned', 1, '', NULL, NULL),
(10699, 71, 'tiktok-webinar-promo-july2022-button', 'RSVP Now', 'https://gettingstartedwithtiktokforwoocommerce.splashthat.com/', 'actioned', 1, '', NULL, NULL),
(12204, 72, 'klarna_q3_2022', 'Grow with Klarna', 'https://woocommerce.com/products/klarna-payments?utm_source=inbox_note&utm_medium=product&utm_campaign=klarna_q3_2022', 'unactioned', 1, '', NULL, NULL),
(43064, 74, 'dismiss', 'Dismiss', '', 'actioned', 0, '', NULL, NULL),
(43065, 75, 'learn-more', 'Find out more', 'https://developer.woocommerce.com/2022/08/09/woocommerce-payments-3-9-4-4-5-1-security-releases/', 'unactioned', 0, '', NULL, NULL),
(43066, 75, 'dismiss', 'Dismiss', '', 'actioned', 0, '', NULL, NULL),
(43063, 74, 'learn-more', 'Find out more', 'https://developer.woocommerce.com/2022/08/09/woocommerce-payments-3-9-4-4-5-1-security-releases/', 'unactioned', 0, '', NULL, NULL),
(12585, 76, 'mobile_app_order_management_q3_2022', 'Get the WooCommerce Mobile App', 'https://woocommerce.com/mobile/?utm_source=inbox_note&utm_medium=product&utm_campaign=mobile_app_order_management_q3_2022', 'actioned', 0, '', NULL, NULL),
(13169, 77, 'product_creation_usability_test_3_months_take_a_look', 'Try it now', 'https://t.maze.co/103446424', 'unactioned', 1, '', NULL, NULL),
(13167, 78, 'product_creation_usability_test_6_months_take_a_look', 'Try it now', 'https://t.maze.co/103446424', 'unactioned', 1, '', NULL, NULL),
(13168, 80, 'product_creation_usability_test_12_months_take_a_look', 'Try it now', 'https://t.maze.co/103446424', 'unactioned', 1, '', NULL, NULL),
(13329, 81, 'cta_customize_your_deposits', 'Customize your deposits', 'https://woocommerce.com/payments/?utm_source=inbox_note&utm_medium=product&utm_campaign=cta_customize_your_deposits', 'actioned', 1, '', NULL, NULL),
(13330, 81, 'dismiss_customize_your_deposits', 'Dismiss', '', 'actioned', 1, '', NULL, NULL),
(14309, 82, 'googlelistings_signals2022_hasGLA_click', 'Connect Google Listings & Ads', 'http://auraartisansoap.com/wp-admin/admin.php?page=wc-adminadmin.php?page=wc-admin&path=marketing', 'unactioned', 1, '', NULL, NULL),
(14310, 83, 'googlelistings_signals2022_noGLA', 'Connect Google Listings & Ads', 'https://woocommerce.com/products/google-listings-and-ads/?utm_medium=product&utm_source=inbox_note&utm_campaign=googlelistings_signals2022_noGLA', 'unactioned', 1, '', NULL, NULL),
(16421, 85, 'shipping_category_q4_2022_click', 'Automate my shipping', 'https://woocommerce.com/product-category/woocommerce-extensions/shipping-delivery-and-fulfillment/?categoryIds=28685&collections=product&page=1&utm_source=inbox_note&utm_medium=product&utm_campaign=shipping_category_q4_2022_click', 'unactioned', 1, '', NULL, NULL),
(14105, 84, 'pre-black-friday-sale-2022-announcement', 'Shop the sale', 'https://woocommerce.com/marketplace-sale/?utm_source=inbox_note&utm_medium=product&utm_campaign=pre-black-friday-sale-2022-announcement', 'actioned', 0, '', NULL, NULL),
(14753, 88, 'facebook_q4-2022_noFB-click', 'Get started', 'https://woocommerce.com/products/facebook/?utm_source=inbox_note&utm_medium=product&utm_campaign=facebook_q4-2022_noFB-click', 'unactioned', 1, '', NULL, NULL),
(17508, 89, 'tiktok-targeted-q4-2022-click', 'Launch a campaign', 'https://woocommerce.com/products/tiktok-for-woocommerce/?utm_source=inbox_note&utm_medium=product&utm_campaign=tiktok-targeted-q4-2022-click', 'unactioned', 1, '', NULL, NULL),
(18796, 90, 'paypal_paylater_g3_q4_22', 'Install PayPal Payments', 'https://woocommerce.com/products/woocommerce-paypal-payments/?utm_source=inbox_note&utm_medium=product&utm_campaign=paypal_paylater_g3_q4_22', 'unactioned', 1, '', NULL, NULL),
(18837, 91, 'paypal_paylater_g2_q4_22', 'Install PayPal Payments', 'https://woocommerce.com/products/woocommerce-paypal-payments/?utm_source=inbox_note&utm_medium=product&utm_campaign=paypal_paylater_g2_q4_22', 'unactioned', 1, '', NULL, NULL),
(18795, 92, 'woocommerce_admin_deprecation_q4_2022', 'Deactivate WooCommerce Admin', 'https://auraartisansoap.com/wp-admin/admin.php?page=wc-adminplugins.php', 'actioned', 0, '', NULL, NULL),
(17183, 94, 'wc-admin-manualauthcapture', 'Learn more', 'https://woocommerce.com/document/woocommerce-payments/settings-guide/authorize-and-capture/?utm_source=inbox_note&utm_medium=product&utm_campaign=wc-admin-manualauthcapture', 'actioned', 0, '', NULL, NULL),
(28878, 93, 'google_listings_ads_custom_attribute_mapping_q4_2022', 'Learn more', 'https://woocommerce.com/document/google-listings-and-ads/?utm_source=inbox_note&utm_medium=product&utm_campaign=google_listings_ads_custom_attribute_mapping_q4_2022#attribute-mapping', 'actioned', 0, '', NULL, NULL),
(17512, 95, 'apple_pay_square_q422', 'Enable Apple Pay', 'https://auraartisansoap.com/wp-admin/admin.php?page=wc-admin/wp-admin/admin.php?page=wc-settings&tab=checkout&section=square_credit_card', 'unactioned', 1, '', NULL, NULL),
(17513, 96, 'apple_pay_wcpay_q422', 'Enable Apple Pay', 'https://auraartisansoap.com/wp-admin/admin.php?page=wc-admin/wp-admin/admin.php?page=wc-settings&tab=checkout&section=woocommerce_payments', 'unactioned', 1, '', NULL, NULL),
(16634, 97, 'meta-hasFB-dec-q4-2022', 'Connect your store', 'https://auraartisansoap.com/wp-admin/admin.php?page=wc-adminadmin.php?page=wc-facebook', 'unactioned', 1, '', NULL, NULL),
(16891, 98, 'meta-noFB-dec-q4-2022', 'Get started', 'https://woocommerce.com/products/facebook/?utm_source=inbox_note&utm_medium=product&utm_campaign=meta-noFB-dec-q4-2022', 'unactioned', 1, '', NULL, NULL),
(18592, 101, 'storeediting_feedback_jan_2023', 'Share your input', 'https://t.maze.co/135212793', 'actioned', 1, '', NULL, NULL),
(43070, 100, 'updated-eway-payment-gateway-rin-dismiss-button-2022-12-20', 'Dismiss', '#', 'actioned', 0, '', NULL, NULL),
(43069, 100, 'updated-eway-payment-gateway-rin-action-button-2022-12-20', 'See all updates', 'https://auraartisansoap.com/wp-admin/update-core.php', 'unactioned', 0, '', NULL, NULL),
(43071, 102, 'share-navigation-survey-feedback', 'Share feedback', 'https://automattic.survey.fm/new-ecommerce-plan-navigation', 'actioned', 0, '', NULL, NULL),
(24302, 104, 'google_listings_ads_pmax_i1_q1_2023_no_gla', 'Boost my business with Google', 'https://woocommerce.com/products/google-listings-and-ads/?utm_source=inbox_note&utm_medium=product&utm_campaign=google_listings_ads_pmax_i1_q1_2023_no_gla', 'actioned', 0, '', NULL, NULL),
(20692, 103, 'affirm_q1_2023', 'Get started with Affirm', 'https://woocommerce.com/products/woocommerce-gateway-affirm/?utm_source=inbox_note&utm_medium=product&utm_campaign=affirm_q1_2023', 'actioned', 1, '', NULL, NULL),
(24303, 105, 'google_listings_ads_pmax_i1_q1_2023_with_gla', 'Create a new ad', 'https://woocommerce.com/products/google-listings-and-ads/?utm_source=inbox_note&utm_medium=product&utm_campaign=google_listings_ads_pmax_i1_q1_2023_with_gla', 'actioned', 0, '', NULL, NULL),
(43076, 107, 'tap_to_pay_iphone_q2_2023_no_wcpay', 'Simplify my payments', 'https://woo.com/products/woocommerce-payments/?utm_source=inbox_note&utm_medium=product&utm_campaign=tap_to_pay_iphone_q2_2023_no_wcpay', 'actioned', 0, '', NULL, NULL),
(43075, 106, 'woocommerce-wcpay-march-2023-update-needed-dismiss-button', 'Dismiss', '#', 'actioned', 0, '', NULL, NULL),
(43074, 106, 'woocommerce-wcpay-march-2023-update-needed-button', 'See Blog Post', 'https://developer.woocommerce.com/2023/03/23/critical-vulnerability-detected-in-woocommerce-payments-what-you-need-to-know', 'unactioned', 0, '', NULL, NULL),
(39809, 180, 'wc_admin_WooPay_Oct30_2023', 'Get started today', 'https://woo.com/document/woopay-merchant-documentation/?utm_source=inbox_note&utm_medium=product&utm_campaign=wc_admin_WooPay_Oct30_2023', 'actioned', 0, '', NULL, NULL),
(32238, 108, 'tap_to_pay_iphone_q2_2023_with_wcpay', 'Set up Tap to Pay on iPhone', 'https://woocommerce.com/document/woopayments/in-person-payments/tap-to-pay-iphone?utm_source=inbox_note&utm_medium=product&utm_campaign=tap_to_pay_iphone_q2_2023_with_wcpay', 'actioned', 0, '', NULL, NULL),
(43077, 109, 'extension-settings', 'See available updates', 'https://auraartisansoap.com/wp-admin/update-core.php', 'unactioned', 0, '', NULL, NULL),
(43078, 109, 'dismiss', 'Dismiss', '#', 'actioned', 0, '', NULL, NULL),
(24886, 110, 'wc-admin-wcpay-denmark-Q2-2023', 'Simplify my payments', 'https://woocommerce.com/payments/denmark/?utm_source=inbox_note&utm_medium=product&utm_campaign=wc-admin-wcpay-denmark-Q2-2023', 'actioned', 1, '', NULL, NULL),
(24887, 111, 'wc-admin-wcpay-greece-Q2-2023', 'Simplify my payments', 'https://woocommerce.com/payments/greece/?utm_source=inbox_note&utm_medium=product&utm_campaign=wc-admin-wcpay-greece-Q2-2023', 'actioned', 1, '', NULL, NULL),
(24888, 112, 'wc-admin-wcpay-norway-Q2-2023', 'Simplify my payments', 'https://woocommerce.com/payments/norway/?utm_source=inbox_note&utm_medium=product&utm_campaign=wc-admin-wcpay-norway-Q2-2023', 'actioned', 1, '', NULL, NULL),
(24889, 113, 'wc-admin-wcpay-slovakia-Q2-2023', 'Simplify my payments', 'https://woocommerce.com/payments/slovakia/?utm_source=inbox_note&utm_medium=product&utm_campaign=wc-admin-wcpay-slovakia-Q2-2023', 'actioned', 1, '', NULL, NULL),
(24890, 114, 'wc-admin-wcpay-finland-Q2-2023', 'Simplify my payments', 'https://woocommerce.com/payments/finland/?utm_source=inbox_note&utm_medium=product&utm_campaign=wc-admin-wcpay-finland-Q2-2023', 'actioned', 1, '', NULL, NULL),
(24891, 115, 'wc-admin-wcpay-estonia-Q2-2023', 'Simplify my payments', 'https://woocommerce.com/payments/estonia/?utm_source=inbox_note&utm_medium=product&utm_campaign=wc-admin-wcpay-estonia-Q2-2023', 'actioned', 1, '', NULL, NULL),
(24892, 116, 'wc-admin-wcpay-lithuania-Q2-2023', 'Simplify my payments', 'https://woocommerce.com/payments/lithuania/?utm_source=inbox_note&utm_medium=product&utm_campaign=wc-admin-wcpay-lithuania-Q2-2023', 'actioned', 1, '', NULL, NULL),
(24893, 117, 'wc-admin-wcpay-slovenia-Q2-2023', 'Simplify my payments', 'https://woocommerce.com/payments/slovenia/?utm_source=inbox_note&utm_medium=product&utm_campaign=wc-admin-wcpay-slovenia-Q2-2023', 'actioned', 1, '', NULL, NULL),
(24894, 118, 'wc-admin-wcpay-latvia-Q2-2023', 'Simplify my payments', 'https://woocommerce.com/payments/latvia/?utm_source=inbox_note&utm_medium=product&utm_campaign=wc-admin-wcpay-latvia-Q2-2023', 'actioned', 1, '', NULL, NULL),
(24895, 119, 'wc-admin-wcpay-cyprus-Q2-2023', 'Simplify my payments', 'https://woocommerce.com/payments/cyprus/?utm_source=inbox_note&utm_medium=product&utm_campaign=wc-admin-wcpay-cyprus-Q2-2023', 'actioned', 1, '', NULL, NULL),
(24896, 120, 'wc-admin-wcpay-malta-Q2-2023', 'Simplify my payments', 'https://woocommerce.com/payments/malta/?utm_source=inbox_note&utm_medium=product&utm_campaign=wc-admin-wcpay-malta-Q2-2023', 'actioned', 1, '', NULL, NULL),
(24897, 121, 'wc-admin-wcpay-luxembourg-Q2-2023', 'Simplify my payments', 'https://woocommerce.com/payments/luxembourg/?utm_source=inbox_note&utm_medium=product&utm_campaign=wc-admin-wcpay-luxembourg-Q2-2023', 'actioned', 1, '', NULL, NULL),
(23718, 122, 'wc-admin-BNPL-WCPay-coming-soon', 'Sign up now', 'https://woocommerce.com/buy-now-pay-later-for-woocommerce-payments/?utm_source=inbox_note&utm_medium=product&utm_campaign=wc-admin-BNPL-WCPay-coming-soon', 'actioned', 1, '', NULL, NULL),
(43081, 123, 'woopay-beta-existingmerchants-noaction-documentation-27APR23', 'Documentation', 'https://woo.com/document/woopay-merchant-documentation/?utm_source=inbox_note&utm_medium=product&utm_campaign=woopay-beta-existingmerchants-noaction-documentation-27APR23', 'actioned', 0, '', NULL, NULL),
(43082, 124, 'woopay-beta-existingmerchants-update-WCPay-27APR23', 'Update WooCommerce Payments', 'https://auraartisansoap.com/wp-admin/plugins.php?plugin_status=all', 'actioned', 0, '', NULL, NULL),
(22346, 125, 'woopay-beta-existingmerchants-noaction-documentation-27APR23-test2', 'Documentation', 'https://woocommerce.com/document/woopay-merchant-documentation/?utm_source=inbox_note&utm_medium=product&utm_campaign=woopay-beta-existingmerchants-noaction-documentation-27APR23-test2', 'actioned', 0, '', NULL, NULL),
(22347, 125, 'woopay-beta-existingmerchants-noaction-documentation-27APR23-dismiss-test2', 'Dismiss', 'http://auraartisansoap.com/wp-admin/admin.php?page=wc-admin#', 'actioned', 1, '', NULL, NULL),
(22348, 126, 'woopay-beta-existingmerchants-update-WCPay-27APR23-test', 'Update WooCommerce Payments', 'http://auraartisansoap.com/wp-admin/admin.php?page=wc-adminplugins.php?plugin_status=all', 'actioned', 1, '', NULL, NULL),
(22349, 126, 'woopay-beta-existingmerchants-update-WCPay-27APR23-dismiss-test', 'Dismiss', 'http://auraartisansoap.com/wp-admin/admin.php?page=wc-admin#', 'actioned', 0, '', NULL, NULL),
(43073, 127, 'woopay-beta-merchantrecruitment-activate-learnmore-04MAY23', 'Learn More', 'https://woo.com/woopay-businesses/?utm_source=inbox_note&utm_medium=product&utm_campaign=woopay-beta-merchantrecruitment-activate-learnmore-04MAY23', 'unactioned', 0, '', NULL, NULL),
(43072, 127, 'woopay-beta-merchantrecruitment-activate-04MAY23', 'Activate WooPay', 'https://auraartisansoap.com/wp-admin/admin.php?page=wc-settings&tab=checkout&section=woocommerce_payments&method=platform_checkout', 'actioned', 0, '', NULL, NULL),
(43079, 128, 'woopay-beta-merchantrecruitment-update-WCPay-04MAY23', 'Update WooCommerce Payments', 'https://auraartisansoap.com/wp-admin/plugins.php?plugin_status=all', 'unactioned', 0, '', NULL, NULL),
(43080, 128, 'woopay-beta-merchantrecruitment-update-activate-04MAY23', 'Activate WooPay', 'https://auraartisansoap.com/wp-admin/admin.php?page=wc-settings&tab=checkout&section=woocommerce_payments&method=platform_checkout', 'actioned', 0, '', NULL, NULL),
(43083, 129, 'woopay-beta-merchantrecruitment-short-activate-04MAY23', 'Activate WooPay', 'https://auraartisansoap.com/wp-admin/admin.php?page=wc-settings&tab=checkout&section=woocommerce_payments&method=platform_checkout', 'actioned', 0, '', NULL, NULL),
(43084, 129, 'woopay-beta-merchantrecruitment-short-activate-learnmore-04MAY23', 'Learn More', 'https://woo.com/woopay-businesses/?utm_source=inbox_note&utm_medium=product&utm_campaign=woopay-beta-merchantrecruitment-short-activate-learnmore-04MAY23', 'actioned', 0, '', NULL, NULL),
(43085, 130, 'woopay-beta-merchantrecruitment-short-update-WCPay-04MAY23', 'Update WooCommerce Payments', 'https://auraartisansoap.com/wp-admin/plugins.php?plugin_status=all', 'unactioned', 0, '', NULL, NULL),
(43086, 130, 'woopay-beta-merchantrecruitment-short-update-activate-04MAY23', 'Activate WooPay', 'https://auraartisansoap.com/wp-admin/admin.php?page=wc-settings&tab=checkout&section=woocommerce_payments&method=platform_checkout', 'actioned', 0, '', NULL, NULL),
(43096, 135, 'woopay-beta-merchantrecruitment-short-activate-learnmore-button2-09MAY23', 'Learn More', 'https://woo.com/woopay-businesses/?utm_source=inbox_note&utm_medium=product&utm_campaign=woopay-beta-merchantrecruitment-short-activate-learnmore-button2-09MAY23', 'unactioned', 0, '', NULL, NULL),
(43088, 131, 'woopay-beta-merchantrecruitment-short-activate-learnmore-06MAY23-TESTA', 'Learn More', 'https://woo.com/woopay-businesses/?utm_source=inbox_note&utm_medium=product&utm_campaign=woopay-beta-merchantrecruitment-short-activate-learnmore-06MAY23-TESTA', 'unactioned', 0, '', NULL, NULL),
(43089, 132, 'woopay-beta-merchantrecruitment-short-activate-06MAY23-TESTB', 'Activate WooPay Test B', 'https://auraartisansoap.com/wp-admin/admin.php?page=wc-settings&tab=checkout&section=woocommerce_payments&method=platform_checkout', 'unactioned', 0, '', NULL, NULL),
(43090, 132, 'woopay-beta-merchantrecruitment-short-activate-learnmore-06MAY23-TESTA', 'Learn More', 'https://woo.com/woopay-businesses/?utm_source=inbox_note&utm_medium=product&utm_campaign=woopay-beta-merchantrecruitment-short-activate-learnmore-06MAY23-TESTA', 'unactioned', 0, '', NULL, NULL),
(43091, 133, 'woopay-beta-merchantrecruitment-short-activate-06MAY23-TESTC', 'Activate WooPay Test C', 'https://auraartisansoap.com/wp-admin/admin.php?page=wc-settings&tab=checkout&section=woocommerce_payments&method=platform_checkout', 'unactioned', 0, '', NULL, NULL),
(43092, 133, 'woopay-beta-merchantrecruitment-short-activate-learnmore-06MAY23-TESTC', 'Learn More', 'https://woo.com/woopay-businesses/?utm_source=inbox_note&utm_medium=product&utm_campaign=woopay-beta-merchantrecruitment-short-activate-learnmore-06MAY23-TESTC', 'unactioned', 0, '', NULL, NULL),
(43094, 134, 'woopay-beta-merchantrecruitment-short-activate-learnmore-06MAY23-TESTD', 'Learn More', 'https://woo.com/woopay-businesses/?utm_source=inbox_note&utm_medium=product&utm_campaign=woopay-beta-merchantrecruitment-short-activate-learnmore-06MAY23-TESTD', 'unactioned', 0, '', NULL, NULL),
(24920, 140, 'product_management_card_sorting', 'Get started', 'https://t.maze.co/163892579', 'unactioned', 1, '', NULL, NULL),
(43093, 134, 'woopay-beta-merchantrecruitment-short-activate-06MAY23-TESTD', 'Activate WooPay Test D', 'https://auraartisansoap.com/wp-admin/admin.php?page=wc-settings&tab=checkout&section=woocommerce_payments&method=platform_checkout', 'unactioned', 0, '', NULL, NULL),
(43126, 182, 'tap_to_pay_iphone_q4_2023_no_woopayments', 'Simplify my payments', 'https://woo.com/products/woopayments/?utm_source=inbox_note&utm_medium=product&utm_campaign=tap_to_pay_iphone_q4_2023_no_woopayments', 'actioned', 0, '', NULL, NULL),
(43087, 131, 'woopay-beta-merchantrecruitment-short-activate-06MAY23-TESTA', 'Activate WooPay Test A', 'https://auraartisansoap.com/wp-admin/admin.php?page=wc-settings&tab=checkout&section=woocommerce_payments&method=platform_checkout', 'unactioned', 0, '', NULL, NULL),
(43095, 135, 'woopay-beta-merchantrecruitment-short-activate-button-09MAY23', 'Activate WooPay', 'https://auraartisansoap.com/wp-admin/admin.php?page=wc-settings&tab=checkout&section=woocommerce_payments&method=platform_checkout', 'unactioned', 0, '', NULL, NULL),
(43097, 136, 'woopay-beta-merchantrecruitment-short-update-WCPay-09MAY23', 'Update WooCommerce Payments', 'https://auraartisansoap.com/wp-admin/plugins.php?plugin_status=all', 'unactioned', 0, '', NULL, NULL),
(43098, 136, 'woopay-beta-merchantrecruitment-short-update-activate-09MAY23', 'Activate WooPay', 'https://auraartisansoap.com/wp-admin/admin.php?page=wc-settings&tab=checkout&section=woocommerce_payments&method=platform_checkout', 'unactioned', 0, '', NULL, NULL),
(24091, 137, 'payoneer_q2_2023', 'Get started with Payoneer', 'https://woocommerce.com/products/payoneer-checkout?utm_source=inbox_note&utm_medium=product&utm_campaign=payoneer_q2_2023', 'actioned', 1, '', NULL, NULL),
(32789, 138, 'ipp_refresh_q2_2023_us_inbox_notification', 'Grow my business on the go', 'https://woocommerce.com/in-person-payments/?utm_source=inbox_note&utm_medium=product&utm_campaign=ipp_refresh_q2_2023_us_inbox_notification', 'actioned', 0, '', NULL, NULL),
(32790, 139, 'ipp_refresh_q2_2023_ca_inbox_notification', 'Grow my business on the go', 'https://woocommerce.com/in-person-payments/?utm_source=inbox_note&utm_medium=product&utm_campaign=ipp_refresh_q2_2023_ca_inbox_notification', 'actioned', 0, '', NULL, NULL),
(33416, 168, 'tiktok_shopGTM_q3-2023_hasTikTok', 'Learn more', 'https://woocommerce.com/document/tiktok-for-woocommerce/?utm_source=inbox_note&utm_medium=product&utm_campaign=tiktok_shopGTM_q3-2023_hasTikTok', 'unactioned', 1, '', NULL, NULL),
(43099, 141, 'woocommerce-WCStripe-May-2023-updated-needed-Plugin-Settings', 'See available updates', 'https://auraartisansoap.com/wp-admin/plugins.php?plugin_status=all', 'unactioned', 0, '', NULL, NULL),
(43100, 141, 'woocommerce-WCStripe-May-2023-updated-needed-Plugin-Settings-dismiss', 'Dismiss', '#', 'actioned', 0, '', NULL, NULL),
(43105, 142, 'woocommerce-WCReturnsWarranty-June-2023-updated-needed', 'See available updates', 'https://auraartisansoap.com/wp-admin/plugins.php?plugin_status=all', 'unactioned', 0, '', NULL, NULL),
(43106, 142, 'woocommerce-WCReturnsWarranty-June-2023-updated-needed', 'Dismiss', '#', 'actioned', 0, '', NULL, NULL),
(30361, 158, 'wc-admin-woopayments-rebrand', 'Learn more about WooPayments', 'https://woocommerce.com/payments/?utm_source=inbox_note&utm_medium=product&utm_campaign=wc-admin-woopayments-rebrand', 'actioned', 1, '', NULL, NULL),
(43102, 143, 'woocommerce-WCPayments-June-2023-updated-needed-Dismiss', 'Dismiss', '#', 'actioned', 0, '', NULL, NULL),
(43103, 144, 'woocommerce-WCSubscriptions-June-2023-updated-needed-Plugin-Settings', 'See available updates', 'https://auraartisansoap.com/wp-admin/plugins.php?plugin_status=all', 'unactioned', 0, '', NULL, NULL),
(43104, 144, 'woocommerce-WCSubscriptions-June-2023-updated-needed-dismiss', 'Dismiss', '#', 'actioned', 0, '', NULL, NULL),
(29722, 145, 'woocommerce_hpos_1st_notification_q2_2023', 'Learn more about HPOS', 'https://woocommerce.com/posts/platform-update-high-performance-order-storage-for-woocommerce/?utm_source=inbox_note&utm_medium=product&utm_campaign=woocommerce_hpos_1st_notification_q2_2023', 'actioned', 0, '', NULL, NULL),
(31387, 147, 'wc-admin-wcpay-bulgaria-Q2-2023', 'Simplify my payments', 'https://woocommerce.com/payments/bulgaria/?utm_source=inbox_note&utm_medium=product&utm_campaign=wc-admin-wcpay-bulgaria-Q2-2023', 'actioned', 1, '', NULL, NULL),
(43101, 143, 'woocommerce-WCPayments-June-2023-updated-needed-Plugin-Settings', 'See available updates', 'https://auraartisansoap.com/wp-admin/plugins.php?plugin_status=all', 'unactioned', 0, '', NULL, NULL),
(43108, 146, 'woocommerce-WCOPC-June-2023-updated-needed', 'Dismiss', 'https://auraartisansoap.com/wp-admin/#', 'actioned', 0, '', NULL, NULL),
(43107, 146, 'woocommerce-WCOPC-June-2023-updated-needed', 'See available updates', 'https://auraartisansoap.com/wp-admin/plugins.php?plugin_status=all', 'actioned', 0, '', NULL, NULL),
(31388, 148, 'wc-admin-wcpay-czechia-Q2-2023', 'Simplify my payments', 'https://woocommerce.com/payments/czechia/?utm_source=inbox_note&utm_medium=product&utm_campaign=wc-admin-wcpay-czechia-Q2-2023', 'actioned', 1, '', NULL, NULL),
(31389, 149, 'wc-admin-wcpay-croatia-Q2-2023', 'Simplify my payments', 'https://woocommerce.com/payments/croatia/?utm_source=inbox_note&utm_medium=product&utm_campaign=wc-admin-wcpay-croatia-Q2-2023', 'actioned', 1, '', NULL, NULL),
(31390, 150, 'wc-admin-wcpay-hungary-Q2-2023', 'Simplify my payments', 'https://woocommerce.com/payments/hungary/?utm_source=inbox_note&utm_medium=product&utm_campaign=wc-admin-wcpay-hungary-Q2-2023', 'actioned', 1, '', NULL, NULL),
(31391, 151, 'wc-admin-wcpay-romania-Q2-2023', 'Simplify my payments', 'https://woocommerce.com/payments/romania/?utm_source=inbox_note&utm_medium=product&utm_campaign=wc-admin-wcpay-romania-Q2-2023', 'actioned', 1, '', NULL, NULL),
(31392, 152, 'wc-admin-wcpay-sweden-Q2-2023', 'Simplify my payments', 'https://woocommerce.com/payments/sweden/?utm_source=inbox_note&utm_medium=product&utm_campaign=wc-admin-wcpay-sweden-Q2-2023', 'actioned', 1, '', NULL, NULL),
(27510, 153, 'tiktok-spc_june-2023', 'Optimize my advertising', 'https://woocommerce.com/products/tiktok-for-woocommerce/?utm_source=inbox_note&utm_medium=product&utm_campaign=tiktok-spc_june-2023', 'actioned', 1, '', NULL, NULL),
(43109, 154, 'woocommerce-WCGC-July-2023-update-needed', 'See available updates', 'https://auraartisansoap.com/wp-admin/plugins.php?plugin_status=all', 'unactioned', 0, '', NULL, NULL),
(43110, 154, 'woocommerce-WCGC-July-2023-update-needed', 'Dismiss', '#', 'actioned', 0, '', NULL, NULL),
(43111, 155, 'learn-more', 'Learn more', 'https://woo.com/document/fedex/?utm_medium=product&utm_source=inbox_note&utm_campaign=learn-more#july-2023-api-outage', 'unactioned', 0, '', NULL, NULL),
(43113, 156, 'dismiss', 'Dismiss', 'https://auraartisansoap.com/wp-admin/admin.php?page=wc-admin', 'actioned', 0, '', NULL, NULL),
(36739, 174, 'Klarna_Enable_CTA_10OCT23', 'Enable Klarna', 'https://auraartisansoap.com/wp-admin/wp-admin/admin.php?page=wc-settings&tab=checkout&section=woocommerce_payments/#payment-methods', 'actioned', 0, '', NULL, NULL),
(43112, 156, 'plugin-list', 'See available updates', 'https://auraartisansoap.com/wp-admin/plugins.php?plugin_status=all', 'unactioned', 0, '', NULL, NULL),
(30000, 157, 'square_button_q3_2023', 'Get started with Square', 'https://woocommerce.com/products/square/?utm_source=inbox_note&utm_medium=product&utm_campaign=square_button_q3_2023', 'actioned', 1, '', NULL, NULL),
(43115, 159, 'dismiss', 'Dismiss', '#', 'actioned', 0, '', NULL, NULL),
(43068, 99, 'needs-update-eway-payment-gateway-rin-dismiss-button-2022-12-20', 'Dismiss', '#', 'actioned', 0, '', NULL, NULL),
(43114, 159, 'woocommerce-WCStripe-Aug-2023-update-needed', 'See available updates', 'https://auraartisansoap.com/wp-admin/update-core.php?', 'unactioned', 0, '', NULL, NULL),
(43116, 160, 'dismiss', 'Dismiss', '#', 'actioned', 0, '', NULL, NULL),
(30461, 163, 'tiktok-apac-webinar-2023', 'RSVP today', 'https://unlockingtiktokwithwoocommerce.splashthat.com/', 'actioned', 1, '', NULL, NULL),
(43117, 161, 'woocommerce-WooPayments-Aug-2023-update-needed', 'See available updates', 'https://auraartisansoap.com/wp-admin/update-core.php?', 'unactioned', 0, '', NULL, NULL),
(43118, 161, 'dismiss', 'Dismiss', '#', 'actioned', 0, '', NULL, NULL),
(43119, 162, 'dismiss', 'Dismiss', '#', 'actioned', 0, '', NULL, NULL),
(43120, 164, 'avalara_q3-2023_noAvaTax', 'Automate my sales tax', 'https://woo.com/products/woocommerce-avatax/?utm_source=inbox_note&utm_medium=product&utm_campaign=avalara_q3-2023_noAvaTax', 'unactioned', 0, '', NULL, NULL),
(30930, 165, 'avalara_q3-2023_withAvaTax', 'Learn more about VAT settings', 'https://woocommerce.com/document/avalara-avatax/?utm_source=inbox_note&utm_medium=product&utm_campaign=avalara_q3-2023_withAvaTax#section-15', 'unactioned', 1, '', NULL, NULL),
(31026, 166, 'google_uxstudy_recruitment_q3-2023', 'Take the survey', 'https://eachandother.fra1.qualtrics.com/jfe/form/SV_0W118szcJOtIkzc', 'unactioned', 1, '', NULL, NULL),
(43121, 167, 'woo-activation-survey-blockers-survey-button-22AUG23', 'Take our short survey', 'https://woocommerce.survey.fm/getting-started-with-woo', 'unactioned', 0, '', NULL, NULL),
(33503, 169, 'tiktok_shopGTM_q3-2023_noTikTok', 'Learn more', 'https://woocommerce.com/products/tiktok-for-woocommerce/?utm_source=inbox_note&utm_medium=product&utm_campaign=tiktok_shopGTM_q3-2023_noTikTok', 'unactioned', 1, '', NULL, NULL),
(34022, 170, 'klaviyo_q3_2023', 'Integrate in minutes', 'https://woocommerce.com/products/klaviyo-for-woocommerce/?utm_source=inbox_note&utm_medium=product&utm_campaign=klaviyo_q3_2023', 'unactioned', 1, '', NULL, NULL),
(35430, 171, 'wc_admin_BNPL_WCPay_Q3_2023', 'Enable buy now, pay later', 'https://woocommerce.com/?post_type=documentation&p=18734002212927&preview=true&utm_source=inbox_note&utm_medium=product&utm_campaign=wc_admin_BNPL_WCPay_Q3_2023', 'actioned', 1, '', NULL, NULL),
(35431, 172, 'wc_admin_afterpay_WCPay_Q3_2023', 'Enable buy now, pay later', 'https://woocommerce.com/?post_type=documentation&p=18734002212927&preview=true&utm_source=inbox_note&utm_medium=product&utm_campaign=wc_admin_afterpay_WCPay_Q3_2023', 'actioned', 1, '', NULL, NULL),
(36740, 174, 'Klarna_Update_CTA_10OCT23', 'Update WooPayments', 'https://auraartisansoap.com/wp-admin/wp-admin/plugins.php?s=woocommercepayments&plugin_status=all', 'actioned', 0, '', NULL, NULL),
(43122, 173, 'woocommerce-usermeta-Sept2023-productvendors', 'See available updates', 'https://auraartisansoap.com/wp-admin/plugins.php', 'unactioned', 0, '', NULL, NULL),
(43123, 173, 'dismiss', 'Dismiss', 'https://auraartisansoap.com/wp-admin/#', 'actioned', 0, '', NULL, NULL),
(42188, 9, 'update-db_run', 'Update WooCommerce Database', 'https://auraartisansoap.com/wp-admin/edit.php?post_type=shop_order&do_update_woocommerce=true', 'unactioned', 0, 'wc_db_update', 'wc_db_update', 'wc_db_update_nonce'),
(38610, 176, 'wc_com_in_person_payments_card_sale_UK_inbox_note_q4_23', 'Save 35%', 'https://woocommerce.com/products/wisepad3-card-reader/?utm_source=inbox_note&utm_medium=product&utm_campaign=wc_com_in_person_payments_card_sale_UK_inbox_note_q4_23', 'actioned', 0, '', NULL, NULL),
(38611, 177, 'wc_com_in_person_payments_card_sale_CA_inbox_note_q4_23', 'Save 35%', 'https://woocommerce.com/products/wisepad3-card-reader/?utm_source=inbox_note&utm_medium=product&utm_campaign=wc_com_in_person_payments_card_sale_CA_inbox_note_q4_23', 'actioned', 0, '', NULL, NULL),
(43124, 178, 'woocommerce-STRIPE-Oct-2023-update-needed', 'See available updates', 'https://auraartisansoap.com/wp-admin/update-core.php', 'unactioned', 0, '', NULL, NULL),
(43125, 178, 'dismiss', 'Dismiss', '#', 'actioned', 0, '', NULL, NULL),
(39371, 181, 'paypal_paylater_g2_q4_22', 'Install PayPal Payments', 'https://woo.com/products/woocommerce-paypal-payments/?utm_source=inbox_note&utm_medium=product&utm_campaign=paypal_paylater_g2_q4_22', 'unactioned', 0, '', NULL, NULL),
(38705, 179, 'wc_admin_WooPay_Q4_2023', 'Get started today', 'https://auraartisansoap.com/wp-admin/https://woocommerce.com/document/woopay-merchant-documentation/?utm_source=inbox_note&utm_medium=product&utm_campaign=wc_admin_WooPay_Q4_2023', 'actioned', 0, '', NULL, NULL),
(43127, 183, 'tap_to_pay_iphone_q4_2023_with_woopayments', 'Set up Tap to Pay on iPhone', 'https://woo.com/document/woopayments/in-person-payments/tap-to-pay-iphone/?utm_source=inbox_note&utm_medium=product&utm_campaign=tap_to_pay_iphone_q4_2023_with_woopayments', 'actioned', 0, '', NULL, NULL),
(43128, 184, 'amazon-mcf-review-button-2023-12-07', 'Leave a review', 'https://woo.com/products/woocommerce-amazon-fulfillment/?review&utm_source=inbox_note&utm_medium=product&utm_campaign=amazon-mcf-review-button-2023-12-07', 'actioned', 0, '', NULL, NULL),
(43129, 184, 'amazon-mcf-support-button-2023-12-07', 'Request support', 'https://woo.com/my-account/contact-support/?utm_source=inbox_note&utm_medium=product&utm_campaign=amazon-mcf-support-button-2023-12-07', 'actioned', 0, '', NULL, NULL);

-- --------------------------------------------------------

--
-- Table structure for table `wp_wc_category_lookup`
--

CREATE TABLE `wp_wc_category_lookup` (
  `category_tree_id` bigint(20) UNSIGNED NOT NULL,
  `category_id` bigint(20) UNSIGNED NOT NULL
) ENGINE=MyISAM DEFAULT CHARSET=utf8mb4 COLLATE=utf8mb4_unicode_ci;

--
-- Dumping data for table `wp_wc_category_lookup`
--

INSERT INTO `wp_wc_category_lookup` (`category_tree_id`, `category_id`) VALUES
(15, 15),
(19, 19),
(20, 20),
(21, 21),
(22, 22),
(23, 23),
(32, 32),
(46, 46),
(64, 64),
(65, 65),
(66, 66),
(68, 68),
(69, 69),
(70, 70),
(71, 71),
(106, 106);

-- --------------------------------------------------------

--
-- Table structure for table `wp_wc_customer_lookup`
--

CREATE TABLE `wp_wc_customer_lookup` (
  `customer_id` bigint(20) UNSIGNED NOT NULL,
  `user_id` bigint(20) UNSIGNED DEFAULT NULL,
  `username` varchar(60) COLLATE utf8mb4_unicode_ci NOT NULL DEFAULT '',
  `first_name` varchar(255) COLLATE utf8mb4_unicode_ci NOT NULL,
  `last_name` varchar(255) COLLATE utf8mb4_unicode_ci NOT NULL,
  `email` varchar(100) COLLATE utf8mb4_unicode_ci DEFAULT NULL,
  `date_last_active` timestamp NULL DEFAULT NULL,
  `date_registered` timestamp NULL DEFAULT NULL,
  `country` char(2) COLLATE utf8mb4_unicode_ci NOT NULL DEFAULT '',
  `postcode` varchar(20) COLLATE utf8mb4_unicode_ci NOT NULL DEFAULT '',
  `city` varchar(100) COLLATE utf8mb4_unicode_ci NOT NULL DEFAULT '',
  `state` varchar(100) COLLATE utf8mb4_unicode_ci NOT NULL DEFAULT ''
) ENGINE=MyISAM DEFAULT CHARSET=utf8mb4 COLLATE=utf8mb4_unicode_ci;

--
-- Dumping data for table `wp_wc_customer_lookup`
--

INSERT INTO `wp_wc_customer_lookup` (`customer_id`, `user_id`, `username`, `first_name`, `last_name`, `email`, `date_last_active`, `date_registered`, `country`, `postcode`, `city`, `state`) VALUES
(1, 1, 'auraadmin', 'test', 'test', 'aura.s.soap@gmail.com', '2023-10-02 17:12:31', '2019-07-11 13:48:04', 'US', '19149-1919', 'PHILADELPHIA', 'PA'),
(2, NULL, '', 'Sara', 'Herrera', 'smherrera1995@gmail.com', '2020-11-24 09:14:33', NULL, 'US', '19135', 'Philadelphia', 'PA'),
(3, NULL, '', 'Jessica', 'Ocasio', 'j.ocasio30@gmail.com', '2020-11-29 23:11:00', NULL, 'US', '19135-2226', 'Philadelphia', 'PA'),
(4, NULL, '', 'Aura', 'De leon', 'evelynnguzman13@gmail.com', '2020-12-02 16:46:14', NULL, 'US', '19149-1919', 'PHILADELPHIA', 'FL'),
(5, NULL, '', 'Ruby', 'Whiteman', 'Cochina1328@gmail.com', '2020-12-02 20:00:56', NULL, 'US', '19047', 'Langhorne', 'PA'),
(6, NULL, '', 'Sonshyne', 'Clark', 'sonnyc2313@aol.com', '2020-12-10 12:35:51', NULL, 'US', '80030', 'Westminster', 'CO'),
(7, NULL, '', 'Jaclyn', 'Bowen', 'bowen.jaclyn@gmail.com', '2020-12-29 20:58:21', NULL, 'US', '19123', 'Philadelphia', 'PA'),
(8, NULL, '', 'bbbbb', 'bbbbb', 'jwvlkcogvgxy@abbuzz.com', '2020-12-30 06:34:33', NULL, 'GB', 'EX14 5HN', 'ROBOROUGH', ''),
(9, NULL, '', 'bbbbb', 'bbbbb', 'gtmvjciodquv@abbuzz.com', '2020-12-30 06:36:56', NULL, 'GB', 'EX14 5HN', 'ROBOROUGH', ''),
(10, NULL, '', 'bbbbb', 'bbbbb', 'eeiaxesecddc@abbuzz.com', '2021-01-02 05:14:23', NULL, 'GB', 'EX14 5HN', 'ROBOROUGH', ''),
(11, NULL, '', 'bbbbb', 'bbbbb', 'bqmkxcuacslz@abbuzz.com', '2021-01-02 05:19:46', NULL, 'GB', 'EX14 5HN', 'ROBOROUGH', ''),
(12, NULL, '', 'bbbbb', 'bbbbb', 'siaacizwpdjl@abbuzz.com', '2021-01-06 10:15:32', NULL, 'GB', 'EX14 5HN', 'ROBOROUGH', ''),
(13, NULL, '', 'bbbbb', 'bbbbb', 'iohmldiokclm@abbuzz.com', '2021-01-06 10:15:31', NULL, 'GB', 'EX14 5HN', 'ROBOROUGH', ''),
(14, NULL, '', 'bbbbb', 'bbbbb', 'odiuzdokhkar@abbuzz.com', '2021-01-08 00:49:53', NULL, 'GB', 'EX14 5HN', 'ROBOROUGH', ''),
(15, NULL, '', 'bbbbb', 'bbbbb', 'xqhggupzqszp@abbuzz.com', '2021-01-08 00:50:38', NULL, 'GB', 'EX14 5HN', 'ROBOROUGH', ''),
(16, NULL, '', 'bbbbb', 'bbbbb', 'ueidmbsltmbi@abbuzz.com', '2021-01-20 16:47:53', NULL, 'GB', 'EX14 5HN', 'ROBOROUGH', ''),
(17, NULL, '', 'bbbbb', 'bbbbb', 'xnvzuxrrbtmh@abbuzz.com', '2021-01-20 16:48:13', NULL, 'GB', 'EX14 5HN', 'ROBOROUGH', ''),
(18, NULL, '', 'bbbbb', 'bbbbb', 'vheueetbavfb@abbuzz.com', '2021-01-21 04:29:38', NULL, 'GB', 'EX14 5HN', 'ROBOROUGH', ''),
(19, NULL, '', 'bbbbb', 'bbbbb', 'fviealvwtxii@abbuzz.com', '2021-01-21 04:29:44', NULL, 'GB', 'EX14 5HN', 'ROBOROUGH', ''),
(20, NULL, '', 'bbbbb', 'bbbbb', 'wdxmgptibesv@abbuzz.com', '2021-01-22 23:18:34', NULL, 'GB', 'EX14 5HN', 'ROBOROUGH', ''),
(21, NULL, '', 'bbbbb', 'bbbbb', 'pmovrwmgfuqk@abbuzz.com', '2021-01-22 23:19:34', NULL, 'GB', 'EX14 5HN', 'ROBOROUGH', ''),
(22, NULL, '', 'Astra', 'Lang', 'vugotu@mailinator.com', '2022-04-08 16:34:44', NULL, 'GR', '83802', 'Nesciunt ea at quib', 'K'),
(23, NULL, '', 'Amanda', 'Merrigan', 'merrigana1@gmail.com', '2022-05-28 16:10:38', NULL, 'US', '08353', 'Shiloh', 'NJ'),
(24, 4, 'leland.deford', 'Leland', 'DeFord', 'ledeford@gmail.com', '2022-09-01 16:56:28', '2022-09-01 16:56:28', 'US', '88355', 'Ruidoso', 'NM'),
(25, NULL, '', 'Beth', 'Schafer', 'bethsbandit@yahoo.com', '2022-09-06 00:13:55', NULL, 'US', '80918', 'Colorado Springs', 'CO'),
(26, NULL, '', 'Claudia', 'Suarez Pedraza', 'sariah.suarez@gmail.com', '2022-10-13 02:41:53', NULL, 'US', '89002', 'Henderson', 'NV'),
(27, 14, 'aida.zerabruk', 'Aida', 'Zerabruk', 'aidaazerabruk@gmail.com', '2023-09-18 00:16:51', '2023-09-18 00:16:51', 'US', '85048', 'Phoenix', 'AZ'),
(28, 15, 'tcqnxm.qmmmmdh', '', '', 'tcQnxM.qmmmmdh@chiffon.fun', '2023-10-27 00:00:00', '2023-10-27 01:21:44', '', '', '', ''),
(29, 16, 'ukmmvt.hwchtbh', '', '', 'UKMmVt.hwchtbh@monochord.xyz', '2023-11-13 00:00:00', '2023-11-13 23:17:07', '', '', '', ''),
(30, 17, 'ykqthk.qbdmhpw', '', '', 'yKqThk.qbdmhpw@rottack.autos', '2023-11-20 00:00:00', '2023-11-20 08:15:59', '', '', '', ''),
(31, 18, 'qnqwud.qhqqqjc', '', '', 'qnqWud.qhqqqjc@scranch.shop', '2023-11-24 00:00:00', '2023-11-24 22:05:26', '', '', '', ''),
(32, 19, 'iapjix.qhhbwbh', '', '', 'iaPjiX.qhhbwbh@scranch.shop', '2023-11-24 00:00:00', '2023-11-24 23:01:18', '', '', '', ''),
(33, 20, 'xtw1838761d6', '', '', 'xtw18387+61d6@outlook.com', '2023-12-05 00:00:00', '2023-12-05 20:50:41', '', '', '', ''),
(34, 21, 'odvqed.qbwhjch', '', '', 'odVqed.qbwhjch@spinapp.bar', '2023-12-06 00:00:00', '2023-12-06 01:57:18', '', '', '', ''),
(35, 22, 'wiulxw.hcpqdqh', '', '', 'wIULxw.hcpqdqh@tonetics.biz', '2023-12-12 00:00:00', '2023-12-12 14:56:26', '', '', '', '');

-- --------------------------------------------------------

--
-- Table structure for table `wp_wc_download_log`
--

CREATE TABLE `wp_wc_download_log` (
  `download_log_id` bigint(20) UNSIGNED NOT NULL,
  `timestamp` datetime NOT NULL,
  `permission_id` bigint(20) UNSIGNED NOT NULL,
  `user_id` bigint(20) UNSIGNED DEFAULT NULL,
  `user_ip_address` varchar(100) COLLATE utf8mb4_unicode_ci DEFAULT ''
) ENGINE=MyISAM DEFAULT CHARSET=utf8mb4 COLLATE=utf8mb4_unicode_ci;

-- --------------------------------------------------------

--
-- Table structure for table `wp_wc_orders`
--

CREATE TABLE `wp_wc_orders` (
  `id` bigint(20) UNSIGNED NOT NULL,
  `status` varchar(20) COLLATE utf8mb4_unicode_520_ci DEFAULT NULL,
  `currency` varchar(10) COLLATE utf8mb4_unicode_520_ci DEFAULT NULL,
  `type` varchar(20) COLLATE utf8mb4_unicode_520_ci DEFAULT NULL,
  `tax_amount` decimal(26,8) DEFAULT NULL,
  `total_amount` decimal(26,8) DEFAULT NULL,
  `customer_id` bigint(20) UNSIGNED DEFAULT NULL,
  `billing_email` varchar(320) COLLATE utf8mb4_unicode_520_ci DEFAULT NULL,
  `date_created_gmt` datetime DEFAULT NULL,
  `date_updated_gmt` datetime DEFAULT NULL,
  `parent_order_id` bigint(20) UNSIGNED DEFAULT NULL,
  `payment_method` varchar(100) COLLATE utf8mb4_unicode_520_ci DEFAULT NULL,
  `payment_method_title` text COLLATE utf8mb4_unicode_520_ci,
  `transaction_id` varchar(100) COLLATE utf8mb4_unicode_520_ci DEFAULT NULL,
  `ip_address` varchar(100) COLLATE utf8mb4_unicode_520_ci DEFAULT NULL,
  `user_agent` text COLLATE utf8mb4_unicode_520_ci,
  `customer_note` text COLLATE utf8mb4_unicode_520_ci
) ENGINE=InnoDB DEFAULT CHARSET=utf8mb4 COLLATE=utf8mb4_unicode_520_ci;

-- --------------------------------------------------------

--
-- Table structure for table `wp_wc_orders_meta`
--

CREATE TABLE `wp_wc_orders_meta` (
  `id` bigint(20) UNSIGNED NOT NULL,
  `order_id` bigint(20) UNSIGNED DEFAULT NULL,
  `meta_key` varchar(255) COLLATE utf8mb4_unicode_520_ci DEFAULT NULL,
  `meta_value` text COLLATE utf8mb4_unicode_520_ci
) ENGINE=InnoDB DEFAULT CHARSET=utf8mb4 COLLATE=utf8mb4_unicode_520_ci;

-- --------------------------------------------------------

--
-- Table structure for table `wp_wc_order_addresses`
--

CREATE TABLE `wp_wc_order_addresses` (
  `id` bigint(20) UNSIGNED NOT NULL,
  `order_id` bigint(20) UNSIGNED NOT NULL,
  `address_type` varchar(20) COLLATE utf8mb4_unicode_520_ci DEFAULT NULL,
  `first_name` text COLLATE utf8mb4_unicode_520_ci,
  `last_name` text COLLATE utf8mb4_unicode_520_ci,
  `company` text COLLATE utf8mb4_unicode_520_ci,
  `address_1` text COLLATE utf8mb4_unicode_520_ci,
  `address_2` text COLLATE utf8mb4_unicode_520_ci,
  `city` text COLLATE utf8mb4_unicode_520_ci,
  `state` text COLLATE utf8mb4_unicode_520_ci,
  `postcode` text COLLATE utf8mb4_unicode_520_ci,
  `country` text COLLATE utf8mb4_unicode_520_ci,
  `email` varchar(320) COLLATE utf8mb4_unicode_520_ci DEFAULT NULL,
  `phone` varchar(100) COLLATE utf8mb4_unicode_520_ci DEFAULT NULL
) ENGINE=InnoDB DEFAULT CHARSET=utf8mb4 COLLATE=utf8mb4_unicode_520_ci;

-- --------------------------------------------------------

--
-- Table structure for table `wp_wc_order_coupon_lookup`
--

CREATE TABLE `wp_wc_order_coupon_lookup` (
  `order_id` bigint(20) UNSIGNED NOT NULL,
  `coupon_id` bigint(20) NOT NULL,
  `date_created` datetime NOT NULL DEFAULT '0000-00-00 00:00:00',
  `discount_amount` double NOT NULL DEFAULT '0'
) ENGINE=MyISAM DEFAULT CHARSET=utf8mb4 COLLATE=utf8mb4_unicode_ci;

-- --------------------------------------------------------

--
-- Table structure for table `wp_wc_order_operational_data`
--

CREATE TABLE `wp_wc_order_operational_data` (
  `id` bigint(20) UNSIGNED NOT NULL,
  `order_id` bigint(20) UNSIGNED DEFAULT NULL,
  `created_via` varchar(100) COLLATE utf8mb4_unicode_520_ci DEFAULT NULL,
  `woocommerce_version` varchar(20) COLLATE utf8mb4_unicode_520_ci DEFAULT NULL,
  `prices_include_tax` tinyint(1) DEFAULT NULL,
  `coupon_usages_are_counted` tinyint(1) DEFAULT NULL,
  `download_permission_granted` tinyint(1) DEFAULT NULL,
  `cart_hash` varchar(100) COLLATE utf8mb4_unicode_520_ci DEFAULT NULL,
  `new_order_email_sent` tinyint(1) DEFAULT NULL,
  `order_key` varchar(100) COLLATE utf8mb4_unicode_520_ci DEFAULT NULL,
  `order_stock_reduced` tinyint(1) DEFAULT NULL,
  `date_paid_gmt` datetime DEFAULT NULL,
  `date_completed_gmt` datetime DEFAULT NULL,
  `shipping_tax_amount` decimal(26,8) DEFAULT NULL,
  `shipping_total_amount` decimal(26,8) DEFAULT NULL,
  `discount_tax_amount` decimal(26,8) DEFAULT NULL,
  `discount_total_amount` decimal(26,8) DEFAULT NULL,
  `recorded_sales` tinyint(1) DEFAULT NULL
) ENGINE=InnoDB DEFAULT CHARSET=utf8mb4 COLLATE=utf8mb4_unicode_520_ci;

-- --------------------------------------------------------

--
-- Table structure for table `wp_wc_order_product_lookup`
--

CREATE TABLE `wp_wc_order_product_lookup` (
  `order_item_id` bigint(20) UNSIGNED NOT NULL,
  `order_id` bigint(20) UNSIGNED NOT NULL,
  `product_id` bigint(20) UNSIGNED NOT NULL,
  `variation_id` bigint(20) UNSIGNED NOT NULL,
  `customer_id` bigint(20) UNSIGNED DEFAULT NULL,
  `date_created` datetime NOT NULL DEFAULT '0000-00-00 00:00:00',
  `product_qty` int(11) NOT NULL,
  `product_net_revenue` double NOT NULL DEFAULT '0',
  `product_gross_revenue` double NOT NULL DEFAULT '0',
  `coupon_amount` double NOT NULL DEFAULT '0',
  `tax_amount` double NOT NULL DEFAULT '0',
  `shipping_amount` double NOT NULL DEFAULT '0',
  `shipping_tax_amount` double NOT NULL DEFAULT '0'
) ENGINE=MyISAM DEFAULT CHARSET=utf8mb4 COLLATE=utf8mb4_unicode_ci;

--
-- Dumping data for table `wp_wc_order_product_lookup`
--

INSERT INTO `wp_wc_order_product_lookup` (`order_item_id`, `order_id`, `product_id`, `variation_id`, `customer_id`, `date_created`, `product_qty`, `product_net_revenue`, `product_gross_revenue`, `coupon_amount`, `tax_amount`, `shipping_amount`, `shipping_tax_amount`) VALUES
(15, 1255, 999, 0, 2, '2020-11-24 01:14:33', 1, 10, 11.198, 0, 0, 1.198, 0),
(16, 1255, 644, 0, 2, '2020-11-24 01:14:33', 1, 7.99, 9.188, 0, 0, 1.198, 0),
(17, 1255, 1032, 0, 2, '2020-11-24 01:14:33', 1, 15, 16.198, 0, 0, 1.198, 0),
(18, 1255, 948, 0, 2, '2020-11-24 01:14:33', 1, 8.5, 9.698, 0, 0, 1.198, 0),
(19, 1255, 661, 0, 2, '2020-11-24 01:14:33', 1, 7.99, 9.188, 0, 0, 1.198, 0),
(21, 1264, 950, 0, 3, '2020-11-29 15:11:00', 1, 6.49, 8.486667, 0, 0, 1.996667, 0),
(22, 1264, 945, 0, 3, '2020-11-29 15:11:00', 1, 6.49, 8.486667, 0, 0, 1.996667, 0),
(23, 1264, 688, 0, 3, '2020-11-29 15:11:00', 1, 5.99, 7.986667, 0, 0, 1.996667, 0),
(30, 1269, 634, 0, 5, '2020-12-02 12:00:56', 1, 7.99, 9.188, 0, 0, 1.198, 0),
(31, 1269, 657, 0, 5, '2020-12-02 12:00:56', 1, 7.99, 9.188, 0, 0, 1.198, 0),
(32, 1269, 645, 0, 5, '2020-12-02 12:00:56', 1, 7.99, 9.188, 0, 0, 1.198, 0),
(33, 1269, 642, 0, 5, '2020-12-02 12:00:56', 1, 10, 11.198, 0, 0, 1.198, 0),
(34, 1269, 627, 0, 5, '2020-12-02 12:00:56', 1, 6.95, 8.148, 0, 0, 1.198, 0),
(36, 1278, 1157, 0, 6, '2020-12-10 04:35:51', 1, 12, 12.998333, 0, 0, 0.998333, 0),
(37, 1278, 956, 0, 6, '2020-12-10 04:35:51', 1, 8.95, 9.948333, 0, 0, 0.998333, 0),
(38, 1278, 955, 0, 6, '2020-12-10 04:35:51', 1, 9.99, 10.988333, 0, 0, 0.998333, 0),
(39, 1278, 764, 0, 6, '2020-12-10 04:35:51', 1, 8.5, 9.498333, 0, 0, 0.998333, 0),
(40, 1278, 1032, 0, 6, '2020-12-10 04:35:51', 1, 15, 15.998333, 0, 0, 0.998333, 0),
(41, 1278, 660, 0, 6, '2020-12-10 04:35:51', 1, 11.99, 12.988333, 0, 0, 0.998333, 0),
(43, 1280, 627, 0, 7, '2020-12-29 12:58:21', 3, 20.85, 26.84, 0, 0, 5.99, 0),
(45, 1281, 627, 0, 8, '2020-12-29 22:34:33', 1, 6.95, 12.94, 0, 0, 5.99, 0),
(47, 1282, 627, 0, 9, '2020-12-29 22:36:56', 1, 6.95, 12.94, 0, 0, 5.99, 0),
(49, 1283, 627, 0, 10, '2021-01-01 21:14:23', 1, 6.95, 12.94, 0, 0, 5.99, 0),
(51, 1284, 627, 0, 11, '2021-01-01 21:19:46', 1, 6.95, 12.94, 0, 0, 5.99, 0),
(53, 1285, 627, 0, 13, '2021-01-06 02:15:31', 1, 6.95, 12.94, 0, 0, 5.99, 0),
(55, 1286, 627, 0, 12, '2021-01-06 02:15:32', 1, 6.95, 12.94, 0, 0, 5.99, 0),
(57, 1287, 627, 0, 14, '2021-01-07 16:49:53', 1, 6.95, 12.94, 0, 0, 5.99, 0),
(59, 1288, 627, 0, 15, '2021-01-07 16:50:38', 1, 6.95, 12.94, 0, 0, 5.99, 0),
(61, 1289, 627, 0, 16, '2021-01-20 08:47:53', 1, 6.95, 12.94, 0, 0, 5.99, 0),
(63, 1290, 627, 0, 17, '2021-01-20 08:48:13', 1, 6.95, 12.94, 0, 0, 5.99, 0),
(65, 1291, 627, 0, 18, '2021-01-20 20:29:38', 1, 6.95, 12.94, 0, 0, 5.99, 0),
(67, 1292, 627, 0, 19, '2021-01-20 20:29:44', 1, 6.95, 12.94, 0, 0, 5.99, 0),
(69, 1293, 627, 0, 20, '2021-01-22 15:18:34', 1, 6.95, 12.94, 0, 0, 5.99, 0),
(71, 1294, 627, 0, 21, '2021-01-22 15:19:34', 1, 6.95, 12.94, 0, 0, 5.99, 0),
(73, 1630, 1034, 0, 22, '2022-04-08 16:34:44', 1, 12, 17.99, 0, 0, 5.99, 0),
(75, 1807, 1803, 0, 1, '2022-05-02 01:32:49', 1, 6.5, 12.49, 0, 0, 5.99, 0),
(77, 1816, 698, 0, 23, '2022-05-28 16:10:38', 1, 8.5, 9.9975, 0, 0, 1.4975, 0),
(78, 1816, 1744, 0, 23, '2022-05-28 16:10:38', 1, 8, 9.4975, 0, 0, 1.4975, 0),
(79, 1816, 945, 0, 23, '2022-05-28 16:10:38', 1, 5, 6.4975, 0, 0, 1.4975, 0),
(80, 1816, 713, 0, 23, '2022-05-28 16:10:38', 1, 15, 16.4975, 0, 0, 1.4975, 0),
(82, 1833, 1777, 0, 24, '2022-09-01 16:56:28', 2, 14, 19.99, 0, 0, 5.99, 0),
(84, 1836, 1636, 0, 25, '2022-09-06 00:13:55', 1, 15, 17.995, 0, 0, 2.995, 0),
(85, 1836, 764, 0, 25, '2022-09-06 00:13:55', 1, 15, 17.995, 0, 0, 2.995, 0),
(87, 1967, 941, 0, 26, '2022-10-12 21:41:53', 3, 0, 2.567143, 0, 0, 2.567143, 0),
(88, 1967, 955, 0, 26, '2022-10-12 21:41:53', 1, 9, 9.855714, 0, 0, 0.855714, 0),
(89, 1967, 945, 0, 26, '2022-10-12 21:41:53', 1, 5, 5.855714, 0, 0, 0.855714, 0),
(90, 1967, 1884, 0, 26, '2022-10-12 21:41:53', 1, 10, 10.855714, 0, 0, 0.855714, 0),
(91, 1967, 1032, 0, 26, '2022-10-12 21:41:53', 1, 13.5, 14.355714, 0, 0, 0.855714, 0),
(93, 2102, 1030, 0, 27, '2023-09-17 19:16:51', 1, 15, 16.4975, 0, 0, 1.4975, 0),
(94, 2102, 1738, 0, 27, '2023-09-17 19:16:51', 2, 17, 19.995, 0, 0, 2.995, 0),
(95, 2102, 631, 0, 27, '2023-09-17 19:16:51', 1, 9, 10.4975, 0, 0, 1.4975, 0);

-- --------------------------------------------------------

--
-- Table structure for table `wp_wc_order_stats`
--

CREATE TABLE `wp_wc_order_stats` (
  `order_id` bigint(20) UNSIGNED NOT NULL,
  `parent_id` bigint(20) UNSIGNED NOT NULL DEFAULT '0',
  `date_created` datetime NOT NULL DEFAULT '0000-00-00 00:00:00',
  `date_created_gmt` datetime NOT NULL DEFAULT '0000-00-00 00:00:00',
  `num_items_sold` int(11) NOT NULL DEFAULT '0',
  `total_sales` double NOT NULL DEFAULT '0',
  `tax_total` double NOT NULL DEFAULT '0',
  `shipping_total` double NOT NULL DEFAULT '0',
  `net_total` double NOT NULL DEFAULT '0',
  `returning_customer` tinyint(1) DEFAULT NULL,
  `status` varchar(200) COLLATE utf8mb4_unicode_ci NOT NULL,
  `customer_id` bigint(20) UNSIGNED NOT NULL,
  `date_paid` datetime DEFAULT '0000-00-00 00:00:00',
  `date_completed` datetime DEFAULT '0000-00-00 00:00:00'
) ENGINE=MyISAM DEFAULT CHARSET=utf8mb4 COLLATE=utf8mb4_unicode_ci;

--
-- Dumping data for table `wp_wc_order_stats`
--

INSERT INTO `wp_wc_order_stats` (`order_id`, `parent_id`, `date_created`, `date_created_gmt`, `num_items_sold`, `total_sales`, `tax_total`, `shipping_total`, `net_total`, `returning_customer`, `status`, `customer_id`, `date_paid`, `date_completed`) VALUES
(1255, 0, '2020-11-24 01:14:33', '2020-11-24 01:14:33', 5, 55.47, 0, 5.99, 49.48, 0, 'wc-completed', 2, '0000-00-00 00:00:00', '0000-00-00 00:00:00'),
(1264, 0, '2020-11-29 15:11:00', '2020-11-29 15:11:00', 3, 24.96, 0, 5.99, 18.97, 0, 'wc-completed', 3, '0000-00-00 00:00:00', '0000-00-00 00:00:00'),
(1269, 0, '2020-12-02 12:00:56', '2020-12-02 12:00:56', 5, 46.91, 0, 5.99, 40.92, 0, 'wc-completed', 5, '0000-00-00 00:00:00', '0000-00-00 00:00:00'),
(1278, 0, '2020-12-10 04:35:51', '2020-12-10 04:35:51', 6, 72.42, 0, 5.99, 66.43, 0, 'wc-completed', 6, '0000-00-00 00:00:00', '0000-00-00 00:00:00'),
(1280, 0, '2020-12-29 12:58:21', '2020-12-29 12:58:21', 3, 26.84, 0, 5.99, 20.85, 0, 'wc-completed', 7, '0000-00-00 00:00:00', '0000-00-00 00:00:00'),
(1281, 0, '2020-12-29 22:34:33', '2020-12-29 22:34:33', 1, 12.94, 0, 5.99, 6.95, 0, 'wc-trash', 8, '0000-00-00 00:00:00', '0000-00-00 00:00:00'),
(1282, 0, '2020-12-29 22:36:56', '2020-12-29 22:36:56', 1, 12.94, 0, 5.99, 6.95, 0, 'wc-trash', 9, '0000-00-00 00:00:00', '0000-00-00 00:00:00'),
(1283, 0, '2021-01-01 21:14:23', '2021-01-01 21:14:23', 1, 12.94, 0, 5.99, 6.95, 0, 'wc-trash', 10, '0000-00-00 00:00:00', '0000-00-00 00:00:00'),
(1284, 0, '2021-01-01 21:19:46', '2021-01-01 21:19:46', 1, 12.94, 0, 5.99, 6.95, 0, 'wc-trash', 11, '0000-00-00 00:00:00', '0000-00-00 00:00:00'),
(1285, 0, '2021-01-06 02:15:31', '2021-01-06 02:15:31', 1, 12.94, 0, 5.99, 6.95, 0, 'wc-trash', 13, '0000-00-00 00:00:00', '0000-00-00 00:00:00'),
(1286, 0, '2021-01-06 02:15:32', '2021-01-06 02:15:32', 1, 12.94, 0, 5.99, 6.95, 0, 'wc-trash', 12, '0000-00-00 00:00:00', '0000-00-00 00:00:00'),
(1287, 0, '2021-01-07 16:49:53', '2021-01-07 16:49:53', 1, 12.94, 0, 5.99, 6.95, 0, 'wc-trash', 14, '0000-00-00 00:00:00', '0000-00-00 00:00:00'),
(1288, 0, '2021-01-07 16:50:38', '2021-01-07 16:50:38', 1, 12.94, 0, 5.99, 6.95, 0, 'wc-trash', 15, '0000-00-00 00:00:00', '0000-00-00 00:00:00'),
(1289, 0, '2021-01-20 08:47:53', '2021-01-20 08:47:53', 1, 12.94, 0, 5.99, 6.95, 0, 'wc-cancelled', 16, '0000-00-00 00:00:00', '0000-00-00 00:00:00'),
(1290, 0, '2021-01-20 08:48:13', '2021-01-20 08:48:13', 1, 12.94, 0, 5.99, 6.95, 0, 'wc-cancelled', 17, '0000-00-00 00:00:00', '0000-00-00 00:00:00'),
(1291, 0, '2021-01-20 20:29:38', '2021-01-20 20:29:38', 1, 12.94, 0, 5.99, 6.95, 0, 'wc-cancelled', 18, '0000-00-00 00:00:00', '0000-00-00 00:00:00'),
(1292, 0, '2021-01-20 20:29:44', '2021-01-20 20:29:44', 1, 12.94, 0, 5.99, 6.95, 0, 'wc-cancelled', 19, '0000-00-00 00:00:00', '0000-00-00 00:00:00'),
(1293, 0, '2021-01-22 15:18:34', '2021-01-22 15:18:34', 1, 12.94, 0, 5.99, 6.95, 0, 'wc-cancelled', 20, '0000-00-00 00:00:00', '0000-00-00 00:00:00'),
(1294, 0, '2021-01-22 15:19:34', '2021-01-22 15:19:34', 1, 12.94, 0, 5.99, 6.95, 0, 'wc-cancelled', 21, '0000-00-00 00:00:00', '0000-00-00 00:00:00'),
(1630, 0, '2022-04-08 16:34:44', '2022-04-08 16:34:44', 1, 17.99, 0, 5.99, 12, 0, 'wc-cancelled', 22, '0000-00-00 00:00:00', '0000-00-00 00:00:00'),
(1807, 0, '2022-05-02 01:32:49', '2022-05-02 01:32:49', 1, 12.49, 0, 5.99, 6.5, 0, 'wc-refunded', 1, '0000-00-00 00:00:00', '0000-00-00 00:00:00'),
(1808, 1807, '2022-05-04 05:43:46', '2022-05-04 05:43:46', 0, -12.49, 0, 0, -12.49, NULL, 'wc-refunded', 1, '0000-00-00 00:00:00', '0000-00-00 00:00:00'),
(1816, 0, '2022-05-28 16:10:38', '2022-05-28 16:10:38', 4, 42.49, 0, 5.99, 36.5, 0, 'wc-completed', 23, '0000-00-00 00:00:00', '0000-00-00 00:00:00'),
(1833, 0, '2022-09-01 16:56:28', '2022-09-01 16:56:28', 2, 19.99, 0, 5.99, 14, 0, 'wc-completed', 24, '0000-00-00 00:00:00', '0000-00-00 00:00:00'),
(1836, 0, '2022-09-06 00:13:55', '2022-09-06 00:13:55', 2, 35.99, 0, 5.99, 30, 0, 'wc-completed', 25, '0000-00-00 00:00:00', '0000-00-00 00:00:00'),
(1967, 0, '2022-10-12 21:41:53', '2022-10-13 02:41:53', 7, 43.49, 0, 5.99, 37.5, 0, 'wc-completed', 26, '0000-00-00 00:00:00', '0000-00-00 00:00:00'),
(2102, 0, '2023-09-17 19:16:51', '2023-09-18 00:16:51', 4, 46.99, 0, 5.99, 41, 0, 'wc-completed', 27, '0000-00-00 00:00:00', '0000-00-00 00:00:00');

-- --------------------------------------------------------

--
-- Table structure for table `wp_wc_order_tax_lookup`
--

CREATE TABLE `wp_wc_order_tax_lookup` (
  `order_id` bigint(20) UNSIGNED NOT NULL,
  `tax_rate_id` bigint(20) UNSIGNED NOT NULL,
  `date_created` datetime NOT NULL DEFAULT '0000-00-00 00:00:00',
  `shipping_tax` double NOT NULL DEFAULT '0',
  `order_tax` double NOT NULL DEFAULT '0',
  `total_tax` double NOT NULL DEFAULT '0'
) ENGINE=MyISAM DEFAULT CHARSET=utf8mb4 COLLATE=utf8mb4_unicode_ci;

-- --------------------------------------------------------

--
-- Table structure for table `wp_wc_product_attributes_lookup`
--

CREATE TABLE `wp_wc_product_attributes_lookup` (
  `product_id` bigint(20) NOT NULL,
  `product_or_parent_id` bigint(20) NOT NULL,
  `taxonomy` varchar(32) COLLATE utf8mb4_unicode_ci NOT NULL,
  `term_id` bigint(20) NOT NULL,
  `is_variation_attribute` tinyint(1) NOT NULL,
  `in_stock` tinyint(1) NOT NULL
) ENGINE=InnoDB DEFAULT CHARSET=utf8mb4 COLLATE=utf8mb4_unicode_ci;

-- --------------------------------------------------------

--
-- Table structure for table `wp_wc_product_download_directories`
--

CREATE TABLE `wp_wc_product_download_directories` (
  `url_id` bigint(20) UNSIGNED NOT NULL,
  `url` varchar(256) COLLATE utf8mb4_unicode_520_ci NOT NULL,
  `enabled` tinyint(1) NOT NULL DEFAULT '0'
) ENGINE=InnoDB DEFAULT CHARSET=utf8mb4 COLLATE=utf8mb4_unicode_520_ci;

-- --------------------------------------------------------

--
-- Table structure for table `wp_wc_product_meta_lookup`
--

CREATE TABLE `wp_wc_product_meta_lookup` (
  `product_id` bigint(20) NOT NULL,
  `sku` varchar(100) COLLATE utf8mb4_unicode_ci DEFAULT '',
  `virtual` tinyint(1) DEFAULT '0',
  `downloadable` tinyint(1) DEFAULT '0',
  `min_price` decimal(19,4) DEFAULT NULL,
  `max_price` decimal(19,4) DEFAULT NULL,
  `onsale` tinyint(1) DEFAULT '0',
  `stock_quantity` double DEFAULT NULL,
  `stock_status` varchar(100) COLLATE utf8mb4_unicode_ci DEFAULT 'instock',
  `rating_count` bigint(20) DEFAULT '0',
  `average_rating` decimal(3,2) DEFAULT '0.00',
  `total_sales` bigint(20) DEFAULT '0',
  `tax_status` varchar(100) COLLATE utf8mb4_unicode_ci DEFAULT 'taxable',
  `tax_class` varchar(100) COLLATE utf8mb4_unicode_ci DEFAULT ''
) ENGINE=MyISAM DEFAULT CHARSET=utf8mb4 COLLATE=utf8mb4_unicode_ci;

--
-- Dumping data for table `wp_wc_product_meta_lookup`
--

INSERT INTO `wp_wc_product_meta_lookup` (`product_id`, `sku`, `virtual`, `downloadable`, `min_price`, `max_price`, `onsale`, `stock_quantity`, `stock_status`, `rating_count`, `average_rating`, `total_sales`, `tax_status`, `tax_class`) VALUES
(135, '', 0, 0, 9.9500, 9.9500, 0, 0, 'outofstock', 0, 0.00, 0, 'taxable', ''),
(137, NULL, 0, 0, 0.0000, 0.0000, 0, NULL, NULL, 0, NULL, NULL, NULL, NULL),
(139, NULL, 0, 0, 5.9500, 5.9500, 0, NULL, NULL, 0, NULL, NULL, NULL, NULL),
(141, NULL, 0, 0, 9.9500, 9.9500, 0, NULL, NULL, 0, NULL, NULL, NULL, NULL),
(143, NULL, 0, 0, 4.9500, 4.9500, 0, NULL, NULL, 0, NULL, NULL, NULL, NULL),
(145, '', 0, 0, 3.9500, 3.9500, 0, 5, 'instock', 0, 0.00, 1, 'taxable', ''),
(147, '', 0, 0, 12.0000, 12.0000, 0, 4, 'instock', 1, 5.00, 0, 'taxable', ''),
(149, NULL, 0, 0, 9.9500, 9.9500, 0, NULL, NULL, 0, NULL, NULL, NULL, NULL),
(575, NULL, 0, 0, 0.0000, 0.0000, 0, NULL, NULL, 0, NULL, NULL, NULL, NULL),
(627, '', 0, 0, 8.5000, 8.5000, 0, 22, 'instock', 1, 5.00, 6, 'taxable', ''),
(630, '', 0, 0, 7.5000, 7.5000, 0, 0, 'outofstock', 1, 5.00, 0, 'taxable', ''),
(631, '', 0, 0, 9.0000, 9.0000, 1, 2, 'instock', 0, 0.00, 1, 'taxable', ''),
(634, '', 0, 0, 9.0000, 9.0000, 1, 0, 'outofstock', 0, 0.00, 1, 'taxable', ''),
(635, '', 0, 0, 15.0000, 15.0000, 0, 0, 'outofstock', 0, 0.00, 0, 'taxable', ''),
(642, '', 0, 0, 10.0000, 10.0000, 0, 0, 'outofstock', 0, 0.00, 2, 'taxable', ''),
(644, '', 0, 0, 7.9900, 7.9900, 1, 0, 'outofstock', 1, 5.00, 2, 'taxable', ''),
(645, '', 0, 0, 7.9900, 7.9900, 1, 10, 'instock', 0, 0.00, 1, 'taxable', ''),
(657, '', 0, 0, 7.9900, 7.9900, 1, 0, 'outofstock', 0, 0.00, 2, 'taxable', ''),
(660, '', 0, 0, 10.0000, 10.0000, 1, 0, 'outofstock', 1, 5.00, 2, 'taxable', ''),
(661, '', 0, 0, 7.9900, 7.9900, 1, 0, 'outofstock', 0, 0.00, 1, 'taxable', ''),
(674, '', 0, 0, 10.0000, 10.0000, 1, 5, 'instock', 1, 5.00, 0, 'taxable', ''),
(675, NULL, 0, 0, 4.0000, 4.0000, 0, NULL, NULL, 0, NULL, NULL, NULL, NULL),
(676, '', 0, 0, 12.0000, 12.0000, 0, 0, 'outofstock', 0, 0.00, 0, 'taxable', ''),
(677, NULL, 0, 0, 9.9500, 9.9500, 0, NULL, NULL, 0, NULL, NULL, NULL, NULL),
(680, NULL, 0, 0, 12.0000, 12.0000, 0, NULL, NULL, 0, NULL, NULL, NULL, NULL),
(682, NULL, 0, 0, 7.0000, 7.0000, 0, NULL, NULL, 0, NULL, NULL, NULL, NULL),
(684, '', 0, 0, 9.9500, 9.9500, 1, 0, 'outofstock', 1, 5.00, 0, 'taxable', ''),
(686, NULL, 0, 0, 10.0000, 10.0000, 0, NULL, NULL, 0, NULL, NULL, NULL, NULL),
(688, '', 0, 0, 15.0000, 15.0000, 0, 2, 'instock', 1, 5.00, 1, 'taxable', ''),
(690, NULL, 0, 0, 7.9900, 7.9900, 0, NULL, NULL, 0, NULL, NULL, NULL, NULL),
(692, '', 0, 0, 5.9900, 5.9900, 1, 0, 'outofstock', 0, 0.00, 0, 'taxable', ''),
(694, '', 0, 0, 10.0000, 10.0000, 0, 7, 'instock', 0, 0.00, 0, 'taxable', ''),
(696, '', 0, 0, 7.9900, 7.9900, 1, 0, 'outofstock', 0, 0.00, 0, 'taxable', ''),
(697, '', 0, 0, 8.5000, 8.5000, 1, 0, 'outofstock', 1, 5.00, 0, 'taxable', ''),
(698, '', 0, 0, 8.5000, 8.5000, 1, 0, 'outofstock', 1, 5.00, 2, 'taxable', ''),
(702, '', 0, 0, 7.9900, 7.9900, 1, 2, 'instock', 0, 0.00, 0, 'taxable', ''),
(713, '', 0, 0, 15.0000, 15.0000, 0, 5, 'instock', 3, 5.00, 2, 'taxable', ''),
(756, '', 0, 0, 12.0000, 12.0000, 1, 1, 'instock', 0, 0.00, 0, 'taxable', ''),
(763, '', 0, 0, 8.0000, 8.0000, 0, 2, 'instock', 0, 0.00, 1, 'taxable', ''),
(764, '', 0, 0, 15.0000, 15.0000, 0, 10, 'instock', 4, 5.00, 2, 'taxable', ''),
(781, NULL, 0, 0, 7.9900, 7.9900, 1, 0, 'outofstock', 0, 0.00, 0, 'taxable', ''),
(789, NULL, 0, 0, 4.0000, 4.0000, 0, NULL, NULL, 0, NULL, NULL, NULL, NULL),
(841, '00000001', 0, 0, 15.0000, 15.0000, 0, 12, 'instock', 1, 5.00, 0, 'taxable', ''),
(867, '', 0, 0, 12.0000, 12.0000, 1, 0, 'outofstock', 0, 0.00, 0, 'taxable', ''),
(889, '', 0, 0, 12.0000, 12.0000, 1, 0, 'outofstock', 0, 0.00, 0, 'taxable', ''),
(890, '', 0, 0, 12.0000, 12.0000, 1, 0, 'outofstock', 1, 5.00, 0, 'taxable', ''),
(891, '', 0, 0, 12.0000, 12.0000, 1, 0, 'outofstock', 0, 0.00, 0, 'taxable', ''),
(895, '', 0, 0, 15.0000, 15.0000, 0, 6, 'instock', 0, 0.00, 0, 'taxable', ''),
(941, '', 0, 0, 12.0000, 12.0000, 0, 2, 'instock', 0, 0.00, 3, 'taxable', ''),
(945, '', 0, 0, 5.0000, 5.0000, 1, 1, 'instock', 0, 0.00, 3, 'taxable', ''),
(948, '', 0, 0, 10.0000, 10.0000, 0, 3, 'instock', 0, 0.00, 1, 'taxable', ''),
(950, '', 0, 0, 15.0000, 15.0000, 0, 5, 'instock', 1, 5.00, 1, 'taxable', ''),
(953, '', 0, 0, 9.9900, 9.9900, 1, 2, 'instock', 1, 5.00, 0, 'taxable', ''),
(955, '', 0, 0, 7.0000, 7.0000, 1, 2, 'instock', 0, 0.00, 2, 'taxable', ''),
(956, '', 0, 0, 8.9500, 8.9500, 1, 0, 'outofstock', 1, 5.00, 1, 'taxable', ''),
(960, '', 0, 0, 10.0000, 10.0000, 0, 3, 'instock', 2, 5.00, 0, 'taxable', ''),
(999, '', 0, 0, 12.0000, 12.0000, 0, 25, 'instock', 1, 5.00, 1, 'taxable', ''),
(1018, '', 0, 0, 12.0000, 12.0000, 0, 4, 'instock', 0, 0.00, 0, 'taxable', ''),
(1025, '', 0, 0, 15.0000, 15.0000, 0, 25, 'instock', 0, 0.00, 0, 'taxable', ''),
(1030, '', 0, 0, 15.0000, 15.0000, 0, 24, 'instock', 1, 5.00, 1, 'taxable', ''),
(1032, '', 0, 0, 13.0000, 13.0000, 1, 21, 'instock', 1, 5.00, 3, 'taxable', ''),
(1034, NULL, 0, 0, 12.0000, 12.0000, 1, 1000, 'instock', 1, 5.00, 0, 'taxable', ''),
(1094, NULL, 0, 0, 12.5000, 12.5000, 0, 9, NULL, 0, NULL, NULL, NULL, NULL),
(1119, NULL, 0, 0, 10.5000, 10.5000, 0, 9, NULL, 0, NULL, NULL, NULL, NULL),
(1121, '', 0, 0, 12.0000, 12.0000, 0, 10, 'instock', 0, 0.00, 0, 'taxable', ''),
(1154, '', 0, 0, 15.0000, 15.0000, 0, 0, 'outofstock', 0, 0.00, 0, 'taxable', ''),
(1157, '', 0, 0, 12.0000, 12.0000, 0, 0, 'outofstock', 0, 0.00, 1, 'taxable', ''),
(1158, '', 0, 0, 8.5000, 8.5000, 1, 7, 'instock', 0, 0.00, 0, 'taxable', ''),
(1218, '', 0, 0, 7.0000, 7.0000, 1, 10, 'instock', 0, 0.00, 0, 'taxable', ''),
(1230, '', 0, 0, 10.0000, 10.0000, 0, 0, 'outofstock', 0, 0.00, 0, 'taxable', ''),
(1232, '', 0, 0, 9.2500, 9.2500, 0, 10, 'instock', 0, 0.00, 0, 'taxable', ''),
(1253, '', 0, 0, 10.0000, 10.0000, 1, 1, 'instock', 0, 0.00, 0, 'taxable', ''),
(1254, '', 0, 0, 10.0000, 10.0000, 1, 4, 'instock', 0, 0.00, 0, 'taxable', ''),
(1635, '', 0, 0, 10.0000, 10.0000, 1, 9, 'instock', 0, 0.00, 0, 'taxable', ''),
(1636, '', 0, 0, 15.0000, 15.0000, 0, 2, 'instock', 0, 0.00, 1, 'taxable', ''),
(1738, '00015', 0, 0, 8.5000, 8.5000, 1, 14, 'instock', 0, 0.00, 2, 'taxable', ''),
(1744, '', 0, 0, 8.0000, 8.0000, 1, 13, 'instock', 0, 0.00, 1, 'taxable', ''),
(1754, '', 0, 0, 7.5000, 7.5000, 0, 8, 'instock', 0, 0.00, 0, 'taxable', ''),
(1773, '', 0, 0, 15.0000, 15.0000, 0, 7, 'instock', 0, 0.00, 0, 'taxable', ''),
(1777, '', 0, 0, 6.0000, 6.0000, 0, 2, 'instock', 0, 0.00, 2, 'taxable', ''),
(1782, '', 0, 0, 15.0000, 15.0000, 1, 5, 'instock', 0, 0.00, 0, 'taxable', ''),
(1785, '', 0, 0, 19.0000, 19.0000, 0, 4, 'instock', 0, 0.00, 0, 'taxable', ''),
(1795, '', 0, 0, 12.0000, 12.0000, 0, 2, 'instock', 0, 0.00, 0, 'taxable', ''),
(1803, '', 0, 0, 6.5000, 6.5000, 1, 2, 'instock', 0, 0.00, 1, 'taxable', ''),
(1809, '', 0, 0, 15.0000, 15.0000, 1, 22, 'instock', 0, 0.00, 0, 'taxable', ''),
(1822, '', 0, 0, 39.0000, 39.0000, 0, 16, 'instock', 0, 0.00, 0, 'taxable', ''),
(1879, '', 0, 0, 15.0000, 15.0000, 0, 5, 'instock', 0, 0.00, 0, 'taxable', ''),
(1882, '', 0, 0, 7.0000, 7.0000, 0, 10, 'instock', 0, 0.00, 0, 'taxable', ''),
(1884, '', 0, 0, 10.0000, 10.0000, 0, 3, 'instock', 0, 0.00, 1, 'taxable', ''),
(1886, '', 0, 0, 15.0000, 15.0000, 0, 5, 'instock', 0, 0.00, 0, 'taxable', ''),
(1912, '', 0, 0, 12.0000, 12.0000, 0, 8, 'instock', 0, 0.00, 0, 'taxable', ''),
(1929, '', 0, 0, 12.0000, 12.0000, 0, 9, 'instock', 0, 0.00, 0, 'taxable', ''),
(1958, '', 0, 0, 15.0000, 15.0000, 0, 6, 'instock', 0, 0.00, 0, 'taxable', ''),
(1992, '', 0, 0, 7.0000, 7.0000, 0, 6, 'instock', 0, 0.00, 0, 'taxable', ''),
(1994, '', 0, 0, 10.0000, 10.0000, 0, 6, 'instock', 0, 0.00, 0, 'taxable', ''),
(2034, '', 0, 0, 8.0000, 8.0000, 0, 9, 'instock', 0, 0.00, 0, 'taxable', ''),
(2043, '', 0, 0, 12.0000, 12.0000, 0, 9, 'instock', 0, 0.00, 0, 'none', ''),
(2059, '', 0, 0, 9.0000, 9.0000, 0, 10, 'instock', 0, 0.00, 0, 'taxable', ''),
(2065, '', 0, 0, 12.0000, 12.0000, 0, 5, 'instock', 0, 0.00, 0, 'taxable', ''),
(2068, '', 0, 0, 12.0000, 12.0000, 0, 7, 'instock', 0, 0.00, 0, 'taxable', ''),
(2069, '', 0, 0, 6.0000, 6.0000, 0, 7, 'instock', 0, 0.00, 0, 'taxable', ''),
(2070, '', 0, 0, 12.0000, 12.0000, 0, 5, 'instock', 0, 0.00, 0, 'taxable', ''),
(2071, '', 0, 0, 10.0000, 10.0000, 1, 4, 'instock', 0, 0.00, 0, 'taxable', ''),
(2076, '', 0, 0, 6.0000, 6.0000, 1, 5, 'instock', 0, 0.00, 0, 'taxable', ''),
(2080, '', 0, 0, 6.0000, 6.0000, 1, 5, 'instock', 0, 0.00, 0, 'taxable', ''),
(2084, '', 0, 0, 8.0000, 8.0000, 1, 4, 'instock', 0, 0.00, 0, 'taxable', ''),
(2092, '', 0, 0, 10.0000, 10.0000, 0, 3, 'instock', 0, 0.00, 0, 'taxable', ''),
(2093, '', 0, 0, 10.0000, 10.0000, 0, 3, 'instock', 0, 0.00, 0, 'taxable', ''),
(2094, '', 0, 0, 10.0000, 10.0000, 0, 9, 'instock', 0, 0.00, 0, 'taxable', ''),
(2107, '', 0, 0, 15.0000, 15.0000, 0, 9, 'instock', 0, 0.00, 0, 'taxable', ''),
(2112, '', 0, 0, 15.0000, 15.0000, 0, 16, 'instock', 0, 0.00, 0, 'taxable', ''),
(2130, '', 0, 0, 6.0000, 6.0000, 0, NULL, 'instock', 0, 0.00, 0, 'taxable', ''),
(2137, '', 0, 0, 30.0000, 30.0000, 1, NULL, 'instock', 0, 0.00, 0, 'taxable', '');

-- --------------------------------------------------------

--
-- Table structure for table `wp_wc_rate_limits`
--

CREATE TABLE `wp_wc_rate_limits` (
  `rate_limit_id` bigint(20) UNSIGNED NOT NULL,
  `rate_limit_key` varchar(200) COLLATE utf8mb4_unicode_ci NOT NULL,
  `rate_limit_expiry` bigint(20) UNSIGNED NOT NULL,
  `rate_limit_remaining` smallint(6) NOT NULL DEFAULT '0'
) ENGINE=InnoDB DEFAULT CHARSET=utf8mb4 COLLATE=utf8mb4_unicode_ci;

-- --------------------------------------------------------

--
-- Table structure for table `wp_wc_reserved_stock`
--

CREATE TABLE `wp_wc_reserved_stock` (
  `order_id` bigint(20) NOT NULL,
  `product_id` bigint(20) NOT NULL,
  `stock_quantity` double NOT NULL DEFAULT '0',
  `timestamp` datetime NOT NULL DEFAULT '0000-00-00 00:00:00',
  `expires` datetime NOT NULL DEFAULT '0000-00-00 00:00:00'
) ENGINE=MyISAM DEFAULT CHARSET=utf8mb4 COLLATE=utf8mb4_unicode_ci;

--
-- Dumping data for table `wp_wc_reserved_stock`
--

INSERT INTO `wp_wc_reserved_stock` (`order_id`, `product_id`, `stock_quantity`, `timestamp`, `expires`) VALUES
(2126, 2107, 1, '2023-10-02 17:12:31', '2023-10-09 17:12:31');

-- --------------------------------------------------------

--
-- Table structure for table `wp_wc_tax_rate_classes`
--

CREATE TABLE `wp_wc_tax_rate_classes` (
  `tax_rate_class_id` bigint(20) UNSIGNED NOT NULL,
  `name` varchar(200) COLLATE utf8mb4_unicode_ci NOT NULL DEFAULT '',
  `slug` varchar(200) COLLATE utf8mb4_unicode_ci NOT NULL DEFAULT ''
) ENGINE=MyISAM DEFAULT CHARSET=utf8mb4 COLLATE=utf8mb4_unicode_ci;

--
-- Dumping data for table `wp_wc_tax_rate_classes`
--

INSERT INTO `wp_wc_tax_rate_classes` (`tax_rate_class_id`, `name`, `slug`) VALUES
(1, 'Reduced rate', 'reduced-rate'),
(2, 'Zero rate', 'zero-rate');

-- --------------------------------------------------------

--
-- Table structure for table `wp_wc_webhooks`
--

CREATE TABLE `wp_wc_webhooks` (
  `webhook_id` bigint(20) UNSIGNED NOT NULL,
  `status` varchar(200) COLLATE utf8mb4_unicode_ci NOT NULL,
  `name` text COLLATE utf8mb4_unicode_ci NOT NULL,
  `user_id` bigint(20) UNSIGNED NOT NULL,
  `delivery_url` text COLLATE utf8mb4_unicode_ci NOT NULL,
  `secret` text COLLATE utf8mb4_unicode_ci NOT NULL,
  `topic` varchar(200) COLLATE utf8mb4_unicode_ci NOT NULL,
  `date_created` datetime NOT NULL DEFAULT '0000-00-00 00:00:00',
  `date_created_gmt` datetime NOT NULL DEFAULT '0000-00-00 00:00:00',
  `date_modified` datetime NOT NULL DEFAULT '0000-00-00 00:00:00',
  `date_modified_gmt` datetime NOT NULL DEFAULT '0000-00-00 00:00:00',
  `api_version` smallint(6) NOT NULL,
  `failure_count` smallint(6) NOT NULL DEFAULT '0',
  `pending_delivery` tinyint(1) NOT NULL DEFAULT '0'
) ENGINE=MyISAM DEFAULT CHARSET=utf8mb4 COLLATE=utf8mb4_unicode_ci;

-- --------------------------------------------------------

--
-- Table structure for table `wp_wfblockediplog`
--

CREATE TABLE `wp_wfblockediplog` (
  `IP` binary(16) NOT NULL DEFAULT '\0\0\0\0\0\0\0\0\0\0\0\0\0\0\0\0',
  `countryCode` varchar(2) NOT NULL,
  `blockCount` int(10) UNSIGNED NOT NULL DEFAULT '0',
  `unixday` int(10) UNSIGNED NOT NULL,
  `blockType` varchar(50) NOT NULL DEFAULT 'generic'
) ENGINE=MyISAM DEFAULT CHARSET=utf8;

--
-- Dumping data for table `wp_wfblockediplog`
--

INSERT INTO `wp_wfblockediplog` (`IP`, `countryCode`, `blockCount`, `unixday`, `blockType`) VALUES
(0x00000000000000000000ffff31d5bb70, 'TW', 1, 19674, 'waf'),
(0x00000000000000000000ffff9cf91c20, 'SC', 2, 19674, 'waf'),
(0x00000000000000000000ffff33de9e0e, 'CA', 1, 19678, 'waf'),
(0x00000000000000000000ffff5fdeac3c, 'DE', 3, 19676, 'waf'),
(0x00000000000000000000ffff55d7a2f3, 'DE', 49, 19676, 'waf'),
(0x00000000000000000000ffffade077f5, 'US', 1, 19676, 'waf'),
(0x00000000000000000000ffffbc4250e2, 'GB', 1, 19676, 'waf'),
(0x00000000000000000000ffff18b664e6, 'US', 1, 19674, 'waf'),
(0x00000000000000000000ffffb03ebb05, 'RU', 1, 19674, 'waf'),
(0x00000000000000000000ffff3cf8f510, 'TW', 1, 19674, 'waf'),
(0x00000000000000000000ffff4e0a7188, 'PL', 1, 19674, 'waf'),
(0x00000000000000000000ffff5b5cfc8f, 'BG', 2, 19688, 'waf'),
(0x00000000000000000000ffff2b87ad0a, 'US', 3, 19689, 'waf'),
(0x00000000000000000000ffff9de62a4e, 'SG', 12, 19692, 'waf'),
(0x00000000000000000000ffff5b5cf799, 'BG', 2, 19688, 'waf'),
(0x00000000000000000000ffff6e912841, 'AU', 2, 19674, 'waf'),
(0x00000000000000000000ffff63e28f3b, 'CA', 1, 19674, 'waf'),
(0x00000000000000000000ffffc2a9af1a, 'NL', 1, 19688, 'waf'),
(0x00000000000000000000ffff33de9e0e, 'CA', 2, 19688, 'waf'),
(0x00000000000000000000ffff33de9e0e, 'CA', 1, 19687, 'waf'),
(0x00000000000000000000ffffc2261647, 'UA', 1, 19687, 'waf'),
(0x00000000000000000000ffff9cf91c20, 'SC', 2, 19686, 'waf'),
(0x00000000000000000000ffffb9d84606, 'US', 7, 19686, 'waf'),
(0x00000000000000000000ffff33de9e0e, 'CA', 1, 19686, 'waf'),
(0x00000000000000000000ffffc2a9af1a, 'NL', 1, 19683, 'waf'),
(0x00000000000000000000ffff23c90997, 'AU', 1, 19683, 'waf'),
(0x00000000000000000000ffffc2261647, 'UA', 1, 19682, 'waf'),
(0x00000000000000000000ffffc2261647, 'UA', 1, 19681, 'waf'),
(0x00000000000000000000ffff86d174ed, 'US', 1, 19681, 'waf'),
(0x00000000000000000000ffffc2a9af5c, 'NL', 3, 19681, 'waf'),
(0x00000000000000000000ffffbc865061, 'RU', 1, 19681, 'waf'),
(0x00000000000000000000ffff33de9e0e, 'CA', 1, 19699, 'waf'),
(0x00000000000000000000ffff4f89ceb1, 'FI', 6, 19700, 'waf'),
(0x00000000000000000000ffffc2a9af1a, 'NL', 1, 19686, 'waf'),
(0x00000000000000000000ffffc2261647, 'UA', 1, 19686, 'waf'),
(0x00000000000000000000ffff4f89cfe0, 'DE', 4, 19688, 'waf'),
(0x00000000000000000000ffff4f89ceb1, 'FI', 6, 19687, 'waf'),
(0x00000000000000000000ffffade077f5, 'US', 2, 19687, 'waf'),
(0x00000000000000000000ffffc2a9af5c, 'NL', 2, 19687, 'waf'),
(0x00000000000000000000ffff33ffc458, 'FR', 2, 19684, 'waf'),
(0x00000000000000000000ffff5b5cf3d4, 'BG', 2, 19684, 'waf'),
(0x00000000000000000000ffffc2261647, 'UA', 1, 19684, 'waf'),
(0x00000000000000000000ffff23c90997, 'AU', 1, 19688, 'waf'),
(0x00000000000000000000ffff5b5cf799, 'BG', 2, 19681, 'waf'),
(0x00000000000000000000ffff29d8bc5c, 'DE', 12, 19680, 'waf'),
(0x00000000000000000000ffff4f89ceb1, 'FI', 6, 19678, 'waf'),
(0x00000000000000000000ffff4a475bba, 'US', 1, 19678, 'waf'),
(0x00000000000000000000ffffbcc08e7a, 'DE', 1, 19678, 'waf'),
(0x00000000000000000000ffff88257466, 'US', 1, 19678, 'waf'),
(0x00000000000000000000ffff5db0a6d8, 'ES', 1, 19678, 'waf'),
(0x00000000000000000000ffff3d3fb6e9, 'TW', 1, 19677, 'waf'),
(0x00000000000000000000ffffcbbaa6d2, 'HK', 1, 19677, 'waf'),
(0x00000000000000000000ffffdad7c0d5, 'AU', 1, 19677, 'waf'),
(0x00000000000000000000ffff0219b8e5, 'GB', 2, 19676, 'waf'),
(0x00000000000000000000ffff5b5cf8b6, 'BG', 2, 19676, 'waf'),
(0x00000000000000000000ffffc2a9af1a, 'NL', 9, 19675, 'waf'),
(0x00000000000000000000ffff5a9a4fab, 'RU', 1, 19675, 'waf'),
(0x00000000000000000000ffff5b5cfc8f, 'BG', 6, 19674, 'waf'),
(0x00000000000000000000ffffae07ae77, 'CA', 1, 19675, 'waf'),
(0x00000000000000000000ffff68faee68, 'US', 9, 19675, 'waf'),
(0x00000000000000000000ffff60346bd8, 'CA', 1, 19675, 'waf'),
(0x00000000000000000000ffff49550b0a, 'US', 1, 19675, 'waf'),
(0x00000000000000000000ffff59a3d2f9, 'DE', 4, 19685, 'waf'),
(0x00000000000000000000ffff33de9e0e, 'CA', 1, 19685, 'waf'),
(0x00000000000000000000ffffade077f5, 'US', 1, 19685, 'waf'),
(0x00000000000000000000ffff67bff176, 'BD', 20, 19699, 'waf'),
(0x00000000000000000000ffff5b5cfca6, 'BG', 3, 19699, 'waf'),
(0x00000000000000000000ffff5e9c4077, 'BG', 1, 19699, 'waf'),
(0x00000000000000000000ffff4f89ceb1, 'FI', 6, 19693, 'waf'),
(0x00000000000000000000ffff5e9c4775, 'BG', 7, 19692, 'waf'),
(0x00000000000000000000ffffc2261647, 'UA', 1, 19691, 'waf'),
(0x00000000000000000000ffff33de9e0e, 'CA', 1, 19691, 'waf'),
(0x00000000000000000000ffff29d8bc5c, 'DE', 4, 19691, 'waf'),
(0x00000000000000000000ffff5b5cfca6, 'BG', 7, 19691, 'waf'),
(0x00000000000000000000ffffc2261647, 'UA', 1, 19688, 'waf'),
(0x00000000000000000000ffffc2a9af5c, 'NL', 2, 19688, 'waf'),
(0x00000000000000000000ffff5b5cf07a, 'BG', 1, 19699, 'waf'),
(0x00000000000000000000ffffc2261647, 'UA', 1, 19699, 'waf'),
(0x00000000000000000000ffffbc865061, 'RU', 1, 19692, 'waf'),
(0x00000000000000000000ffff80c7b310, 'SG', 2, 19692, 'waf'),
(0x00000000000000000000ffff5b5cff14, 'BG', 8, 19692, 'waf'),
(0x00000000000000000000ffff9cf91c20, 'SC', 2, 19692, 'waf'),
(0x00000000000000000000ffffb2801ec7, 'SG', 1, 19692, 'waf'),
(0x00000000000000000000ffff29d8bca2, 'DE', 4, 19692, 'waf'),
(0x00000000000000000000ffff5b5cf791, 'BG', 1, 19690, 'waf'),
(0x00000000000000000000ffffc2a9af1a, 'NL', 4, 19690, 'waf'),
(0x00000000000000000000ffff04f07008, 'IN', 1, 19687, 'waf'),
(0x00000000000000000000ffffade077f5, 'US', 2, 19686, 'waf'),
(0x00000000000000000000ffff63c0de0e, 'US', 1, 19690, 'waf'),
(0x00000000000000000000ffff5b5cfca5, 'BG', 2, 19688, 'waf'),
(0x00000000000000000000ffffc2a9af5d, 'NL', 2, 19687, 'waf'),
(0x00000000000000000000ffff33de9e0e, 'CA', 1, 19684, 'waf'),
(0x00000000000000000000ffff5b5cfca5, 'BG', 4, 19684, 'waf'),
(0x00000000000000000000ffffade077f5, 'US', 1, 19683, 'waf'),
(0x00000000000000000000ffff5b5cf791, 'BG', 1, 19699, 'waf'),
(0x00000000000000000000ffff14c53120, 'IN', 10, 19700, 'waf'),
(0x00000000000000000000ffff5b5cff14, 'BG', 439, 19700, 'waf'),
(0x00000000000000000000ffff5e9c4078, 'BG', 2, 19700, 'waf'),
(0x00000000000000000000ffffade077f5, 'US', 8, 19700, 'waf'),
(0x00000000000000000000ffff5fd61ac0, 'NL', 2, 19680, 'waf'),
(0x00000000000000000000ffff5b5cfc8f, 'BG', 7, 19680, 'waf'),
(0x00000000000000000000ffff9df510af, 'DE', 1, 19679, 'waf'),
(0x00000000000000000000ffff975043e5, 'FR', 1, 19683, 'waf'),
(0x00000000000000000000ffffb2801ec7, 'SG', 1, 19682, 'waf'),
(0x00000000000000000000ffff5b5cff14, 'BG', 442, 19682, 'waf'),
(0x00000000000000000000ffff624618cb, 'IN', 1, 19682, 'waf'),
(0x00000000000000000000ffffcc301124, 'US', 1, 19682, 'waf'),
(0x00000000000000000000ffff33ffc458, 'FR', 1, 19682, 'waf'),
(0x00000000000000000000ffff33fed543, 'FR', 1, 19683, 'waf'),
(0x00000000000000000000ffff4f89ceb1, 'FI', 6, 19683, 'waf'),
(0x00000000000000000000ffff04e02f14, 'IN', 26, 19683, 'waf'),
(0x00000000000000000000ffffc2a9af5d, 'NL', 6, 19684, 'waf'),
(0x00000000000000000000ffff5b5cf799, 'BG', 2, 19684, 'waf'),
(0x00000000000000000000ffff59a3d2f9, 'DE', 21, 19688, 'waf'),
(0x00000000000000000000ffff55d7a2f3, 'DE', 2, 19690, 'waf'),
(0x00000000000000000000ffff4f89ceb1, 'FI', 6, 19689, 'waf'),
(0x00000000000000000000ffffc2a9af5c, 'NL', 2, 19689, 'waf'),
(0x00000000000000000000ffffc2a9af5d, 'NL', 2, 19689, 'waf'),
(0x00000000000000000000ffffc2261647, 'UA', 1, 19690, 'waf'),
(0x00000000000000000000ffffade077f5, 'US', 1, 19690, 'waf'),
(0x00000000000000000000ffff5b5cfc8f, 'BG', 7, 19690, 'waf'),
(0x00000000000000000000ffff5b5cfca5, 'BG', 7, 19690, 'waf'),
(0x00000000000000000000ffff33de9e0e, 'CA', 1, 19692, 'waf'),
(0x00000000000000000000ffffade077f5, 'US', 2, 19691, 'waf'),
(0x00000000000000000000ffff34b85080, 'HK', 11, 19694, 'waf'),
(0x00000000000000000000ffff33fed543, 'FR', 1, 19693, 'waf'),
(0x00000000000000000000ffff5b5cff14, 'BG', 6, 19693, 'waf'),
(0x00000000000000000000ffffd2987007, 'JP', 12, 19693, 'waf'),
(0x00000000000000000000ffffc2261647, 'UA', 1, 19693, 'waf'),
(0x00000000000000000000ffff5b5cfc8f, 'BG', 2, 19702, 'waf'),
(0x00000000000000000000ffff5b5cfca5, 'BG', 2, 19702, 'waf'),
(0x00000000000000000000ffff5e9c4077, 'BG', 1, 19701, 'waf'),
(0x00000000000000000000ffff5e9c4077, 'BG', 1, 19702, 'waf'),
(0x00000000000000000000ffff29d8bc5c, 'DE', 1, 19702, 'waf'),
(0x00000000000000000000ffff55d7deee, 'DE', 1, 19702, 'waf'),
(0x00000000000000000000ffff14dc22d2, 'CA', 1, 19702, 'waf'),
(0x00000000000000000000ffff5b5cfca6, 'BG', 2, 19702, 'waf'),
(0x00000000000000000000ffffb0ba6ae4, 'FR', 1, 19674, 'waf'),
(0x00000000000000000000ffff3e5e99ed, 'IT', 1, 19674, 'waf'),
(0x00000000000000000000ffffcb2d3ef8, 'AU', 2, 19674, 'waf'),
(0x00000000000000000000ffffa7ac5112, 'SG', 12, 19674, 'waf'),
(0x00000000000000000000ffff32f96ca9, 'US', 1, 19674, 'waf'),
(0x00000000000000000000ffff76a3c7b4, 'TW', 1, 19674, 'waf'),
(0x00000000000000000000ffff33de9e0e, 'CA', 2, 19676, 'waf'),
(0x00000000000000000000ffff2b99584a, 'US', 3, 19695, 'waf'),
(0x00000000000000000000ffff2e142ec6, 'DE', 4, 19694, 'waf'),
(0x00000000000000000000ffffc2261647, 'UA', 1, 19694, 'waf'),
(0x00000000000000000000ffff52a57cfb, 'DE', 72, 19694, 'waf'),
(0x00000000000000000000ffff05c44ddf, 'FR', 1, 19696, 'waf'),
(0x00000000000000000000ffffade077f5, 'US', 1, 19695, 'waf'),
(0x00000000000000000000ffffc2261647, 'UA', 1, 19695, 'waf'),
(0x00000000000000000000ffff26792b68, 'US', 2, 19695, 'waf'),
(0x00000000000000000000ffff5d9e5a11, 'SE', 1, 19695, 'waf'),
(0x00000000000000000000ffff5d9e5a22, 'SE', 1, 19695, 'waf'),
(0x00000000000000000000ffff5d9e5a1f, 'SE', 2, 19695, 'waf'),
(0x00000000000000000000ffff9df5341d, 'SG', 1, 19695, 'waf'),
(0x00000000000000000000ffff3a5750ee, 'CN', 4, 19695, 'waf'),
(0x00000000000000000000ffff5b5cff14, 'BG', 5, 19695, 'waf'),
(0x00000000000000000000ffff4f89ceb1, 'FI', 6, 19696, 'waf'),
(0x00000000000000000000ffffb29f2530, 'UA', 9, 19696, 'waf'),
(0x00000000000000000000ffffade077f5, 'US', 1, 19697, 'waf'),
(0x00000000000000000000ffff5b5cfca6, 'BG', 1, 19697, 'waf'),
(0x00000000000000000000ffffd2987007, 'JP', 7, 19697, 'waf'),
(0x00000000000000000000ffffc2261647, 'UA', 1, 19697, 'waf'),
(0x00000000000000000000ffff5b5cfc8f, 'BG', 1, 19697, 'waf'),
(0x00000000000000000000ffff5b5cfca5, 'BG', 1, 19697, 'waf'),
(0x00000000000000000000ffff58c62de3, 'DE', 1, 19698, 'waf'),
(0x00000000000000000000ffff5e9c4077, 'BG', 1, 19698, 'waf'),
(0x00000000000000000000ffff5b5cf288, 'BG', 152, 19698, 'waf'),
(0x00000000000000000000ffffc2261647, 'UA', 1, 19702, 'waf'),
(0x00000000000000000000ffff5b5cff14, 'BG', 17, 19702, 'waf'),
(0x00000000000000000000ffff33de9e0e, 'CA', 1, 19702, 'waf'),
(0x00000000000000000000ffffd4e3ce28, 'DE', 71, 19704, 'waf'),
(0x00000000000000000000ffff57795604, 'BG', 1, 19704, 'waf'),
(0x00000000000000000000ffff14dc22d2, 'CA', 1, 19704, 'waf'),
(0x00000000000000000000ffffade077f5, 'US', 51, 19703, 'waf'),
(0x2a0ed602000203130000000000000002, 'SC', 6, 19703, 'waf'),
(0x00000000000000000000ffffac476391, 'NL', 1, 19703, 'waf'),
(0x00000000000000000000ffffdcf4334b, 'AU', 1, 19674, 'waf'),
(0x00000000000000000000ffff3d3fb6e9, 'TW', 1, 19674, 'waf'),
(0x00000000000000000000ffff5b6e5ee8, 'GB', 1, 19674, 'waf'),
(0x00000000000000000000ffffd980e571, 'FR', 1, 19674, 'waf'),
(0x00000000000000000000ffff2e142ec6, 'DE', 2, 19674, 'waf'),
(0x00000000000000000000ffff5b9292e7, 'HU', 1, 19674, 'waf'),
(0x00000000000000000000ffffc2261647, 'UA', 1, 19674, 'waf'),
(0x00000000000000000000ffff5fdeac3c, 'DE', 1, 19674, 'waf'),
(0x00000000000000000000ffffae07ae77, 'CA', 1, 19674, 'waf'),
(0x00000000000000000000ffff76e8db09, 'TW', 1, 19674, 'waf'),
(0x00000000000000000000ffff527fa7ed, 'FR', 1, 19674, 'waf'),
(0x00000000000000000000ffff97499649, 'IT', 1, 19674, 'waf'),
(0x00000000000000000000ffff5b222f63, 'DE', 1, 19675, 'waf'),
(0x00000000000000000000ffff29d8bc5c, 'DE', 2, 19675, 'waf'),
(0x00000000000000000000ffff52aca6af, 'NL', 1, 19675, 'waf'),
(0x00000000000000000000ffff0219b8e5, 'GB', 1, 19675, 'waf'),
(0x00000000000000000000ffff33de9e0e, 'CA', 1, 19675, 'waf'),
(0x00000000000000000000ffff74ee4e17, 'CN', 1, 19675, 'waf'),
(0x00000000000000000000ffff76a3c7b4, 'TW', 1, 19675, 'waf'),
(0x00000000000000000000ffffc2e48075, 'CZ', 3, 19675, 'waf'),
(0x00000000000000000000ffff5b6e5ee8, 'GB', 1, 19675, 'waf'),
(0x00000000000000000000ffff5f1f2b65, 'RU', 1, 19675, 'waf'),
(0x00000000000000000000ffff55600617, 'TR', 1, 19675, 'waf'),
(0x00000000000000000000ffff5b5cf6c1, 'BG', 2, 19675, 'waf'),
(0x00000000000000000000ffff9a7fa65d, 'AO', 1, 19675, 'waf'),
(0x00000000000000000000ffff05462d1b, 'GB', 1, 19675, 'waf'),
(0x00000000000000000000ffff186021d3, 'US', 1, 19675, 'waf'),
(0x00000000000000000000ffff4645f587, 'CA', 1, 19675, 'waf'),
(0x00000000000000000000ffff9a78e30a, 'ZW', 1, 19675, 'waf'),
(0x00000000000000000000ffff5f67d88d, 'SK', 1, 19675, 'waf'),
(0x00000000000000000000ffffb03ebb05, 'RU', 1, 19675, 'waf'),
(0x00000000000000000000ffff4f89cfe0, 'DE', 6, 19675, 'waf'),
(0x00000000000000000000ffff29d8bca2, 'DE', 2, 19675, 'waf'),
(0x00000000000000000000ffff56578e58, 'NL', 2, 19675, 'waf'),
(0x00000000000000000000ffff5db0a6d8, 'ES', 1, 19675, 'waf'),
(0x00000000000000000000ffffb9d84606, 'US', 28, 19675, 'waf'),
(0x00000000000000000000ffff74578c24, 'SG', 1, 19675, 'waf'),
(0x00000000000000000000ffff3d3fb6e9, 'TW', 1, 19676, 'waf'),
(0x00000000000000000000ffff4e0a7188, 'PL', 3, 19676, 'waf'),
(0x00000000000000000000ffff704ebccc, 'ID', 1, 19676, 'waf'),
(0x00000000000000000000ffffd980e571, 'FR', 2, 19676, 'waf'),
(0x00000000000000000000ffff31d5bb70, 'TW', 1, 19676, 'waf'),
(0x00000000000000000000ffff022681d0, 'IT', 1, 19676, 'waf'),
(0x00000000000000000000ffff5db0a6d8, 'ES', 1, 19676, 'waf'),
(0x00000000000000000000ffffc2261647, 'UA', 1, 19676, 'waf'),
(0x00000000000000000000ffff5f6feab8, 'DE', 1, 19676, 'waf'),
(0x00000000000000000000ffff4f09d85c, 'IT', 1, 19676, 'waf'),
(0x00000000000000000000ffff5e9c4775, 'BG', 7, 19676, 'waf'),
(0x00000000000000000000ffff63f56db8, 'CA', 1, 19676, 'waf'),
(0x00000000000000000000ffff325c87b1, 'CA', 1, 19676, 'waf'),
(0x00000000000000000000ffffc2e48075, 'CZ', 1, 19676, 'waf'),
(0x00000000000000000000ffff6d56daf1, 'UA', 1, 19676, 'waf'),
(0x00000000000000000000ffff8794edd0, 'US', 2, 19676, 'waf'),
(0x00000000000000000000ffffd55bd34f, 'BG', 1, 19676, 'waf'),
(0x00000000000000000000ffff147d62af, 'US', 15, 19676, 'waf'),
(0x00000000000000000000ffff74578c24, 'SG', 1, 19676, 'waf'),
(0x00000000000000000000ffff5ae17699, 'SE', 1, 19676, 'waf'),
(0x00000000000000000000ffff76e8db09, 'TW', 1, 19676, 'waf'),
(0x00000000000000000000ffff55695fbd, 'TR', 1, 19677, 'waf'),
(0x00000000000000000000ffff571a44b7, 'IT', 1, 19677, 'waf'),
(0x00000000000000000000ffffd9ae3d93, 'BG', 1, 19677, 'waf'),
(0x00000000000000000000ffffc2a9af5c, 'NL', 2, 19677, 'waf'),
(0x00000000000000000000ffff4f352d5d, 'IT', 1, 19677, 'waf'),
(0x00000000000000000000ffff6d56daf1, 'UA', 1, 19677, 'waf'),
(0x00000000000000000000ffff60346bd8, 'CA', 1, 19677, 'waf'),
(0x00000000000000000000ffff4987e288, 'US', 1, 19677, 'waf'),
(0x00000000000000000000ffffd55bd34f, 'BG', 1, 19677, 'waf'),
(0x00000000000000000000ffff49550b0a, 'US', 1, 19677, 'waf'),
(0x00000000000000000000ffff575ab3b9, 'FR', 1, 19677, 'waf'),
(0x00000000000000000000ffff44b75b07, 'IN', 1, 19677, 'waf'),
(0x00000000000000000000ffffae5f3bea, 'CA', 1, 19677, 'waf'),
(0x00000000000000000000ffff76e8db09, 'TW', 1, 19677, 'waf'),
(0x00000000000000000000ffff74ee4e17, 'CN', 1, 19677, 'waf'),
(0x00000000000000000000ffffc2261647, 'UA', 1, 19677, 'waf'),
(0x00000000000000000000ffff4f37e7b0, 'IT', 2, 19677, 'waf'),
(0x00000000000000000000ffff18fd3d78, 'US', 1, 19677, 'waf'),
(0x00000000000000000000ffffbcc08e7a, 'DE', 1, 19677, 'waf'),
(0x00000000000000000000ffff5f1f2b65, 'RU', 1, 19677, 'waf'),
(0x00000000000000000000ffffc2e48075, 'CZ', 1, 19677, 'waf'),
(0x00000000000000000000ffff59736dfb, 'PT', 1, 19677, 'waf'),
(0x00000000000000000000ffff8c7f759e, 'TW', 1, 19677, 'waf'),
(0x00000000000000000000ffff60346bd8, 'CA', 2, 19678, 'waf'),
(0x00000000000000000000ffff14a32c02, 'US', 1, 19678, 'waf'),
(0x00000000000000000000ffffd980e571, 'FR', 1, 19678, 'waf'),
(0x00000000000000000000ffff020c2275, 'FR', 1, 19678, 'waf'),
(0x00000000000000000000ffffb9a2103a, 'CY', 1, 19678, 'waf'),
(0x00000000000000000000ffff56578e58, 'NL', 1, 19678, 'waf'),
(0x00000000000000000000ffff67761b80, 'TW', 1, 19678, 'waf'),
(0x00000000000000000000ffff335b5050, 'FR', 1, 19678, 'waf'),
(0x00000000000000000000ffffd9a03ca2, 'DE', 1, 19678, 'waf'),
(0x00000000000000000000ffffc2261647, 'UA', 1, 19678, 'waf'),
(0x00000000000000000000ffff55d7a2f3, 'DE', 1, 19679, 'waf'),
(0x00000000000000000000ffffacc8a100, 'US', 1, 19679, 'waf'),
(0x00000000000000000000ffffc2a9af1a, 'NL', 1, 19679, 'waf'),
(0x00000000000000000000ffffade077f5, 'US', 1, 19679, 'waf'),
(0x00000000000000000000ffffde6e340b, 'KR', 1, 19679, 'waf'),
(0x00000000000000000000ffff25bb5baa, 'FR', 1, 19679, 'waf'),
(0x00000000000000000000ffff33de9e0e, 'CA', 1, 19679, 'waf'),
(0x00000000000000000000ffff5fd61ac0, 'NL', 14, 19679, 'waf'),
(0x00000000000000000000ffff29d8bca2, 'DE', 12, 19679, 'waf'),
(0x00000000000000000000ffff5b5cfca5, 'BG', 7, 19679, 'waf'),
(0x00000000000000000000ffff33de9e0e, 'CA', 1, 19680, 'waf'),
(0x00000000000000000000ffffc2a9af5d, 'NL', 4, 19680, 'waf'),
(0x00000000000000000000ffffc2261647, 'UA', 1, 19680, 'waf'),
(0x00000000000000000000ffff624618cb, 'IN', 1, 19680, 'waf'),
(0x00000000000000000000ffff4f89cfe0, 'DE', 6, 19680, 'waf'),
(0x00000000000000000000ffff33de9e0e, 'CA', 1, 19681, 'waf'),
(0x00000000000000000000ffff25dd5c44, 'DE', 1, 19681, 'waf'),
(0x00000000000000000000ffff29d8bca2, 'DE', 4, 19681, 'waf'),
(0x00000000000000000000ffffc2a9af5d, 'NL', 2, 19683, 'waf'),
(0x00000000000000000000ffff5b5cfc8f, 'BG', 4, 19684, 'waf'),
(0x00000000000000000000ffffc2a9af5c, 'NL', 4, 19684, 'waf');

-- --------------------------------------------------------

--
-- Table structure for table `wp_wfblocks7`
--

CREATE TABLE `wp_wfblocks7` (
  `id` bigint(20) UNSIGNED NOT NULL,
  `type` int(10) UNSIGNED NOT NULL DEFAULT '0',
  `IP` binary(16) NOT NULL DEFAULT '\0\0\0\0\0\0\0\0\0\0\0\0\0\0\0\0',
  `blockedTime` bigint(20) NOT NULL,
  `reason` varchar(255) NOT NULL,
  `lastAttempt` int(10) UNSIGNED DEFAULT '0',
  `blockedHits` int(10) UNSIGNED DEFAULT '0',
  `expiration` bigint(20) UNSIGNED NOT NULL DEFAULT '0',
  `parameters` text
) ENGINE=MyISAM DEFAULT CHARSET=utf8;

-- --------------------------------------------------------

--
-- Table structure for table `wp_wfconfig`
--

CREATE TABLE `wp_wfconfig` (
  `name` varchar(100) NOT NULL,
  `val` longblob,
  `autoload` enum('no','yes') NOT NULL DEFAULT 'yes'
) ENGINE=MyISAM DEFAULT CHARSET=utf8;

--
-- Dumping data for table `wp_wfconfig`
--

INSERT INTO `wp_wfconfig` (`name`, `val`, `autoload`) VALUES
('activatingIP', 0x3131302e39332e3234302e3131, 'yes'),
('actUpdateInterval', 0x32, 'yes'),
('addCacheComment', 0x30, 'yes'),
('adminNoticeQueue', 0x613a303a7b7d, 'yes'),
('adminUserList', 0x613a313a7b693a313b693a313b7d, 'yes'),
('advancedCommentScanning', 0x31, 'yes'),
('ajaxWatcherDisabled_admin', 0x30, 'yes'),
('ajaxWatcherDisabled_front', 0x30, 'yes'),
('alertEmails', 0x776f726466656e63655f6465766f707340706e63736f6c7574696f6e732e74656368, 'yes'),
('alertOn_adminLogin', 0x31, 'yes'),
('alertOn_block', 0x31, 'yes'),
('alertOn_breachLogin', 0x31, 'yes'),
('alertOn_firstAdminLoginOnly', 0x30, 'yes'),
('alertOn_firstNonAdminLoginOnly', 0x30, 'yes'),
('alertOn_loginLockout', 0x31, 'yes'),
('alertOn_lostPasswdForm', 0x31, 'yes'),
('alertOn_nonAdminLogin', 0x30, 'yes'),
('alertOn_scanIssues', 0x31, 'yes'),
('alertOn_severityLevel', 0x3235, 'yes'),
('alertOn_throttle', 0x30, 'yes'),
('alertOn_update', 0x30, 'yes'),
('alertOn_wafDeactivated', 0x31, 'yes'),
('alertOn_wordfenceDeactivated', 0x31, 'yes'),
('alert_maxHourly', 0x30, 'yes'),
('allowed404s', 0x2f66617669636f6e2e69636f0a2f6170706c652d746f7563682d69636f6e2a2e706e670a2f2a4032782e706e670a2f62726f77736572636f6e6669672e786d6c, 'yes'),
('allowed404s6116Migration', 0x31, 'yes'),
('allowHTTPSCaching', 0x30, 'yes'),
('allowLegacy2FA', 0x30, 'yes'),
('allowMySQLi', 0x31, 'yes'),
('allScansScheduled', 0x613a333a7b693a303b613a323a7b733a393a2274696d657374616d70223b693a313730323634353230303b733a343a2261726773223b613a313a7b693a303b693a313730323634353230303b7d7d693a313b613a323a7b733a393a2274696d657374616d70223b693a313730323930343430303b733a343a2261726773223b613a313a7b693a303b693a313730323930343430303b7d7d693a323b613a323a7b733a393a2274696d657374616d70223b693a313730333136333630303b733a343a2261726773223b613a313a7b693a303b693a313730333136333630303b7d7d7d, 'yes'),
('apiKey', 0x35616365313331633964636465643932383964313237376433653236396166396565363630336130326437616537386536396433383763636338333834613038623432326461336531343235343664383338353838633931373131383130616133633337643466366164303661303263663864646234633338306331656538366535353437363030356439363763353364353635633965393261386532666566, 'yes'),
('autoBlockScanners', 0x31, 'yes'),
('autoUpdate', 0x31, 'yes'),
('autoUpdateAttempts', 0x30, 'yes'),
('autoUpdateChoice', 0x31, 'yes'),
('bannedURLs', '', 'yes'),
('betaThreatDefenseFeed', 0x30, 'yes'),
('blockCustomText', '', 'yes'),
('blockedTime', 0x333030, 'yes'),
('blockFakeBots', 0x30, 'yes'),
('blocks702Migration', 0x31, 'yes'),
('cacheType', 0x64697361626c6564, 'yes'),
('cbl_action', 0x626c6f636b, 'yes'),
('cbl_bypassRedirDest', '', 'yes'),
('cbl_bypassRedirURL', '', 'yes'),
('cbl_bypassViewURL', '', 'yes'),
('cbl_cookieVal', 0x35643636396562333830373963, 'yes'),
('cbl_loggedInBlocked', '', 'yes'),
('cbl_redirURL', '', 'yes'),
('cbl_restOfSiteBlocked', 0x31, 'yes'),
('checkSpamIP', 0x31, 'yes'),
('config701Migration', 0x31, 'yes'),
('config720Migration', 0x31, 'yes');
INSERT INTO `wp_wfconfig` (`name`, `val`, `autoload`) VALUES
('coreHashes', 0x[encoded data, 286906 characters], 'no');
